{"id":22945,"date":"2011-12-05T02:00:00","date_gmt":"2011-12-05T02:00:00","guid":{"rendered":"http:\/\/testwordpress.nirmalnagari.org\/smnd\/index.php\/a-town-hall-for-the-world\/"},"modified":"2024-12-20T15:40:30","modified_gmt":"2024-12-20T15:40:30","slug":"ett-radhus-for-varlden","status":"publish","type":"page","link":"https:\/\/shrimataji.org\/test\/sv\/ett-radhus-for-varlden\/","title":{"rendered":"Ett r\u00e5dhus f\u00f6r v\u00e4rlden"},"content":{"rendered":"\n\n\t<h1>Ett r\u00e5dhus f\u00f6r v\u00e4rlden<\/h1>\n<h2>D\u00e4r hj\u00e4rtan m\u00f6ts<\/h2>\n\t\t\t\t<img loading=\"lazy\" decoding=\"async\" src=\"https:\/\/shrimataji.org\/test\/wp-content\/uploads\/2024\/11\/EN_caxton-hall-london-uk.jpg\" alt=\"Caxton Hall, London\" itemprop=\"image\" height=\"2000\" width=\"1500\" title=\"EN_caxton-hall-london-uk\" onerror=\"this.style.display='none'\"  \/>\n\t\tCaxton Hall, London\n\t<p>Caxton Hall ligger i City of Westminster i centrala London. Den byggdes i mitten av 1800-talet och namngavs till \u00e4ra av William Caxton, som etablerade den f\u00f6rsta tryckpressen i England, en innovation som revolutionerade tillg\u00e5ngen till kunskap. Det har en l\u00e5ng historia som en plats d\u00e4r dj\u00e4rva nya id\u00e9er har utbytts och utforskats.<\/p>\n<p>Ursprungligen var Caxton Hall en regeringsbyggnad; ett stadshus. Dock har det haft en dubbel roll genom \u00e5ren. Civila ceremonier och k\u00e4ndisbr\u00f6llop har \u00e4gt rum h\u00e4r, tillsammans med bullriga m\u00f6ten, demonstrationer, framst\u00e4llningar och krav p\u00e5 social reform och politisk aktivism. Det var fr\u00e5n Caxton Halls portar som m\u00e5nga stora id\u00e9er och r\u00f6relser under 1900-talet spreds ut p\u00e5 den globala arenan. R\u00f6sterna fr\u00e5n kvinnors r\u00f6str\u00e4ttsr\u00f6relse, socialismen och den f\u00f6rsta Pan-Afrikanska konferensen som behandlade f\u00f6ljderna av slaveri \u00e4r bara n\u00e5gra exempel p\u00e5 vad som \u00e4gt rum h\u00e4r.<\/p>\n\t<p>S\u00e5 det \u00e4r intressant att detta var lokalen som Shri Mataji Nirmala Devi valde n\u00e4r hon 1977 best\u00e4mde sig f\u00f6r att ta sitt budskap offentligt. Mellan 1977 och 1983 stod Shri Mataji p\u00e5 scenen h\u00e4r n\u00e4stan hundra g\u00e5nger, vilket markerade en betydande \u00f6verg\u00e5ng till en bredare publik. Hennes ord var f\u00f6r alla. Inbjudan var \u00f6ppen. Intr\u00e4det var gratis.<\/p>\n\t<p>Den store bengaliska poeten och Nobelpristagaren, Rabindranath Tagore, h\u00f6ll en serie framg\u00e5ngsrika f\u00f6rel\u00e4sningar h\u00e4r sommaren 1913. F\u00f6rel\u00e4sningarna hade titlar som &#8220;Individens f\u00f6rh\u00e5llande till universum&#8221;, &#8220;Sj\u00e4lens medvetenhet&#8221;, &#8220;Insikt genom k\u00e4rlek&#8221; och &#8220;Sj\u00e4lvets problem&#8221;. Dessa var teman som Shri Mataji skulle ta upp direkt cirka sjuttio \u00e5r senare. Liksom sin f\u00f6reg\u00e5ngare \u00f6nskade hon att dela en urgammal \u00f6sterl\u00e4ndsk kunskap med en v\u00e4sterl\u00e4ndsk publik och ta dem p\u00e5 en resa inom sig sj\u00e4lva.<\/p>\n<h5>&#8220;Det finns en plats inom oss d\u00e4r tid och rum upph\u00f6r att r\u00e5da och d\u00e4r evolutionens l\u00e4nkar sm\u00e4lter samman i en enhet.&#8221;<\/h5>\n<h5>Rabindranath Tagore<\/h5>\n\t\t\t\t<img loading=\"lazy\" decoding=\"async\" src=\"https:\/\/shrimataji.org\/test\/wp-content\/uploads\/2024\/11\/EN_ravindranath-tagore-c1915-223x300.jpg\" alt=\"Rabindranath Tagore\" itemprop=\"image\" height=\"300\" width=\"223\" title=\"EN_ravindranath-tagore-c1915\" onerror=\"this.style.display='none'\"  \/>\n\t\tRabindranath Tagore\n\t<p>Dock var m\u00e5let med Shri Matajis f\u00f6rel\u00e4sningar inte bara att utforska en ny id\u00e9 utan att f\u00f6rverkliga den. Hennes f\u00f6rel\u00e4sningar hade alltid en extra bonus. I slutet av kv\u00e4llen erbj\u00f6d hon alltid m\u00e4nniskor upplevelsen av sj\u00e4lvf\u00f6rverkligande. Genom att leda dem till stillhet genom en djup meditation, gavs publiken m\u00f6jlighet att k\u00e4nna sitt eget djup. Tagores &#8220;Insikt om Brahma&#8221; hade blivit Shri Matajis &#8220;Upplevelse av det Sanna Sj\u00e4lvet&#8221;.<\/p>\n\t<p>\u00c5terigen hade en revolution\u00e4r r\u00f6relse lanserats fr\u00e5n trappstegen vid Caxton Hall. Det skedde en grundl\u00e4ggande f\u00f6r\u00e4ndring i de m\u00e4nniksro som kom dit. <\/p>\n\t<p><img loading=\"lazy\" decoding=\"async\" src=\"https:\/\/shrimataji.org\/test\/wp-content\/uploads\/2018\/07\/media_originals\/images\/shri-mataji-with-people\/shri-mataji-nirmala-devi-clearing-technique-in-england-1024x672.jpg\" alt=\"\" width=\"1024\" height=\"672\" \/><\/p>\n\t<p>I sex \u00e5r talade Shri Mataji till m\u00e4nniskor fr\u00e5n alla samh\u00e4llsskikt i Caxton Hall. Hon tog sig tid f\u00f6r alla deras bekymmer. Hon tog upp de stora fr\u00e5gorna; &#8220;Varf\u00f6r \u00e4r vi h\u00e4r?&#8221;, &#8220;Vad \u00e4r meningen med mitt liv?&#8221;, &#8220;Varf\u00f6r har Gud skapat oss?&#8221;, till och med &#8220;Finns det en Gud?&#8221;. I slutet fick alla en m\u00f6jlighet att komma i kontakt med sitt sanna jag.<\/p>\n<p>S\u00e5 b\u00f6rjade Shri Matajis offentliga verksamhet i v\u00e4st p\u00e5 riktigt. H\u00e4r i Caxton Hall var alla v\u00e4lkomna, och det som var mest v\u00e4rdefullt var gratis. M\u00e5nga av dem som fick sin sj\u00e4lvupplysning stannade vid hennes sida och st\u00f6ttade henne i sina anstr\u00e4ngningar att n\u00e5 ut till s\u00e5 m\u00e5nga som m\u00f6jligt som s\u00f6kte sanningen.<\/p>\n\t<p>\u00c5r 1980 sa Shri Mataji &#8220;S\u00f6kandet efter sanningen p\u00e5g\u00e5r och m\u00e5nga utlovar sanningen. Detta \u00e4r dock p\u00e5 riktigt. Detta \u00e4r ett tempel, och ett tempel p\u00e5 marknadsplatsen har v\u00e4ldigt lite v\u00e4rde. Om du m\u00e5ste kl\u00e4ttra uppf\u00f6r sju berg f\u00f6r att n\u00e5 templet har det mycket mer v\u00e4rde. Men bara n\u00e5gra f\u00e5 kan n\u00e5 dit levande. S\u00e5, templet var tvunget att komma ner till London, till Caxton Hall, f\u00f6r att tala med m\u00e4nniskor.&#8221;<\/p>\n<p>Shri Mataji v\u00e4lkomnade och omfamnade alla med sin g\u00e5va av sj\u00e4lvupplysning.<\/p>\n<p>Med Tagores ord, &#8220;Det \u00e4r k\u00e4rlekens h\u00f6gsta funktion att v\u00e4lkomna alla begr\u00e4nsningar och att \u00f6verskrida dem&#8221;, och Shri Matajis k\u00e4rlek \u00f6verskrider alla hinder f\u00f6r att lysa upp hj\u00e4rtat och v\u00e4rlden.<\/p>\n\t\t\t\t<img loading=\"lazy\" decoding=\"async\" src=\"https:\/\/shrimataji.org\/test\/wp-content\/uploads\/2024\/12\/sv_shri-mataji-nirmala-devi-bath-england-1977.jpg\" alt=\"Shri Mataji i Bath England, 1977\" itemprop=\"image\" height=\"1259\" width=\"933\" title=\"sv_shri-mataji-nirmala-devi-bath-england-1977\" onerror=\"this.style.display='none'\"  \/>\n\t\tShri Mataji i Bath England, 1977\n\n","protected":false},"excerpt":{"rendered":"<p>Ett r\u00e5dhus f\u00f6r v\u00e4rlden D\u00e4r hj\u00e4rtan m\u00f6ts Caxton Hall, London Caxton Hall ligger i City of Westminster i centrala London. Den byggdes i mitten av 1800-talet och namngavs till \u00e4ra av William Caxton, som etablerade den f\u00f6rsta tryckpressen i England, en innovation som revolutionerade tillg\u00e5ngen till kunskap. Det har en l\u00e5ng historia som en plats&hellip; <br \/> <a class=\"read-more\" href=\"https:\/\/shrimataji.org\/test\/sv\/ett-radhus-for-varlden\/\">Read more<\/a><\/p>\n","protected":false},"author":58,"featured_media":22946,"parent":0,"menu_order":0,"comment_status":"closed","ping_status":"closed","template":"","meta":{"inline_featured_image":false,"footnotes":""},"class_list":["post-22945","page","type-page","status-publish","has-post-thumbnail","hentry"],"yoast_head":"<!-- This site is optimized with the Yoast SEO plugin v27.4 - https:\/\/yoast.com\/product\/yoast-seo-wordpress\/ -->\n<title>Ett r\u00e5dhus f\u00f6r v\u00e4rlden - TEST - SMND<\/title>\n<meta name=\"robots\" content=\"noindex, follow, max-snippet:-1, max-image-preview:large, max-video-preview:-1\" \/>\n<meta property=\"og:locale\" content=\"en_US\" \/>\n<meta property=\"og:type\" content=\"article\" \/>\n<meta property=\"og:title\" content=\"Ett r\u00e5dhus f\u00f6r v\u00e4rlden - TEST - SMND\" \/>\n<meta property=\"og:description\" content=\"Ett r\u00e5dhus f\u00f6r v\u00e4rlden D\u00e4r hj\u00e4rtan m\u00f6ts Caxton Hall, London Caxton Hall ligger i City of Westminster i centrala London. Den byggdes i mitten av 1800-talet och namngavs till \u00e4ra av William Caxton, som etablerade den f\u00f6rsta tryckpressen i England, en innovation som revolutionerade tillg\u00e5ngen till kunskap. Det har en l\u00e5ng historia som en plats&hellip; Read more\" \/>\n<meta property=\"og:url\" content=\"https:\/\/shrimataji.org\/test\/sv\/ett-radhus-for-varlden\/\" \/>\n<meta property=\"og:site_name\" content=\"TEST - SMND\" \/>\n<meta property=\"article:publisher\" content=\"https:\/\/www.facebook.com\/shrimataji\" \/>\n<meta property=\"article:modified_time\" content=\"2024-12-20T15:40:30+00:00\" \/>\n<meta property=\"og:image\" content=\"https:\/\/shrimataji.org\/test\/wp-content\/uploads\/2023\/03\/12_Banner-PublicLife-Hall-scaled.jpg\" \/>\n\t<meta property=\"og:image:width\" content=\"2560\" \/>\n\t<meta property=\"og:image:height\" content=\"905\" \/>\n\t<meta property=\"og:image:type\" content=\"image\/jpeg\" \/>\n<meta name=\"twitter:card\" content=\"summary_large_image\" \/>\n<meta name=\"twitter:site\" content=\"@shrimataji\" \/>\n<meta name=\"twitter:label1\" content=\"Est. reading time\" \/>\n\t<meta name=\"twitter:data1\" content=\"5 minutes\" \/>\n<script type=\"application\/ld+json\" class=\"yoast-schema-graph\">{\"@context\":\"https:\\\/\\\/schema.org\",\"@graph\":[{\"@type\":\"WebPage\",\"@id\":\"https:\\\/\\\/shrimataji.org\\\/test\\\/sv\\\/ett-radhus-for-varlden\\\/\",\"url\":\"https:\\\/\\\/shrimataji.org\\\/test\\\/sv\\\/ett-radhus-for-varlden\\\/\",\"name\":\"Ett r\u00e5dhus f\u00f6r v\u00e4rlden - TEST - SMND\",\"isPartOf\":{\"@id\":\"https:\\\/\\\/shrimataji.org\\\/test\\\/#website\"},\"primaryImageOfPage\":{\"@id\":\"https:\\\/\\\/shrimataji.org\\\/test\\\/sv\\\/ett-radhus-for-varlden\\\/#primaryimage\"},\"image\":{\"@id\":\"https:\\\/\\\/shrimataji.org\\\/test\\\/sv\\\/ett-radhus-for-varlden\\\/#primaryimage\"},\"thumbnailUrl\":\"https:\\\/\\\/shrimataji.org\\\/test\\\/wp-content\\\/uploads\\\/2023\\\/03\\\/12_Banner-PublicLife-Hall-scaled.jpg\",\"datePublished\":\"2011-12-05T02:00:00+00:00\",\"dateModified\":\"2024-12-20T15:40:30+00:00\",\"breadcrumb\":{\"@id\":\"https:\\\/\\\/shrimataji.org\\\/test\\\/sv\\\/ett-radhus-for-varlden\\\/#breadcrumb\"},\"inLanguage\":\"en-US\",\"potentialAction\":[{\"@type\":\"ReadAction\",\"target\":[\"https:\\\/\\\/shrimataji.org\\\/test\\\/sv\\\/ett-radhus-for-varlden\\\/\"]}]},{\"@type\":\"ImageObject\",\"inLanguage\":\"en-US\",\"@id\":\"https:\\\/\\\/shrimataji.org\\\/test\\\/sv\\\/ett-radhus-for-varlden\\\/#primaryimage\",\"url\":\"https:\\\/\\\/shrimataji.org\\\/test\\\/wp-content\\\/uploads\\\/2023\\\/03\\\/12_Banner-PublicLife-Hall-scaled.jpg\",\"contentUrl\":\"https:\\\/\\\/shrimataji.org\\\/test\\\/wp-content\\\/uploads\\\/2023\\\/03\\\/12_Banner-PublicLife-Hall-scaled.jpg\",\"width\":2560,\"height\":905},{\"@type\":\"BreadcrumbList\",\"@id\":\"https:\\\/\\\/shrimataji.org\\\/test\\\/sv\\\/ett-radhus-for-varlden\\\/#breadcrumb\",\"itemListElement\":[{\"@type\":\"ListItem\",\"position\":1,\"name\":\"Home\",\"item\":\"https:\\\/\\\/shrimataji.org\\\/test\\\/uk\\\/home-en\\\/\"},{\"@type\":\"ListItem\",\"position\":2,\"name\":\"Ett r\u00e5dhus f\u00f6r v\u00e4rlden\"}]},{\"@type\":\"WebSite\",\"@id\":\"https:\\\/\\\/shrimataji.org\\\/test\\\/#website\",\"url\":\"https:\\\/\\\/shrimataji.org\\\/test\\\/\",\"name\":\"Shri Mataji Nirmala Devi\",\"description\":\"A Life Dedicated to Humanity\",\"publisher\":{\"@id\":\"https:\\\/\\\/shrimataji.org\\\/test\\\/#\\\/schema\\\/person\\\/a1b3419c6585f164aa96da1ff85715d1\"},\"potentialAction\":[{\"@type\":\"SearchAction\",\"target\":{\"@type\":\"EntryPoint\",\"urlTemplate\":\"https:\\\/\\\/shrimataji.org\\\/test\\\/?s={search_term_string}\"},\"query-input\":{\"@type\":\"PropertyValueSpecification\",\"valueRequired\":true,\"valueName\":\"search_term_string\"}}],\"inLanguage\":\"en-US\"},{\"@type\":[\"Person\",\"Organization\"],\"@id\":\"https:\\\/\\\/shrimataji.org\\\/test\\\/#\\\/schema\\\/person\\\/a1b3419c6585f164aa96da1ff85715d1\",\"name\":\"Nirmala Shrivastava\",\"image\":{\"@type\":\"ImageObject\",\"inLanguage\":\"en-US\",\"@id\":\"https:\\\/\\\/shrimataji.org\\\/test\\\/wp-content\\\/uploads\\\/2023\\\/02\\\/SMO_LOGO-03.svg\",\"url\":\"https:\\\/\\\/shrimataji.org\\\/test\\\/wp-content\\\/uploads\\\/2023\\\/02\\\/SMO_LOGO-03.svg\",\"contentUrl\":\"https:\\\/\\\/shrimataji.org\\\/test\\\/wp-content\\\/uploads\\\/2023\\\/02\\\/SMO_LOGO-03.svg\",\"width\":\"1024\",\"height\":\"1024\",\"caption\":\"Nirmala Shrivastava\"},\"logo\":{\"@id\":\"https:\\\/\\\/shrimataji.org\\\/test\\\/wp-content\\\/uploads\\\/2023\\\/02\\\/SMO_LOGO-03.svg\"},\"sameAs\":[\"https:\\\/\\\/shrimataji.org\\\/test\",\"https:\\\/\\\/www.facebook.com\\\/shrimataji\",\"https:\\\/\\\/x.com\\\/shrimataji\",\"https:\\\/\\\/www.youtube.com\\\/@Shri_Mataji_Nirmala_Devi\\\/featured\"]}]}<\/script>\n<!-- \/ Yoast SEO plugin. -->","yoast_head_json":{"title":"Ett r\u00e5dhus f\u00f6r v\u00e4rlden - TEST - SMND","robots":{"index":"noindex","follow":"follow","max-snippet":"max-snippet:-1","max-image-preview":"max-image-preview:large","max-video-preview":"max-video-preview:-1"},"og_locale":"en_US","og_type":"article","og_title":"Ett r\u00e5dhus f\u00f6r v\u00e4rlden - TEST - SMND","og_description":"Ett r\u00e5dhus f\u00f6r v\u00e4rlden D\u00e4r hj\u00e4rtan m\u00f6ts Caxton Hall, London Caxton Hall ligger i City of Westminster i centrala London. Den byggdes i mitten av 1800-talet och namngavs till \u00e4ra av William Caxton, som etablerade den f\u00f6rsta tryckpressen i England, en innovation som revolutionerade tillg\u00e5ngen till kunskap. Det har en l\u00e5ng historia som en plats&hellip; Read more","og_url":"https:\/\/shrimataji.org\/test\/sv\/ett-radhus-for-varlden\/","og_site_name":"TEST - SMND","article_publisher":"https:\/\/www.facebook.com\/shrimataji","article_modified_time":"2024-12-20T15:40:30+00:00","og_image":[{"width":2560,"height":905,"url":"https:\/\/shrimataji.org\/test\/wp-content\/uploads\/2023\/03\/12_Banner-PublicLife-Hall-scaled.jpg","type":"image\/jpeg"}],"twitter_card":"summary_large_image","twitter_site":"@shrimataji","twitter_misc":{"Est. reading time":"5 minutes"},"schema":{"@context":"https:\/\/schema.org","@graph":[{"@type":"WebPage","@id":"https:\/\/shrimataji.org\/test\/sv\/ett-radhus-for-varlden\/","url":"https:\/\/shrimataji.org\/test\/sv\/ett-radhus-for-varlden\/","name":"Ett r\u00e5dhus f\u00f6r v\u00e4rlden - TEST - SMND","isPartOf":{"@id":"https:\/\/shrimataji.org\/test\/#website"},"primaryImageOfPage":{"@id":"https:\/\/shrimataji.org\/test\/sv\/ett-radhus-for-varlden\/#primaryimage"},"image":{"@id":"https:\/\/shrimataji.org\/test\/sv\/ett-radhus-for-varlden\/#primaryimage"},"thumbnailUrl":"https:\/\/shrimataji.org\/test\/wp-content\/uploads\/2023\/03\/12_Banner-PublicLife-Hall-scaled.jpg","datePublished":"2011-12-05T02:00:00+00:00","dateModified":"2024-12-20T15:40:30+00:00","breadcrumb":{"@id":"https:\/\/shrimataji.org\/test\/sv\/ett-radhus-for-varlden\/#breadcrumb"},"inLanguage":"en-US","potentialAction":[{"@type":"ReadAction","target":["https:\/\/shrimataji.org\/test\/sv\/ett-radhus-for-varlden\/"]}]},{"@type":"ImageObject","inLanguage":"en-US","@id":"https:\/\/shrimataji.org\/test\/sv\/ett-radhus-for-varlden\/#primaryimage","url":"https:\/\/shrimataji.org\/test\/wp-content\/uploads\/2023\/03\/12_Banner-PublicLife-Hall-scaled.jpg","contentUrl":"https:\/\/shrimataji.org\/test\/wp-content\/uploads\/2023\/03\/12_Banner-PublicLife-Hall-scaled.jpg","width":2560,"height":905},{"@type":"BreadcrumbList","@id":"https:\/\/shrimataji.org\/test\/sv\/ett-radhus-for-varlden\/#breadcrumb","itemListElement":[{"@type":"ListItem","position":1,"name":"Home","item":"https:\/\/shrimataji.org\/test\/uk\/home-en\/"},{"@type":"ListItem","position":2,"name":"Ett r\u00e5dhus f\u00f6r v\u00e4rlden"}]},{"@type":"WebSite","@id":"https:\/\/shrimataji.org\/test\/#website","url":"https:\/\/shrimataji.org\/test\/","name":"Shri Mataji Nirmala Devi","description":"A Life Dedicated to Humanity","publisher":{"@id":"https:\/\/shrimataji.org\/test\/#\/schema\/person\/a1b3419c6585f164aa96da1ff85715d1"},"potentialAction":[{"@type":"SearchAction","target":{"@type":"EntryPoint","urlTemplate":"https:\/\/shrimataji.org\/test\/?s={search_term_string}"},"query-input":{"@type":"PropertyValueSpecification","valueRequired":true,"valueName":"search_term_string"}}],"inLanguage":"en-US"},{"@type":["Person","Organization"],"@id":"https:\/\/shrimataji.org\/test\/#\/schema\/person\/a1b3419c6585f164aa96da1ff85715d1","name":"Nirmala Shrivastava","image":{"@type":"ImageObject","inLanguage":"en-US","@id":"https:\/\/shrimataji.org\/test\/wp-content\/uploads\/2023\/02\/SMO_LOGO-03.svg","url":"https:\/\/shrimataji.org\/test\/wp-content\/uploads\/2023\/02\/SMO_LOGO-03.svg","contentUrl":"https:\/\/shrimataji.org\/test\/wp-content\/uploads\/2023\/02\/SMO_LOGO-03.svg","width":"1024","height":"1024","caption":"Nirmala Shrivastava"},"logo":{"@id":"https:\/\/shrimataji.org\/test\/wp-content\/uploads\/2023\/02\/SMO_LOGO-03.svg"},"sameAs":["https:\/\/shrimataji.org\/test","https:\/\/www.facebook.com\/shrimataji","https:\/\/x.com\/shrimataji","https:\/\/www.youtube.com\/@Shri_Mataji_Nirmala_Devi\/featured"]}]}},"lang":"sv","translations":{"sv":22945,"ur":37385,"en":443,"am":17956,"th":19879,"hu":19431,"sq":18357,"zh":17254,"hi":8514,"tr":10130,"pl":10239,"pt":10347,"de":10620,"fr":10718,"it":10816,"es":10914,"ja":11211,"ru":11399,"bn":11591,"te":11699,"sw":11822,"he":11970,"el":12261,"sk":12359,"fa":12457,"fi":12555,"bg":13504,"ro":14579,"cs":14772,"nl":16517,"ku":16677,"ar":16853,"be":18564,"kn":18838,"mr":20243,"uk":20535,"ml":20834,"ta":22672,"gu":28793,"pa":28951,"fil":29391,"da":37699,"nn":38251},"pll_sync_post":[],"_links":{"self":[{"href":"https:\/\/shrimataji.org\/test\/wp-json\/wp\/v2\/pages\/22945","targetHints":{"allow":["GET"]}}],"collection":[{"href":"https:\/\/shrimataji.org\/test\/wp-json\/wp\/v2\/pages"}],"about":[{"href":"https:\/\/shrimataji.org\/test\/wp-json\/wp\/v2\/types\/page"}],"author":[{"embeddable":true,"href":"https:\/\/shrimataji.org\/test\/wp-json\/wp\/v2\/users\/58"}],"replies":[{"embeddable":true,"href":"https:\/\/shrimataji.org\/test\/wp-json\/wp\/v2\/comments?post=22945"}],"version-history":[{"count":0,"href":"https:\/\/shrimataji.org\/test\/wp-json\/wp\/v2\/pages\/22945\/revisions"}],"wp:featuredmedia":[{"embeddable":true,"href":"https:\/\/shrimataji.org\/test\/wp-json\/wp\/v2\/media\/22946"}],"wp:attachment":[{"href":"https:\/\/shrimataji.org\/test\/wp-json\/wp\/v2\/media?parent=22945"}],"curies":[{"name":"wp","href":"https:\/\/api.w.org\/{rel}","templated":true}]}}