{"id":22954,"date":"2022-01-29T10:07:35","date_gmt":"2022-01-29T10:07:35","guid":{"rendered":"https:\/\/test.shrimataji.org\/?page_id=6397"},"modified":"2026-01-08T19:45:55","modified_gmt":"2026-01-08T19:45:55","slug":"atma-sv","status":"publish","type":"page","link":"https:\/\/shrimataji.org\/test\/sv\/atma-sv\/","title":{"rendered":"Atma SV"},"content":{"rendered":"\n\n\t<h1>Atma<\/h1>\n<h2>V\u00e5rt eviga jag<\/h2>\n<div class=\"su-quote su-quote-style-default\"><div class=\"su-quote-inner su-u-clearfix su-u-trim\">Ett ljus lyser inom oss. Det \u00e4r v\u00e5r Ande.<\/div><\/div>\n\t<h4>I ett tidigt skede av fostrets utveckling tr\u00e4der Atma (v\u00e5r eviga ande) in i hj\u00e4rtat och f\u00e5r det att b\u00f6rja sl\u00e5. Hj\u00e4rtat utvecklas n\u00e4ra embryots huvud och flyttas senare ner till br\u00f6stet n\u00e4r kroppen v\u00e4xer. Atma bor i hj\u00e4rtat som en tyst \u00e5sk\u00e5dare och blir medveten f\u00f6r oss genom sj\u00e4lvf\u00f6rverkligande. Den \u00e4r en spegling av det ursprungliga v\u00e4sendet inom oss. Atma utvecklas inte, utan \u00e4r m\u00e5let f\u00f6r v\u00e5r medvetandeutveckling.<\/h4>\n\tV\u00e4sterl\u00e4ndsk filosofi fokuserar p\u00e5 individualism och utveckling av egot, medan \u00f6sterl\u00e4ndsk filosofi handlar om kollektivism och att v\u00e4nda individen in\u00e5t mot den allomfattande anden.<br \/>\n\n\t\t\t\t<a href=\"https:\/\/shrimataji.org\/test\/wp-content\/uploads\/2023\/02\/4a-Atma-01.png\"  target=\"_blank\" rel=\"noopener\"  itemprop=\"url\">\n\t\t\t\t<img decoding=\"async\" src=\"https:\/\/shrimataji.org\/test\/wp-content\/uploads\/2023\/02\/4a-Atma-01.png\" alt=\"4a-Atma-01\" itemprop=\"image\" height=\"3426\" width=\"3214\" title=\"4a-Atma-01\" onerror=\"this.style.display='none'\" loading=\"lazy\" \/>\n\t\t\t\t<\/a>\n\t<p>Shri Mataji f\u00f6rklarar att n\u00e4r navelstr\u00e4ngen klipps vid f\u00f6dseln, separeras vi fr\u00e5n det gudomliga medvetandet. Denna separation kallas &#8220;Void&#8221; i Zen och &#8220;Maya&#8221; (illusion) i hinduismen. Under barndomen v\u00e4xer v\u00e5rt ego och superego, t\u00e4cker hj\u00e4rnhalvorna och tar \u00f6ver v\u00e5rt medvetande.<\/p>\n<p>N\u00e4r <a href=\"https:\/\/shrimataji.org\/test\/sv\/kundalini\/\">Kundalini<\/a> stiger till hj\u00e4rtat genom <a href=\"https:\/\/shrimataji.org\/test\/sv\/sjalvupplysning-och-meditation\/\">sj\u00e4lvupplysning<\/a>, upplyser den Atman och vi k\u00e4nner den rena gl\u00e4djen av att existera. N\u00e4r Kundalini n\u00e5r <a href=\"https:\/\/shrimataji.org\/test\/sv\/sahasrara-chakra\/\">Sahasrara chakra<\/a> p\u00e5 huvudet, kopplas v\u00e5r Atma till den universella kraften och vi upplever en djup lycka av att vara ett med universum. \u00c4ven en liten k\u00e4nsla av denna gl\u00e4dje kan guida oss p\u00e5 v\u00e5r andliga resa. N\u00e4r vi v\u00e4l k\u00e4nner denna gl\u00e4dje vill vi beh\u00e5lla den och undviker automatiskt beteenden som skadar den. D\u00e4rf\u00f6r finns det f\u00e5 regler och inga dogmer i Sahaja Yoga.<\/p>\n\t\t\t\t<img decoding=\"async\" src=\"https:\/\/shrimataji.org\/test\/wp-content\/uploads\/2023\/02\/GISELE_MOURA_HAF_10DEZ2022__14-scaled.jpg\" alt=\"GISELE_MOURA_HAF_10DEZ2022__14\" itemprop=\"image\" height=\"1918\" width=\"2560\" title=\"GISELE_MOURA_HAF_10DEZ2022__14\" onerror=\"this.style.display='none'\" loading=\"lazy\" \/>\n\t<div class=\"su-quote su-quote-style-default\"><div class=\"su-quote-inner su-u-clearfix su-u-trim\">Vi \u00e4r stillhet, eftersom anden \u00e4r k\u00e4llan till stillheten. N\u00e4r du blir ett med anden, blir du en fridfull person. Det \u00e4r som att vara p\u00e5 ett hjul: om du \u00e4r p\u00e5 kanten r\u00f6r du dig hela tiden, men centrum \u00e4r stilla. N\u00e4r du n\u00e5r ditt centrum, ser du det perifiera snurrandet utan att bli st\u00f6rd och problemen blir l\u00e4ttare att hantera.<\/div><\/div>\n\t\t<img decoding=\"async\" data-spai-excluded=\"true\" loading=\"lazy\"  alt=\"YouTube player\"  src=\"https:\/\/i.ytimg.com\/vi\/8-7C4nLmAI4\/maxresdefault.jpg\"  \/><button aria-label=\"Play\"><\/button><meta itemprop=\"embedUrl\" content=\"https:\/\/www.youtube.com\/embed\/8-7C4nLmAI4\"\/><meta itemprop=\"name\" content=\"The nature of the Spirit\"\/><meta itemprop=\"description\" content=\"YouTube video\"\/><meta itemprop=\"thumbnailUrl\" content=\"https:\/\/i.ytimg.com\/vi\/8-7C4nLmAI4\/0.jpg\"\/><meta itemprop=\"duration\" content=\"PT1M54S\"\/><meta itemprop=\"uploadDate\" content=\"2022-11-12T03:25:59Z\"\/>\t\n\t<p>Adi Shankaracharya, en av Indiens mest k\u00e4nda andliga m\u00e4stare, beskriver detta absoluta tillst\u00e5nd av medvetande om det kollektiva v\u00e4sendet som reflekteras i v\u00e5rt hj\u00e4rta som evig salighet i de vackra verserna av &#8220;Atma Shatakam&#8221;.<\/p>\n\t<p><em>&#8220;Manobuddhyahamkar. Chittani Na Aham<\/em><\/p>\n<p>Jag \u00e4r varken intelligens, sinne, uppm\u00e4rksamhet eller ego<\/p>\n<p><em>Na cha Shrotr. Jihve, Na cha ghraan Netreghraan Netre<\/em><\/p>\n<p>Jag \u00e4r varken min h\u00f6rsel smak, lukt- eller syn<\/p>\n<p><em>Na cha vyom. Bhumir Na Tejo Na Vayu<\/em><\/p>\n<p>Jag \u00e4r varken himlen, jorden, elden eller luften<\/p>\n<p><em>Chidanand. Rupah., Shivo.ham, Shivo.ham<\/em><\/p>\n<p>Jag \u00e4r evig gl\u00e4dje och medvetenhet, jag \u00e4r Shiva, jag \u00e4r Shiva&#8221;<\/p>\n\t<div class=\"su-quote su-quote-style-default\"><div class=\"su-quote-inner su-u-clearfix su-u-trim\">Sanningen \u00e4r att du inte \u00e4r kroppen, intellektet eller k\u00e4nslorna, utan Anden.<\/div><\/div>\n\n","protected":false},"excerpt":{"rendered":"<p>Atma V\u00e5rt eviga jag I ett tidigt skede av fostrets utveckling tr\u00e4der Atma (v\u00e5r eviga ande) in i hj\u00e4rtat och f\u00e5r det att b\u00f6rja sl\u00e5. Hj\u00e4rtat utvecklas n\u00e4ra embryots huvud och flyttas senare ner till br\u00f6stet n\u00e4r kroppen v\u00e4xer. Atma bor i hj\u00e4rtat som en tyst \u00e5sk\u00e5dare och blir medveten f\u00f6r oss genom sj\u00e4lvf\u00f6rverkligande. Den&hellip; <br \/> <a class=\"read-more\" href=\"https:\/\/shrimataji.org\/test\/sv\/atma-sv\/\">Read more<\/a><\/p>\n","protected":false},"author":1,"featured_media":22955,"parent":0,"menu_order":0,"comment_status":"closed","ping_status":"closed","template":"","meta":{"inline_featured_image":false,"footnotes":""},"class_list":["post-22954","page","type-page","status-publish","has-post-thumbnail","hentry"],"yoast_head":"<!-- This site is optimized with the Yoast SEO plugin v27.4 - https:\/\/yoast.com\/product\/yoast-seo-wordpress\/ -->\n<title>Atma SV - TEST - SMND<\/title>\n<meta name=\"robots\" content=\"noindex, follow, max-snippet:-1, max-image-preview:large, max-video-preview:-1\" \/>\n<meta property=\"og:locale\" content=\"en_US\" \/>\n<meta property=\"og:type\" content=\"article\" \/>\n<meta property=\"og:title\" content=\"Atma SV - TEST - SMND\" \/>\n<meta property=\"og:description\" content=\"Atma V\u00e5rt eviga jag I ett tidigt skede av fostrets utveckling tr\u00e4der Atma (v\u00e5r eviga ande) in i hj\u00e4rtat och f\u00e5r det att b\u00f6rja sl\u00e5. Hj\u00e4rtat utvecklas n\u00e4ra embryots huvud och flyttas senare ner till br\u00f6stet n\u00e4r kroppen v\u00e4xer. Atma bor i hj\u00e4rtat som en tyst \u00e5sk\u00e5dare och blir medveten f\u00f6r oss genom sj\u00e4lvf\u00f6rverkligande. Den&hellip; Read more\" \/>\n<meta property=\"og:url\" content=\"https:\/\/shrimataji.org\/test\/sv\/atma-sv\/\" \/>\n<meta property=\"og:site_name\" content=\"TEST - SMND\" \/>\n<meta property=\"article:publisher\" content=\"https:\/\/www.facebook.com\/shrimataji\" \/>\n<meta property=\"article:modified_time\" content=\"2026-01-08T19:45:55+00:00\" \/>\n<meta property=\"og:image\" content=\"https:\/\/shrimataji.org\/test\/wp-content\/uploads\/2023\/03\/8_Banner-SY-Atma-scaled.jpg\" \/>\n\t<meta property=\"og:image:width\" content=\"2560\" \/>\n\t<meta property=\"og:image:height\" content=\"905\" \/>\n\t<meta property=\"og:image:type\" content=\"image\/jpeg\" \/>\n<meta name=\"twitter:card\" content=\"summary_large_image\" \/>\n<meta name=\"twitter:site\" content=\"@shrimataji\" \/>\n<meta name=\"twitter:label1\" content=\"Est. reading time\" \/>\n\t<meta name=\"twitter:data1\" content=\"4 minutes\" \/>\n<script type=\"application\/ld+json\" class=\"yoast-schema-graph\">{\"@context\":\"https:\\\/\\\/schema.org\",\"@graph\":[{\"@type\":\"WebPage\",\"@id\":\"https:\\\/\\\/shrimataji.org\\\/test\\\/sv\\\/atma-sv\\\/\",\"url\":\"https:\\\/\\\/shrimataji.org\\\/test\\\/sv\\\/atma-sv\\\/\",\"name\":\"Atma SV - TEST - SMND\",\"isPartOf\":{\"@id\":\"https:\\\/\\\/shrimataji.org\\\/test\\\/#website\"},\"primaryImageOfPage\":{\"@id\":\"https:\\\/\\\/shrimataji.org\\\/test\\\/sv\\\/atma-sv\\\/#primaryimage\"},\"image\":{\"@id\":\"https:\\\/\\\/shrimataji.org\\\/test\\\/sv\\\/atma-sv\\\/#primaryimage\"},\"thumbnailUrl\":\"https:\\\/\\\/shrimataji.org\\\/test\\\/wp-content\\\/uploads\\\/2023\\\/03\\\/8_Banner-SY-Atma-scaled.jpg\",\"datePublished\":\"2022-01-29T10:07:35+00:00\",\"dateModified\":\"2026-01-08T19:45:55+00:00\",\"breadcrumb\":{\"@id\":\"https:\\\/\\\/shrimataji.org\\\/test\\\/sv\\\/atma-sv\\\/#breadcrumb\"},\"inLanguage\":\"en-US\",\"potentialAction\":[{\"@type\":\"ReadAction\",\"target\":[\"https:\\\/\\\/shrimataji.org\\\/test\\\/sv\\\/atma-sv\\\/\"]}]},{\"@type\":\"ImageObject\",\"inLanguage\":\"en-US\",\"@id\":\"https:\\\/\\\/shrimataji.org\\\/test\\\/sv\\\/atma-sv\\\/#primaryimage\",\"url\":\"https:\\\/\\\/shrimataji.org\\\/test\\\/wp-content\\\/uploads\\\/2023\\\/03\\\/8_Banner-SY-Atma-scaled.jpg\",\"contentUrl\":\"https:\\\/\\\/shrimataji.org\\\/test\\\/wp-content\\\/uploads\\\/2023\\\/03\\\/8_Banner-SY-Atma-scaled.jpg\",\"width\":2560,\"height\":905},{\"@type\":\"BreadcrumbList\",\"@id\":\"https:\\\/\\\/shrimataji.org\\\/test\\\/sv\\\/atma-sv\\\/#breadcrumb\",\"itemListElement\":[{\"@type\":\"ListItem\",\"position\":1,\"name\":\"Home\",\"item\":\"https:\\\/\\\/shrimataji.org\\\/test\\\/uk\\\/home-en\\\/\"},{\"@type\":\"ListItem\",\"position\":2,\"name\":\"Atma SV\"}]},{\"@type\":\"WebSite\",\"@id\":\"https:\\\/\\\/shrimataji.org\\\/test\\\/#website\",\"url\":\"https:\\\/\\\/shrimataji.org\\\/test\\\/\",\"name\":\"Shri Mataji Nirmala Devi\",\"description\":\"A Life Dedicated to Humanity\",\"publisher\":{\"@id\":\"https:\\\/\\\/shrimataji.org\\\/test\\\/#\\\/schema\\\/person\\\/a1b3419c6585f164aa96da1ff85715d1\"},\"potentialAction\":[{\"@type\":\"SearchAction\",\"target\":{\"@type\":\"EntryPoint\",\"urlTemplate\":\"https:\\\/\\\/shrimataji.org\\\/test\\\/?s={search_term_string}\"},\"query-input\":{\"@type\":\"PropertyValueSpecification\",\"valueRequired\":true,\"valueName\":\"search_term_string\"}}],\"inLanguage\":\"en-US\"},{\"@type\":[\"Person\",\"Organization\"],\"@id\":\"https:\\\/\\\/shrimataji.org\\\/test\\\/#\\\/schema\\\/person\\\/a1b3419c6585f164aa96da1ff85715d1\",\"name\":\"Nirmala Shrivastava\",\"image\":{\"@type\":\"ImageObject\",\"inLanguage\":\"en-US\",\"@id\":\"https:\\\/\\\/shrimataji.org\\\/test\\\/wp-content\\\/uploads\\\/2023\\\/02\\\/SMO_LOGO-03.svg\",\"url\":\"https:\\\/\\\/shrimataji.org\\\/test\\\/wp-content\\\/uploads\\\/2023\\\/02\\\/SMO_LOGO-03.svg\",\"contentUrl\":\"https:\\\/\\\/shrimataji.org\\\/test\\\/wp-content\\\/uploads\\\/2023\\\/02\\\/SMO_LOGO-03.svg\",\"width\":\"1024\",\"height\":\"1024\",\"caption\":\"Nirmala Shrivastava\"},\"logo\":{\"@id\":\"https:\\\/\\\/shrimataji.org\\\/test\\\/wp-content\\\/uploads\\\/2023\\\/02\\\/SMO_LOGO-03.svg\"},\"sameAs\":[\"https:\\\/\\\/shrimataji.org\\\/test\",\"https:\\\/\\\/www.facebook.com\\\/shrimataji\",\"https:\\\/\\\/x.com\\\/shrimataji\",\"https:\\\/\\\/www.youtube.com\\\/@Shri_Mataji_Nirmala_Devi\\\/featured\"]}]}<\/script>\n<!-- \/ Yoast SEO plugin. -->","yoast_head_json":{"title":"Atma SV - TEST - SMND","robots":{"index":"noindex","follow":"follow","max-snippet":"max-snippet:-1","max-image-preview":"max-image-preview:large","max-video-preview":"max-video-preview:-1"},"og_locale":"en_US","og_type":"article","og_title":"Atma SV - TEST - SMND","og_description":"Atma V\u00e5rt eviga jag I ett tidigt skede av fostrets utveckling tr\u00e4der Atma (v\u00e5r eviga ande) in i hj\u00e4rtat och f\u00e5r det att b\u00f6rja sl\u00e5. Hj\u00e4rtat utvecklas n\u00e4ra embryots huvud och flyttas senare ner till br\u00f6stet n\u00e4r kroppen v\u00e4xer. Atma bor i hj\u00e4rtat som en tyst \u00e5sk\u00e5dare och blir medveten f\u00f6r oss genom sj\u00e4lvf\u00f6rverkligande. Den&hellip; Read more","og_url":"https:\/\/shrimataji.org\/test\/sv\/atma-sv\/","og_site_name":"TEST - SMND","article_publisher":"https:\/\/www.facebook.com\/shrimataji","article_modified_time":"2026-01-08T19:45:55+00:00","og_image":[{"width":2560,"height":905,"url":"https:\/\/shrimataji.org\/test\/wp-content\/uploads\/2023\/03\/8_Banner-SY-Atma-scaled.jpg","type":"image\/jpeg"}],"twitter_card":"summary_large_image","twitter_site":"@shrimataji","twitter_misc":{"Est. reading time":"4 minutes"},"schema":{"@context":"https:\/\/schema.org","@graph":[{"@type":"WebPage","@id":"https:\/\/shrimataji.org\/test\/sv\/atma-sv\/","url":"https:\/\/shrimataji.org\/test\/sv\/atma-sv\/","name":"Atma SV - TEST - SMND","isPartOf":{"@id":"https:\/\/shrimataji.org\/test\/#website"},"primaryImageOfPage":{"@id":"https:\/\/shrimataji.org\/test\/sv\/atma-sv\/#primaryimage"},"image":{"@id":"https:\/\/shrimataji.org\/test\/sv\/atma-sv\/#primaryimage"},"thumbnailUrl":"https:\/\/shrimataji.org\/test\/wp-content\/uploads\/2023\/03\/8_Banner-SY-Atma-scaled.jpg","datePublished":"2022-01-29T10:07:35+00:00","dateModified":"2026-01-08T19:45:55+00:00","breadcrumb":{"@id":"https:\/\/shrimataji.org\/test\/sv\/atma-sv\/#breadcrumb"},"inLanguage":"en-US","potentialAction":[{"@type":"ReadAction","target":["https:\/\/shrimataji.org\/test\/sv\/atma-sv\/"]}]},{"@type":"ImageObject","inLanguage":"en-US","@id":"https:\/\/shrimataji.org\/test\/sv\/atma-sv\/#primaryimage","url":"https:\/\/shrimataji.org\/test\/wp-content\/uploads\/2023\/03\/8_Banner-SY-Atma-scaled.jpg","contentUrl":"https:\/\/shrimataji.org\/test\/wp-content\/uploads\/2023\/03\/8_Banner-SY-Atma-scaled.jpg","width":2560,"height":905},{"@type":"BreadcrumbList","@id":"https:\/\/shrimataji.org\/test\/sv\/atma-sv\/#breadcrumb","itemListElement":[{"@type":"ListItem","position":1,"name":"Home","item":"https:\/\/shrimataji.org\/test\/uk\/home-en\/"},{"@type":"ListItem","position":2,"name":"Atma SV"}]},{"@type":"WebSite","@id":"https:\/\/shrimataji.org\/test\/#website","url":"https:\/\/shrimataji.org\/test\/","name":"Shri Mataji Nirmala Devi","description":"A Life Dedicated to Humanity","publisher":{"@id":"https:\/\/shrimataji.org\/test\/#\/schema\/person\/a1b3419c6585f164aa96da1ff85715d1"},"potentialAction":[{"@type":"SearchAction","target":{"@type":"EntryPoint","urlTemplate":"https:\/\/shrimataji.org\/test\/?s={search_term_string}"},"query-input":{"@type":"PropertyValueSpecification","valueRequired":true,"valueName":"search_term_string"}}],"inLanguage":"en-US"},{"@type":["Person","Organization"],"@id":"https:\/\/shrimataji.org\/test\/#\/schema\/person\/a1b3419c6585f164aa96da1ff85715d1","name":"Nirmala Shrivastava","image":{"@type":"ImageObject","inLanguage":"en-US","@id":"https:\/\/shrimataji.org\/test\/wp-content\/uploads\/2023\/02\/SMO_LOGO-03.svg","url":"https:\/\/shrimataji.org\/test\/wp-content\/uploads\/2023\/02\/SMO_LOGO-03.svg","contentUrl":"https:\/\/shrimataji.org\/test\/wp-content\/uploads\/2023\/02\/SMO_LOGO-03.svg","width":"1024","height":"1024","caption":"Nirmala Shrivastava"},"logo":{"@id":"https:\/\/shrimataji.org\/test\/wp-content\/uploads\/2023\/02\/SMO_LOGO-03.svg"},"sameAs":["https:\/\/shrimataji.org\/test","https:\/\/www.facebook.com\/shrimataji","https:\/\/x.com\/shrimataji","https:\/\/www.youtube.com\/@Shri_Mataji_Nirmala_Devi\/featured"]}]}},"lang":"sv","translations":{"sv":22954,"ur":37394,"en":6397,"am":17965,"th":19892,"hu":19440,"sq":18366,"zh":17263,"hi":7360,"tr":10135,"pt":10352,"de":10625,"fr":10723,"it":10821,"es":10919,"ja":11216,"ru":11404,"bn":11596,"te":11704,"sw":11827,"he":11975,"el":12266,"sk":12364,"fa":12462,"fi":12560,"bg":13393,"ro":14467,"cs":14660,"nl":16526,"ku":16686,"ar":16862,"be":18573,"kn":18847,"mr":20256,"uk":20548,"ml":20847,"ta":22681,"gu":28802,"pa":28960,"fil":29400,"da":37708,"pl":37925,"nn":38260},"pll_sync_post":[],"_links":{"self":[{"href":"https:\/\/shrimataji.org\/test\/wp-json\/wp\/v2\/pages\/22954","targetHints":{"allow":["GET"]}}],"collection":[{"href":"https:\/\/shrimataji.org\/test\/wp-json\/wp\/v2\/pages"}],"about":[{"href":"https:\/\/shrimataji.org\/test\/wp-json\/wp\/v2\/types\/page"}],"author":[{"embeddable":true,"href":"https:\/\/shrimataji.org\/test\/wp-json\/wp\/v2\/users\/1"}],"replies":[{"embeddable":true,"href":"https:\/\/shrimataji.org\/test\/wp-json\/wp\/v2\/comments?post=22954"}],"version-history":[{"count":0,"href":"https:\/\/shrimataji.org\/test\/wp-json\/wp\/v2\/pages\/22954\/revisions"}],"wp:featuredmedia":[{"embeddable":true,"href":"https:\/\/shrimataji.org\/test\/wp-json\/wp\/v2\/media\/22955"}],"wp:attachment":[{"href":"https:\/\/shrimataji.org\/test\/wp-json\/wp\/v2\/media?parent=22954"}],"curies":[{"name":"wp","href":"https:\/\/api.w.org\/{rel}","templated":true}]}}