{"id":22958,"date":"2022-01-29T09:51:00","date_gmt":"2022-01-29T09:51:00","guid":{"rendered":"https:\/\/test.shrimataji.org\/?page_id=6388"},"modified":"2025-04-25T12:17:14","modified_gmt":"2025-04-25T12:17:14","slug":"att-bli-sin-egen-mastare","status":"publish","type":"page","link":"https:\/\/shrimataji.org\/test\/sv\/att-bli-sin-egen-mastare\/","title":{"rendered":"Att bli sin egen m\u00e4stare"},"content":{"rendered":"\n\n\t<h1>Att bli sin egen m\u00e4stare<\/h1>\n<h2>Att v\u00e4cka upp Guru principen<\/h2>\n<div class=\"su-quote su-quote-style-default\"><div class=\"su-quote-inner su-u-clearfix su-u-trim\"> Men vi \u00e4r mycket mer \u00e4n alla dessa vanliga instrument, \u00e4ven de mest avancerade. Vi n\u00e5r ett tillst\u00e5nd d\u00e4r vi sj\u00e4lva blir vetenskapen om den absoluta sanningen. En Guru beh\u00f6ver d\u00e4rf\u00f6r sj\u00e4lvk\u00e4nsla. <\/div><\/div>\n<h4>Shri Mataji betonade vikten av sj\u00e4lvbeh\u00e4rskning fr\u00e5ndet att hon b\u00f6rjade l\u00e4ra ut Sahaja Yoga. Till skillnad fr\u00e5n andra yogastilar som kr\u00e4ver \u00e5r av tr\u00e4ning under en m\u00e4stare, fokuserar Sahaja Yoga-meditation p\u00e5 att n\u00e5 v\u00e5r egen inre upplysta ande.<\/h4>\n<p>Sann kunskap f\u00f6rst\u00e5s genom v\u00e5rt nervsystem. Genom meditaionen utvecklar vi ett slags sj\u00e4tte sinne som hj\u00e4lper oss att f\u00f6rst\u00e5 den kunskap som vi st\u00f6ter p\u00e5.<\/p>\n<p>N\u00e4r vi blir v\u00e5r egen m\u00e4stare ser vi saker som de verkligen \u00e4r, inte som vi tidigare trott. Vi f\u00f6ljer inte blint tro, religion eller doktriner; ist\u00e4llet upplever vi allt med klar medvetenhet som g\u00e5r bortom v\u00e5ra begr\u00e4nsade sinnen.<\/p>\n<p>I b\u00f6rjan kanske dessa gudomliga upplevelser \u00e4r kortvariga, men med tiden blir de en del av v\u00e5rt liv genom Sahaja Yoga-meditation. Vi l\u00e4r oss att hantera alla delar av v\u00e5rt liv med lugn och \u00f6vervinna tidigare skr\u00e4mmande eller stressande situationer.<\/p>\n<p>N\u00e4r vi blir v\u00e5r egen m\u00e4stare blir v\u00e5ra liv mer balanserade s\u00e5 att vi \u00e4ven kan hj\u00e4lpa andra. M\u00e5nga Sahaja Yogis har m\u00e4rkt hur deras liv och andras liv f\u00f6r\u00e4ndras positivt n\u00e4r de blir sin egen m\u00e4stare<\/p>\n<div class=\"su-quote su-quote-style-default\"><div class=\"su-quote-inner su-u-clearfix su-u-trim\"> N\u00e4r du \u00e4r i det tillst\u00e5ndet, kan du p\u00e5verka din omvgivning utan att s\u00e4ga eller g\u00f6ra n\u00e5got. <\/div><\/div>\n\n","protected":false},"excerpt":{"rendered":"<p>Att bli sin egen m\u00e4stare Att v\u00e4cka upp Guru principen Shri Mataji betonade vikten av sj\u00e4lvbeh\u00e4rskning fr\u00e5ndet att hon b\u00f6rjade l\u00e4ra ut Sahaja Yoga. Till skillnad fr\u00e5n andra yogastilar som kr\u00e4ver \u00e5r av tr\u00e4ning under en m\u00e4stare, fokuserar Sahaja Yoga-meditation p\u00e5 att n\u00e5 v\u00e5r egen inre upplysta ande. Sann kunskap f\u00f6rst\u00e5s genom v\u00e5rt nervsystem. Genom&hellip; <br \/> <a class=\"read-more\" href=\"https:\/\/shrimataji.org\/test\/sv\/att-bli-sin-egen-mastare\/\">Read more<\/a><\/p>\n","protected":false},"author":58,"featured_media":22959,"parent":0,"menu_order":0,"comment_status":"closed","ping_status":"closed","template":"","meta":{"inline_featured_image":false,"footnotes":""},"class_list":["post-22958","page","type-page","status-publish","has-post-thumbnail","hentry"],"yoast_head":"<!-- This site is optimized with the Yoast SEO plugin v27.4 - https:\/\/yoast.com\/product\/yoast-seo-wordpress\/ -->\n<title>Att bli sin egen m\u00e4stare - TEST - SMND<\/title>\n<meta name=\"robots\" content=\"noindex, follow, max-snippet:-1, max-image-preview:large, max-video-preview:-1\" \/>\n<meta property=\"og:locale\" content=\"en_US\" \/>\n<meta property=\"og:type\" content=\"article\" \/>\n<meta property=\"og:title\" content=\"Att bli sin egen m\u00e4stare - TEST - SMND\" \/>\n<meta property=\"og:description\" content=\"Att bli sin egen m\u00e4stare Att v\u00e4cka upp Guru principen Shri Mataji betonade vikten av sj\u00e4lvbeh\u00e4rskning fr\u00e5ndet att hon b\u00f6rjade l\u00e4ra ut Sahaja Yoga. Till skillnad fr\u00e5n andra yogastilar som kr\u00e4ver \u00e5r av tr\u00e4ning under en m\u00e4stare, fokuserar Sahaja Yoga-meditation p\u00e5 att n\u00e5 v\u00e5r egen inre upplysta ande. Sann kunskap f\u00f6rst\u00e5s genom v\u00e5rt nervsystem. Genom&hellip; Read more\" \/>\n<meta property=\"og:url\" content=\"https:\/\/shrimataji.org\/test\/sv\/att-bli-sin-egen-mastare\/\" \/>\n<meta property=\"og:site_name\" content=\"TEST - SMND\" \/>\n<meta property=\"article:publisher\" content=\"https:\/\/www.facebook.com\/shrimataji\" \/>\n<meta property=\"article:modified_time\" content=\"2025-04-25T12:17:14+00:00\" \/>\n<meta property=\"og:image\" content=\"https:\/\/shrimataji.org\/test\/wp-content\/uploads\/2023\/03\/26_Banner-SY-Master-scaled.jpg\" \/>\n\t<meta property=\"og:image:width\" content=\"2560\" \/>\n\t<meta property=\"og:image:height\" content=\"905\" \/>\n\t<meta property=\"og:image:type\" content=\"image\/jpeg\" \/>\n<meta name=\"twitter:card\" content=\"summary_large_image\" \/>\n<meta name=\"twitter:site\" content=\"@shrimataji\" \/>\n<meta name=\"twitter:label1\" content=\"Est. reading time\" \/>\n\t<meta name=\"twitter:data1\" content=\"2 minutes\" \/>\n<script type=\"application\/ld+json\" class=\"yoast-schema-graph\">{\"@context\":\"https:\\\/\\\/schema.org\",\"@graph\":[{\"@type\":\"WebPage\",\"@id\":\"https:\\\/\\\/shrimataji.org\\\/test\\\/sv\\\/att-bli-sin-egen-mastare\\\/\",\"url\":\"https:\\\/\\\/shrimataji.org\\\/test\\\/sv\\\/att-bli-sin-egen-mastare\\\/\",\"name\":\"Att bli sin egen m\u00e4stare - TEST - SMND\",\"isPartOf\":{\"@id\":\"https:\\\/\\\/shrimataji.org\\\/test\\\/#website\"},\"primaryImageOfPage\":{\"@id\":\"https:\\\/\\\/shrimataji.org\\\/test\\\/sv\\\/att-bli-sin-egen-mastare\\\/#primaryimage\"},\"image\":{\"@id\":\"https:\\\/\\\/shrimataji.org\\\/test\\\/sv\\\/att-bli-sin-egen-mastare\\\/#primaryimage\"},\"thumbnailUrl\":\"https:\\\/\\\/shrimataji.org\\\/test\\\/wp-content\\\/uploads\\\/2023\\\/03\\\/26_Banner-SY-Master-scaled.jpg\",\"datePublished\":\"2022-01-29T09:51:00+00:00\",\"dateModified\":\"2025-04-25T12:17:14+00:00\",\"breadcrumb\":{\"@id\":\"https:\\\/\\\/shrimataji.org\\\/test\\\/sv\\\/att-bli-sin-egen-mastare\\\/#breadcrumb\"},\"inLanguage\":\"en-US\",\"potentialAction\":[{\"@type\":\"ReadAction\",\"target\":[\"https:\\\/\\\/shrimataji.org\\\/test\\\/sv\\\/att-bli-sin-egen-mastare\\\/\"]}]},{\"@type\":\"ImageObject\",\"inLanguage\":\"en-US\",\"@id\":\"https:\\\/\\\/shrimataji.org\\\/test\\\/sv\\\/att-bli-sin-egen-mastare\\\/#primaryimage\",\"url\":\"https:\\\/\\\/shrimataji.org\\\/test\\\/wp-content\\\/uploads\\\/2023\\\/03\\\/26_Banner-SY-Master-scaled.jpg\",\"contentUrl\":\"https:\\\/\\\/shrimataji.org\\\/test\\\/wp-content\\\/uploads\\\/2023\\\/03\\\/26_Banner-SY-Master-scaled.jpg\",\"width\":2560,\"height\":905},{\"@type\":\"BreadcrumbList\",\"@id\":\"https:\\\/\\\/shrimataji.org\\\/test\\\/sv\\\/att-bli-sin-egen-mastare\\\/#breadcrumb\",\"itemListElement\":[{\"@type\":\"ListItem\",\"position\":1,\"name\":\"Home\",\"item\":\"https:\\\/\\\/shrimataji.org\\\/test\\\/uk\\\/home-en\\\/\"},{\"@type\":\"ListItem\",\"position\":2,\"name\":\"Att bli sin egen m\u00e4stare\"}]},{\"@type\":\"WebSite\",\"@id\":\"https:\\\/\\\/shrimataji.org\\\/test\\\/#website\",\"url\":\"https:\\\/\\\/shrimataji.org\\\/test\\\/\",\"name\":\"Shri Mataji Nirmala Devi\",\"description\":\"A Life Dedicated to Humanity\",\"publisher\":{\"@id\":\"https:\\\/\\\/shrimataji.org\\\/test\\\/#\\\/schema\\\/person\\\/a1b3419c6585f164aa96da1ff85715d1\"},\"potentialAction\":[{\"@type\":\"SearchAction\",\"target\":{\"@type\":\"EntryPoint\",\"urlTemplate\":\"https:\\\/\\\/shrimataji.org\\\/test\\\/?s={search_term_string}\"},\"query-input\":{\"@type\":\"PropertyValueSpecification\",\"valueRequired\":true,\"valueName\":\"search_term_string\"}}],\"inLanguage\":\"en-US\"},{\"@type\":[\"Person\",\"Organization\"],\"@id\":\"https:\\\/\\\/shrimataji.org\\\/test\\\/#\\\/schema\\\/person\\\/a1b3419c6585f164aa96da1ff85715d1\",\"name\":\"Nirmala Shrivastava\",\"image\":{\"@type\":\"ImageObject\",\"inLanguage\":\"en-US\",\"@id\":\"https:\\\/\\\/shrimataji.org\\\/test\\\/wp-content\\\/uploads\\\/2023\\\/02\\\/SMO_LOGO-03.svg\",\"url\":\"https:\\\/\\\/shrimataji.org\\\/test\\\/wp-content\\\/uploads\\\/2023\\\/02\\\/SMO_LOGO-03.svg\",\"contentUrl\":\"https:\\\/\\\/shrimataji.org\\\/test\\\/wp-content\\\/uploads\\\/2023\\\/02\\\/SMO_LOGO-03.svg\",\"width\":\"1024\",\"height\":\"1024\",\"caption\":\"Nirmala Shrivastava\"},\"logo\":{\"@id\":\"https:\\\/\\\/shrimataji.org\\\/test\\\/wp-content\\\/uploads\\\/2023\\\/02\\\/SMO_LOGO-03.svg\"},\"sameAs\":[\"https:\\\/\\\/shrimataji.org\\\/test\",\"https:\\\/\\\/www.facebook.com\\\/shrimataji\",\"https:\\\/\\\/x.com\\\/shrimataji\",\"https:\\\/\\\/www.youtube.com\\\/@Shri_Mataji_Nirmala_Devi\\\/featured\"]}]}<\/script>\n<!-- \/ Yoast SEO plugin. -->","yoast_head_json":{"title":"Att bli sin egen m\u00e4stare - TEST - SMND","robots":{"index":"noindex","follow":"follow","max-snippet":"max-snippet:-1","max-image-preview":"max-image-preview:large","max-video-preview":"max-video-preview:-1"},"og_locale":"en_US","og_type":"article","og_title":"Att bli sin egen m\u00e4stare - TEST - SMND","og_description":"Att bli sin egen m\u00e4stare Att v\u00e4cka upp Guru principen Shri Mataji betonade vikten av sj\u00e4lvbeh\u00e4rskning fr\u00e5ndet att hon b\u00f6rjade l\u00e4ra ut Sahaja Yoga. Till skillnad fr\u00e5n andra yogastilar som kr\u00e4ver \u00e5r av tr\u00e4ning under en m\u00e4stare, fokuserar Sahaja Yoga-meditation p\u00e5 att n\u00e5 v\u00e5r egen inre upplysta ande. Sann kunskap f\u00f6rst\u00e5s genom v\u00e5rt nervsystem. Genom&hellip; Read more","og_url":"https:\/\/shrimataji.org\/test\/sv\/att-bli-sin-egen-mastare\/","og_site_name":"TEST - SMND","article_publisher":"https:\/\/www.facebook.com\/shrimataji","article_modified_time":"2025-04-25T12:17:14+00:00","og_image":[{"width":2560,"height":905,"url":"https:\/\/shrimataji.org\/test\/wp-content\/uploads\/2023\/03\/26_Banner-SY-Master-scaled.jpg","type":"image\/jpeg"}],"twitter_card":"summary_large_image","twitter_site":"@shrimataji","twitter_misc":{"Est. reading time":"2 minutes"},"schema":{"@context":"https:\/\/schema.org","@graph":[{"@type":"WebPage","@id":"https:\/\/shrimataji.org\/test\/sv\/att-bli-sin-egen-mastare\/","url":"https:\/\/shrimataji.org\/test\/sv\/att-bli-sin-egen-mastare\/","name":"Att bli sin egen m\u00e4stare - TEST - SMND","isPartOf":{"@id":"https:\/\/shrimataji.org\/test\/#website"},"primaryImageOfPage":{"@id":"https:\/\/shrimataji.org\/test\/sv\/att-bli-sin-egen-mastare\/#primaryimage"},"image":{"@id":"https:\/\/shrimataji.org\/test\/sv\/att-bli-sin-egen-mastare\/#primaryimage"},"thumbnailUrl":"https:\/\/shrimataji.org\/test\/wp-content\/uploads\/2023\/03\/26_Banner-SY-Master-scaled.jpg","datePublished":"2022-01-29T09:51:00+00:00","dateModified":"2025-04-25T12:17:14+00:00","breadcrumb":{"@id":"https:\/\/shrimataji.org\/test\/sv\/att-bli-sin-egen-mastare\/#breadcrumb"},"inLanguage":"en-US","potentialAction":[{"@type":"ReadAction","target":["https:\/\/shrimataji.org\/test\/sv\/att-bli-sin-egen-mastare\/"]}]},{"@type":"ImageObject","inLanguage":"en-US","@id":"https:\/\/shrimataji.org\/test\/sv\/att-bli-sin-egen-mastare\/#primaryimage","url":"https:\/\/shrimataji.org\/test\/wp-content\/uploads\/2023\/03\/26_Banner-SY-Master-scaled.jpg","contentUrl":"https:\/\/shrimataji.org\/test\/wp-content\/uploads\/2023\/03\/26_Banner-SY-Master-scaled.jpg","width":2560,"height":905},{"@type":"BreadcrumbList","@id":"https:\/\/shrimataji.org\/test\/sv\/att-bli-sin-egen-mastare\/#breadcrumb","itemListElement":[{"@type":"ListItem","position":1,"name":"Home","item":"https:\/\/shrimataji.org\/test\/uk\/home-en\/"},{"@type":"ListItem","position":2,"name":"Att bli sin egen m\u00e4stare"}]},{"@type":"WebSite","@id":"https:\/\/shrimataji.org\/test\/#website","url":"https:\/\/shrimataji.org\/test\/","name":"Shri Mataji Nirmala Devi","description":"A Life Dedicated to Humanity","publisher":{"@id":"https:\/\/shrimataji.org\/test\/#\/schema\/person\/a1b3419c6585f164aa96da1ff85715d1"},"potentialAction":[{"@type":"SearchAction","target":{"@type":"EntryPoint","urlTemplate":"https:\/\/shrimataji.org\/test\/?s={search_term_string}"},"query-input":{"@type":"PropertyValueSpecification","valueRequired":true,"valueName":"search_term_string"}}],"inLanguage":"en-US"},{"@type":["Person","Organization"],"@id":"https:\/\/shrimataji.org\/test\/#\/schema\/person\/a1b3419c6585f164aa96da1ff85715d1","name":"Nirmala Shrivastava","image":{"@type":"ImageObject","inLanguage":"en-US","@id":"https:\/\/shrimataji.org\/test\/wp-content\/uploads\/2023\/02\/SMO_LOGO-03.svg","url":"https:\/\/shrimataji.org\/test\/wp-content\/uploads\/2023\/02\/SMO_LOGO-03.svg","contentUrl":"https:\/\/shrimataji.org\/test\/wp-content\/uploads\/2023\/02\/SMO_LOGO-03.svg","width":"1024","height":"1024","caption":"Nirmala Shrivastava"},"logo":{"@id":"https:\/\/shrimataji.org\/test\/wp-content\/uploads\/2023\/02\/SMO_LOGO-03.svg"},"sameAs":["https:\/\/shrimataji.org\/test","https:\/\/www.facebook.com\/shrimataji","https:\/\/x.com\/shrimataji","https:\/\/www.youtube.com\/@Shri_Mataji_Nirmala_Devi\/featured"]}]}},"lang":"sv","translations":{"sv":22958,"ur":37398,"en":6388,"am":17969,"th":19898,"hu":19444,"sq":18370,"zh":17267,"hi":7370,"tr":10137,"pt":10354,"de":10627,"fr":10725,"it":10823,"es":10921,"ja":11218,"ru":11406,"bn":11598,"te":11706,"sw":11829,"he":11977,"el":12268,"sk":12366,"fa":12464,"fi":12562,"bg":13400,"ro":14474,"cs":14667,"nl":16530,"ku":16690,"ar":16866,"be":18577,"kn":18851,"mr":20262,"uk":20554,"ml":20853,"ta":22685,"gu":28806,"pa":28964,"fil":29404,"da":37712,"pl":37929,"nn":38264},"pll_sync_post":[],"_links":{"self":[{"href":"https:\/\/shrimataji.org\/test\/wp-json\/wp\/v2\/pages\/22958","targetHints":{"allow":["GET"]}}],"collection":[{"href":"https:\/\/shrimataji.org\/test\/wp-json\/wp\/v2\/pages"}],"about":[{"href":"https:\/\/shrimataji.org\/test\/wp-json\/wp\/v2\/types\/page"}],"author":[{"embeddable":true,"href":"https:\/\/shrimataji.org\/test\/wp-json\/wp\/v2\/users\/58"}],"replies":[{"embeddable":true,"href":"https:\/\/shrimataji.org\/test\/wp-json\/wp\/v2\/comments?post=22958"}],"version-history":[{"count":0,"href":"https:\/\/shrimataji.org\/test\/wp-json\/wp\/v2\/pages\/22958\/revisions"}],"wp:featuredmedia":[{"embeddable":true,"href":"https:\/\/shrimataji.org\/test\/wp-json\/wp\/v2\/media\/22959"}],"wp:attachment":[{"href":"https:\/\/shrimataji.org\/test\/wp-json\/wp\/v2\/media?parent=22958"}],"curies":[{"name":"wp","href":"https:\/\/api.w.org\/{rel}","templated":true}]}}