{"id":22971,"date":"2023-02-20T03:40:29","date_gmt":"2023-02-20T03:40:29","guid":{"rendered":"https:\/\/shrimataji.org\/test\/?page_id=8414"},"modified":"2025-04-25T12:41:02","modified_gmt":"2025-04-25T12:41:02","slug":"de-tidiga-aren","status":"publish","type":"page","link":"https:\/\/shrimataji.org\/test\/sv\/de-tidiga-aren\/","title":{"rendered":"De tidiga \u00e5ren"},"content":{"rendered":"\n\n\t<h1>De tidiga \u00e5ren<\/h1>\n<h2>Fr\u00e5n Gandhis frihetsr\u00f6relse till en epok av sj\u00e4lvupplysning f\u00f6r folkmassorna<\/h2>\n\t<h4>Mahatma Gandhi gjorde ett best\u00e5ende intryck p\u00e5 alla han m\u00f6tte, inklusive en liten flicka som brukade bo i hans ashram. Denna flicka var Shri Mataji, som han kallade Nepali p\u00e5 grund av sina nepalesiska ansiktsdrag.<\/h4>\n<p>Fr\u00e5n sju \u00e5rs \u00e5lder spenderade Shri Mataji mycket tid med Gandhi p\u00e5 hans ashram. &#8220;Han pratade med mig p\u00e5 ett v\u00e4nligt och allvarligt s\u00e4tt,&#8221; mindes Shri Mataji, som ofta f\u00f6ljde honom p\u00e5 morgonpromenader innan de gemensamma b\u00f6nerna<\/p>\n\t\t\t\t<img loading=\"lazy\" decoding=\"async\" src=\"https:\/\/shrimataji.org\/test\/wp-content\/uploads\/2018\/07\/media_originals\/images\/shri-mataji-and-family\/shri-mataji-as-a-young-child.jpg\" alt=\"shri-mataji-as-a-young-child\" itemprop=\"image\" height=\"407\" width=\"640\" title=\"shri-mataji-as-a-young-child\" onerror=\"this.style.display='none'\"  \/>\n\t&#8220;Han var str\u00e4ng men ocks\u00e5 mycket k\u00e4rleksfull och omt\u00e4nksam,&#8221; sa Shri Mataji. &#8220;Till m\u00e5ngas \u00f6verraskning brukade han pratade med mig som om jag var en klok gammal kvinna, som om jag var klokare \u00e4n andra. Han sa att ibland kan barn ge b\u00e4ttre v\u00e4gledning \u00e4n vuxna.<br \/>\nShri Mataji lovordade senare Gandhi f\u00f6r att ha lagt grunden f\u00f6r dharma, en inre religion och r\u00e4ttf\u00e4rdighet, i sitt land. Han uppmuntrade m\u00e4nniskor att l\u00e4sa Bibeln, f\u00f6rst\u00e5 Bhagavad Gita och k\u00e4nna till v\u00e4rldenshistoriens viktiga skrifter och personer p\u00e5 ett integrerat s\u00e4tt.<br \/>\nI sina samtal med Gandhi diskuterade de b\u00e5de den m\u00e4nskliga naturen och hur man kan uppn\u00e5 social och andlig befrielse. N\u00e4r Shri Mataji fick fr\u00e5gan om sin tid med Gandhi, mindes hon en diskussion d\u00e4r hon sa till honom: &#8216;Du \u00e4r f\u00f6r strikt&#8230; \u00e4r inte detta lite f\u00f6r mycket?&#8217; Gandhi hade en strikt rutin och fick folk att vakna kl. 4 p\u00e5 morgonen och fasta<br \/>\nGandhi f\u00f6rklarade att strikt disciplin var n\u00f6dv\u00e4ndig i n\u00f6dsituationer n\u00e4r landets kamp f\u00f6r frihet intensifierades\nShri Mataji f\u00f6reslog, &#8216;Bapu, om du vill disciplinera m\u00e4nniskor, varf\u00f6r inte ge dem inre disciplin?<br \/>\nGandhi fr\u00e5gade hur inre disciplin skulle vara m\u00f6jligt. Shri Mataji f\u00f6rs\u00e4krade honom att inre f\u00f6rvandling var svaret. Men Gandhi svarade: &#8216;F\u00f6rst m\u00e5ste vi bli fria fr\u00e5n brittiskt styre. Om vi inte \u00e4r fria, hur kan vi prata om andlig frihet? Folk skulle s\u00e4ga att vi inte ens har yttre frihet.<br \/>\nGandhis budskap spreds till alla, fr\u00e5n analfabeter till samh\u00e4llets mest utbildade. Shri Mataji deltog ocks\u00e5 i frihetskampen och blev en f\u00f6rebild f\u00f6r andra studenter.\n<p>1947 blev Indien \u00e4ntligen fritt. M\u00e5nga \u00e5r hade g\u00e5tt sedan Shri Matajis samtal med Gandhi, men strax f\u00f6re sin d\u00f6d bad han att f\u00e5 tr\u00e4ffa henne. &#8216;N\u00e4r vi s\u00e5gs k\u00e4nde han genast igen mig,&#8217; mindes Shri Mataji. &#8216;Efter b\u00f6nen sa han till mig: B\u00f6rja nu med ett konstruktivt arbete.<\/p>\n<p>Shri Mataji studerade m\u00e4nniskors problem, men \u00e4ven att hitta l\u00f6sningar till dem.M\u00e5nga \u00e5r senare b\u00f6rjade hon sitt transformativa arbete med Sahaja Yoga. Likt Gandhi, som ledde sitt land till frihet, kom Shri Mataji att f\u00f6r\u00e4ndra hundratusentals m\u00e4nniskor v\u00e4rlden \u00f6ver. Tiden f\u00f6r inre frihet hade kommit.<\/p>\n\t<img decoding=\"async\" data-spai-excluded=\"true\" loading=\"lazy\"  alt=\"YouTube player\"  src=\"https:\/\/i.ytimg.com\/vi\/R3BuPaDgo4c\/maxresdefault.jpg\"  \/><button aria-label=\"Play\"><\/button><meta itemprop=\"embedUrl\" content=\"https:\/\/www.youtube.com\/embed\/R3BuPaDgo4c\"\/><meta itemprop=\"name\" content=\"Her Studies, Indian Independence, Gandhi\"\/><meta itemprop=\"description\" content=\"Shri Mataji describes her childhood and remarkable father who took her, aged 7, to meet Mahatma Gandhi. Recognizing her spiritual depths he asked the little girl to stay at his ashram and often consulted her on profound matters. She and her family were deeply committed to the freedom movement and endured great hardships. After Independence her father was the only Christian to be elected to the Central Assembly. Shri Mataji studied medicine and married Sir C.P. Srivastava. More videos at: http:\/\/ShriMataji.org ~ A Life Dedicated to Humanity ~\"\/><meta itemprop=\"thumbnailUrl\" content=\"https:\/\/i.ytimg.com\/vi\/R3BuPaDgo4c\/0.jpg\"\/><meta itemprop=\"duration\" content=\"PT6M33S\"\/><meta itemprop=\"uploadDate\" content=\"2020-07-19T23:59:15Z\"\/>\n\t<div class=\"su-quote su-quote-style-default\"><div class=\"su-quote-inner su-u-clearfix su-u-trim\">En politisk ledare beh\u00f6ver inte fokusera p\u00e5 ande och religion, men Gandhi s\u00e5g att v\u00e5rt land var ett land av yoga. Hans fr\u00e4msta bidrag var att skapa balans och st\u00e4rka v\u00e5r indiska identitet, samtidigt som han br\u00f6t ner den slaviska mentaliteten som hade p\u00e5verkat oss.<\/div><\/div>\n\t\t\t\t<img loading=\"lazy\" decoding=\"async\" src=\"https:\/\/shrimataji.org\/test\/wp-content\/uploads\/2024\/12\/sv_Chhindwara_Final-1920x516-1.jpg\" alt=\"Helgedomen f\u00f6r Hennes helighet Shri Mataji, Nirmala Devi, i Chhindwara, Indien.\" itemprop=\"image\" height=\"516\" width=\"1920\" title=\"sv_Chhindwara_Final-1920x516-1\" onerror=\"this.style.display='none'\"  \/>\n\t\tHelgedomen f\u00f6r Hennes helighet Shri Mataji, Nirmala Devi, i Chhindwara, Indien.\n\n","protected":false},"excerpt":{"rendered":"<p>De tidiga \u00e5ren Fr\u00e5n Gandhis frihetsr\u00f6relse till en epok av sj\u00e4lvupplysning f\u00f6r folkmassorna Mahatma Gandhi gjorde ett best\u00e5ende intryck p\u00e5 alla han m\u00f6tte, inklusive en liten flicka som brukade bo i hans ashram. Denna flicka var Shri Mataji, som han kallade Nepali p\u00e5 grund av sina nepalesiska ansiktsdrag. Fr\u00e5n sju \u00e5rs \u00e5lder spenderade Shri Mataji&hellip; <br \/> <a class=\"read-more\" href=\"https:\/\/shrimataji.org\/test\/sv\/de-tidiga-aren\/\">Read more<\/a><\/p>\n","protected":false},"author":58,"featured_media":22972,"parent":0,"menu_order":0,"comment_status":"closed","ping_status":"closed","template":"","meta":{"inline_featured_image":false,"footnotes":""},"class_list":["post-22971","page","type-page","status-publish","has-post-thumbnail","hentry"],"yoast_head":"<!-- This site is optimized with the Yoast SEO plugin v27.4 - https:\/\/yoast.com\/product\/yoast-seo-wordpress\/ -->\n<title>De tidiga \u00e5ren - TEST - SMND<\/title>\n<meta name=\"robots\" content=\"noindex, follow, max-snippet:-1, max-image-preview:large, max-video-preview:-1\" \/>\n<meta property=\"og:locale\" content=\"en_US\" \/>\n<meta property=\"og:type\" content=\"article\" \/>\n<meta property=\"og:title\" content=\"De tidiga \u00e5ren - TEST - SMND\" \/>\n<meta property=\"og:description\" content=\"De tidiga \u00e5ren Fr\u00e5n Gandhis frihetsr\u00f6relse till en epok av sj\u00e4lvupplysning f\u00f6r folkmassorna Mahatma Gandhi gjorde ett best\u00e5ende intryck p\u00e5 alla han m\u00f6tte, inklusive en liten flicka som brukade bo i hans ashram. Denna flicka var Shri Mataji, som han kallade Nepali p\u00e5 grund av sina nepalesiska ansiktsdrag. Fr\u00e5n sju \u00e5rs \u00e5lder spenderade Shri Mataji&hellip; Read more\" \/>\n<meta property=\"og:url\" content=\"https:\/\/shrimataji.org\/test\/sv\/de-tidiga-aren\/\" \/>\n<meta property=\"og:site_name\" content=\"TEST - SMND\" \/>\n<meta property=\"article:publisher\" content=\"https:\/\/www.facebook.com\/shrimataji\" \/>\n<meta property=\"article:modified_time\" content=\"2025-04-25T12:41:02+00:00\" \/>\n<meta property=\"og:image\" content=\"https:\/\/shrimataji.org\/test\/wp-content\/uploads\/2023\/03\/1_Banner_EarlyLife-scaled.jpg\" \/>\n\t<meta property=\"og:image:width\" content=\"2560\" \/>\n\t<meta property=\"og:image:height\" content=\"905\" \/>\n\t<meta property=\"og:image:type\" content=\"image\/jpeg\" \/>\n<meta name=\"twitter:card\" content=\"summary_large_image\" \/>\n<meta name=\"twitter:site\" content=\"@shrimataji\" \/>\n<meta name=\"twitter:label1\" content=\"Est. reading time\" \/>\n\t<meta name=\"twitter:data1\" content=\"4 minutes\" \/>\n<script type=\"application\/ld+json\" class=\"yoast-schema-graph\">{\"@context\":\"https:\\\/\\\/schema.org\",\"@graph\":[{\"@type\":\"WebPage\",\"@id\":\"https:\\\/\\\/shrimataji.org\\\/test\\\/sv\\\/de-tidiga-aren\\\/\",\"url\":\"https:\\\/\\\/shrimataji.org\\\/test\\\/sv\\\/de-tidiga-aren\\\/\",\"name\":\"De tidiga \u00e5ren - TEST - SMND\",\"isPartOf\":{\"@id\":\"https:\\\/\\\/shrimataji.org\\\/test\\\/#website\"},\"primaryImageOfPage\":{\"@id\":\"https:\\\/\\\/shrimataji.org\\\/test\\\/sv\\\/de-tidiga-aren\\\/#primaryimage\"},\"image\":{\"@id\":\"https:\\\/\\\/shrimataji.org\\\/test\\\/sv\\\/de-tidiga-aren\\\/#primaryimage\"},\"thumbnailUrl\":\"https:\\\/\\\/shrimataji.org\\\/test\\\/wp-content\\\/uploads\\\/2023\\\/03\\\/1_Banner_EarlyLife-scaled.jpg\",\"datePublished\":\"2023-02-20T03:40:29+00:00\",\"dateModified\":\"2025-04-25T12:41:02+00:00\",\"breadcrumb\":{\"@id\":\"https:\\\/\\\/shrimataji.org\\\/test\\\/sv\\\/de-tidiga-aren\\\/#breadcrumb\"},\"inLanguage\":\"en-US\",\"potentialAction\":[{\"@type\":\"ReadAction\",\"target\":[\"https:\\\/\\\/shrimataji.org\\\/test\\\/sv\\\/de-tidiga-aren\\\/\"]}]},{\"@type\":\"ImageObject\",\"inLanguage\":\"en-US\",\"@id\":\"https:\\\/\\\/shrimataji.org\\\/test\\\/sv\\\/de-tidiga-aren\\\/#primaryimage\",\"url\":\"https:\\\/\\\/shrimataji.org\\\/test\\\/wp-content\\\/uploads\\\/2023\\\/03\\\/1_Banner_EarlyLife-scaled.jpg\",\"contentUrl\":\"https:\\\/\\\/shrimataji.org\\\/test\\\/wp-content\\\/uploads\\\/2023\\\/03\\\/1_Banner_EarlyLife-scaled.jpg\",\"width\":2560,\"height\":905},{\"@type\":\"BreadcrumbList\",\"@id\":\"https:\\\/\\\/shrimataji.org\\\/test\\\/sv\\\/de-tidiga-aren\\\/#breadcrumb\",\"itemListElement\":[{\"@type\":\"ListItem\",\"position\":1,\"name\":\"Home\",\"item\":\"https:\\\/\\\/shrimataji.org\\\/test\\\/uk\\\/home-en\\\/\"},{\"@type\":\"ListItem\",\"position\":2,\"name\":\"De tidiga \u00e5ren\"}]},{\"@type\":\"WebSite\",\"@id\":\"https:\\\/\\\/shrimataji.org\\\/test\\\/#website\",\"url\":\"https:\\\/\\\/shrimataji.org\\\/test\\\/\",\"name\":\"Shri Mataji Nirmala Devi\",\"description\":\"A Life Dedicated to Humanity\",\"publisher\":{\"@id\":\"https:\\\/\\\/shrimataji.org\\\/test\\\/#\\\/schema\\\/person\\\/a1b3419c6585f164aa96da1ff85715d1\"},\"potentialAction\":[{\"@type\":\"SearchAction\",\"target\":{\"@type\":\"EntryPoint\",\"urlTemplate\":\"https:\\\/\\\/shrimataji.org\\\/test\\\/?s={search_term_string}\"},\"query-input\":{\"@type\":\"PropertyValueSpecification\",\"valueRequired\":true,\"valueName\":\"search_term_string\"}}],\"inLanguage\":\"en-US\"},{\"@type\":[\"Person\",\"Organization\"],\"@id\":\"https:\\\/\\\/shrimataji.org\\\/test\\\/#\\\/schema\\\/person\\\/a1b3419c6585f164aa96da1ff85715d1\",\"name\":\"Nirmala Shrivastava\",\"image\":{\"@type\":\"ImageObject\",\"inLanguage\":\"en-US\",\"@id\":\"https:\\\/\\\/shrimataji.org\\\/test\\\/wp-content\\\/uploads\\\/2023\\\/02\\\/SMO_LOGO-03.svg\",\"url\":\"https:\\\/\\\/shrimataji.org\\\/test\\\/wp-content\\\/uploads\\\/2023\\\/02\\\/SMO_LOGO-03.svg\",\"contentUrl\":\"https:\\\/\\\/shrimataji.org\\\/test\\\/wp-content\\\/uploads\\\/2023\\\/02\\\/SMO_LOGO-03.svg\",\"width\":\"1024\",\"height\":\"1024\",\"caption\":\"Nirmala Shrivastava\"},\"logo\":{\"@id\":\"https:\\\/\\\/shrimataji.org\\\/test\\\/wp-content\\\/uploads\\\/2023\\\/02\\\/SMO_LOGO-03.svg\"},\"sameAs\":[\"https:\\\/\\\/shrimataji.org\\\/test\",\"https:\\\/\\\/www.facebook.com\\\/shrimataji\",\"https:\\\/\\\/x.com\\\/shrimataji\",\"https:\\\/\\\/www.youtube.com\\\/@Shri_Mataji_Nirmala_Devi\\\/featured\"]}]}<\/script>\n<!-- \/ Yoast SEO plugin. -->","yoast_head_json":{"title":"De tidiga \u00e5ren - TEST - SMND","robots":{"index":"noindex","follow":"follow","max-snippet":"max-snippet:-1","max-image-preview":"max-image-preview:large","max-video-preview":"max-video-preview:-1"},"og_locale":"en_US","og_type":"article","og_title":"De tidiga \u00e5ren - TEST - SMND","og_description":"De tidiga \u00e5ren Fr\u00e5n Gandhis frihetsr\u00f6relse till en epok av sj\u00e4lvupplysning f\u00f6r folkmassorna Mahatma Gandhi gjorde ett best\u00e5ende intryck p\u00e5 alla han m\u00f6tte, inklusive en liten flicka som brukade bo i hans ashram. Denna flicka var Shri Mataji, som han kallade Nepali p\u00e5 grund av sina nepalesiska ansiktsdrag. Fr\u00e5n sju \u00e5rs \u00e5lder spenderade Shri Mataji&hellip; Read more","og_url":"https:\/\/shrimataji.org\/test\/sv\/de-tidiga-aren\/","og_site_name":"TEST - SMND","article_publisher":"https:\/\/www.facebook.com\/shrimataji","article_modified_time":"2025-04-25T12:41:02+00:00","og_image":[{"width":2560,"height":905,"url":"https:\/\/shrimataji.org\/test\/wp-content\/uploads\/2023\/03\/1_Banner_EarlyLife-scaled.jpg","type":"image\/jpeg"}],"twitter_card":"summary_large_image","twitter_site":"@shrimataji","twitter_misc":{"Est. reading time":"4 minutes"},"schema":{"@context":"https:\/\/schema.org","@graph":[{"@type":"WebPage","@id":"https:\/\/shrimataji.org\/test\/sv\/de-tidiga-aren\/","url":"https:\/\/shrimataji.org\/test\/sv\/de-tidiga-aren\/","name":"De tidiga \u00e5ren - TEST - SMND","isPartOf":{"@id":"https:\/\/shrimataji.org\/test\/#website"},"primaryImageOfPage":{"@id":"https:\/\/shrimataji.org\/test\/sv\/de-tidiga-aren\/#primaryimage"},"image":{"@id":"https:\/\/shrimataji.org\/test\/sv\/de-tidiga-aren\/#primaryimage"},"thumbnailUrl":"https:\/\/shrimataji.org\/test\/wp-content\/uploads\/2023\/03\/1_Banner_EarlyLife-scaled.jpg","datePublished":"2023-02-20T03:40:29+00:00","dateModified":"2025-04-25T12:41:02+00:00","breadcrumb":{"@id":"https:\/\/shrimataji.org\/test\/sv\/de-tidiga-aren\/#breadcrumb"},"inLanguage":"en-US","potentialAction":[{"@type":"ReadAction","target":["https:\/\/shrimataji.org\/test\/sv\/de-tidiga-aren\/"]}]},{"@type":"ImageObject","inLanguage":"en-US","@id":"https:\/\/shrimataji.org\/test\/sv\/de-tidiga-aren\/#primaryimage","url":"https:\/\/shrimataji.org\/test\/wp-content\/uploads\/2023\/03\/1_Banner_EarlyLife-scaled.jpg","contentUrl":"https:\/\/shrimataji.org\/test\/wp-content\/uploads\/2023\/03\/1_Banner_EarlyLife-scaled.jpg","width":2560,"height":905},{"@type":"BreadcrumbList","@id":"https:\/\/shrimataji.org\/test\/sv\/de-tidiga-aren\/#breadcrumb","itemListElement":[{"@type":"ListItem","position":1,"name":"Home","item":"https:\/\/shrimataji.org\/test\/uk\/home-en\/"},{"@type":"ListItem","position":2,"name":"De tidiga \u00e5ren"}]},{"@type":"WebSite","@id":"https:\/\/shrimataji.org\/test\/#website","url":"https:\/\/shrimataji.org\/test\/","name":"Shri Mataji Nirmala Devi","description":"A Life Dedicated to Humanity","publisher":{"@id":"https:\/\/shrimataji.org\/test\/#\/schema\/person\/a1b3419c6585f164aa96da1ff85715d1"},"potentialAction":[{"@type":"SearchAction","target":{"@type":"EntryPoint","urlTemplate":"https:\/\/shrimataji.org\/test\/?s={search_term_string}"},"query-input":{"@type":"PropertyValueSpecification","valueRequired":true,"valueName":"search_term_string"}}],"inLanguage":"en-US"},{"@type":["Person","Organization"],"@id":"https:\/\/shrimataji.org\/test\/#\/schema\/person\/a1b3419c6585f164aa96da1ff85715d1","name":"Nirmala Shrivastava","image":{"@type":"ImageObject","inLanguage":"en-US","@id":"https:\/\/shrimataji.org\/test\/wp-content\/uploads\/2023\/02\/SMO_LOGO-03.svg","url":"https:\/\/shrimataji.org\/test\/wp-content\/uploads\/2023\/02\/SMO_LOGO-03.svg","contentUrl":"https:\/\/shrimataji.org\/test\/wp-content\/uploads\/2023\/02\/SMO_LOGO-03.svg","width":"1024","height":"1024","caption":"Nirmala Shrivastava"},"logo":{"@id":"https:\/\/shrimataji.org\/test\/wp-content\/uploads\/2023\/02\/SMO_LOGO-03.svg"},"sameAs":["https:\/\/shrimataji.org\/test","https:\/\/www.facebook.com\/shrimataji","https:\/\/x.com\/shrimataji","https:\/\/www.youtube.com\/@Shri_Mataji_Nirmala_Devi\/featured"]}]}},"lang":"sv","translations":{"sv":22971,"ur":37411,"en":8414,"am":18348,"th":19917,"hu":19457,"sq":18383,"zh":17280,"hi":8389,"tr":10148,"pt":10361,"de":10635,"fr":10733,"it":10831,"es":10928,"ja":11225,"ru":11413,"bn":11605,"te":11713,"sw":11836,"he":11984,"el":12275,"sk":12373,"fa":12471,"fi":12569,"bg":13361,"ro":14435,"cs":14628,"nl":16543,"ku":16703,"ar":16879,"be":18590,"kn":18864,"mr":20281,"uk":20573,"ml":20872,"ta":22698,"gu":28819,"pa":28977,"fil":29417,"da":37725,"pl":37942,"nn":38277},"pll_sync_post":[],"_links":{"self":[{"href":"https:\/\/shrimataji.org\/test\/wp-json\/wp\/v2\/pages\/22971","targetHints":{"allow":["GET"]}}],"collection":[{"href":"https:\/\/shrimataji.org\/test\/wp-json\/wp\/v2\/pages"}],"about":[{"href":"https:\/\/shrimataji.org\/test\/wp-json\/wp\/v2\/types\/page"}],"author":[{"embeddable":true,"href":"https:\/\/shrimataji.org\/test\/wp-json\/wp\/v2\/users\/58"}],"replies":[{"embeddable":true,"href":"https:\/\/shrimataji.org\/test\/wp-json\/wp\/v2\/comments?post=22971"}],"version-history":[{"count":0,"href":"https:\/\/shrimataji.org\/test\/wp-json\/wp\/v2\/pages\/22971\/revisions"}],"wp:featuredmedia":[{"embeddable":true,"href":"https:\/\/shrimataji.org\/test\/wp-json\/wp\/v2\/media\/22972"}],"wp:attachment":[{"href":"https:\/\/shrimataji.org\/test\/wp-json\/wp\/v2\/media?parent=22971"}],"curies":[{"name":"wp","href":"https:\/\/api.w.org\/{rel}","templated":true}]}}