{"id":22973,"date":"2011-02-12T02:00:00","date_gmt":"2011-02-12T02:00:00","guid":{"rendered":"http:\/\/testwordpress.nirmalnagari.org\/smnd\/index.php\/ecology\/"},"modified":"2026-01-06T18:59:51","modified_gmt":"2026-01-06T18:59:51","slug":"ekologi","status":"publish","type":"page","link":"https:\/\/shrimataji.org\/test\/sv\/ekologi\/","title":{"rendered":"Ekologi"},"content":{"rendered":"\n\n\t<h1>Ekologi<\/h1>\n<h2>En naturlig balans<\/h2>\n\t<div class=\"su-quote su-quote-style-default\"><div class=\"su-quote-inner su-u-clearfix su-u-trim\">Om vi \u200b\u200binte vet hur vi ska respektera Moder Jord, vet vi inte hur vi ska respektera oss sj\u00e4lva.<\/div><\/div>\n\t<p>Shri Mataji s\u00e5g naturen som en levande Moder Jord som ger och uppr\u00e4tth\u00e5ller liv och b\u00f6r respekteras och som v\u00f6rdas. Hon ber\u00e4ttade att hon och hennes syskon, som m\u00e5nga indiska barn, l\u00e4rde sig att be om f\u00f6rl\u00e5telse till Moder Jord p\u00e5 morgonen &#8220;eftersom vi r\u00f6rde vid henne med v\u00e5ra f\u00f6tter.<\/p>\n<p>Shri Mataji reste v\u00e4rlden runt i n\u00e4stan 40 \u00e5r och hj\u00e4lpte m\u00e4nniskor att hitta ett mer fridfullt och mindre sj\u00e4lviskt sinnestillst\u00e5nd. Hon sa till dem som kom till hennes meditationsprogram att vi inte kan v\u00e4xa andligt om vi inte f\u00f6rst\u00e5r v\u00e5r relation till naturen.<\/p>\n<p>Redan p\u00e5 1970-talet varnade Shri Mataji f\u00f6r hot mot v\u00e5r ekologi, som anv\u00e4ndaet av f\u00f6r mycket plast, k\u00e4rnkraftens risker, \u00f6verutnyttjat jordbruk, fordonens utsl\u00e4pp och f\u00f6rorening av hav, sj\u00f6ar och floder.<\/p>\n\t\t\t\t<img decoding=\"async\" src=\"https:\/\/shrimataji.org\/test\/wp-content\/uploads\/2018\/07\/media_originals\/images\/flowers\/purple-flowers-by-vera-subkus-300x300.jpg\" alt=\"\" itemprop=\"image\" height=\"300\" width=\"300\" onerror=\"this.style.display='none'\" loading=\"lazy\" \/>\n\t\t\t\t<img decoding=\"async\" src=\"https:\/\/shrimataji.org\/test\/wp-content\/uploads\/2024\/11\/EN_wentworth-falls-artwork-by-meredith-cooper.jpg\" alt=\"Wentworth Falls (New South Wales, Australien, Meredith Cooper)\" itemprop=\"image\" height=\"1000\" width=\"993\" title=\"EN_wentworth-falls-artwork-by-meredith-cooper\" onerror=\"this.style.display='none'\" loading=\"lazy\" \/>\n\t\tWentworth Falls (New South Wales, Australien, Meredith Cooper)\n\t<p>Hon erk\u00e4nde att plast kan vara anv\u00e4ndbart i vissa fall men kritiserade dess \u00f6verdrivna anv\u00e4ndning och negativa p\u00e5verkan p\u00e5 naturen. &#8220;De som tillverkar plast blir rika,&#8221; f\u00f6rklarade hon. &#8220;Men samtidigt skapar oansvarigt konsumerande stora m\u00e4ngder plast, som vi inte vet hur vi ska bli av med. Dessa berg av plast \u00e4r inte bara fula, de kan \u00e4ven skada atmosf\u00e4ren. \u00d6verproduktionen av plast och konstgjorda fibrer \u00e4r ett resultat av \u00f6verdriven konsumtion, drivet av modeindustrin.<\/p>\n<p>Shri Mataji varnade f\u00f6r k\u00e4rnkraft l\u00e5ngt innan olyckorna i Tjernobyl och Fukushima. &#8220;Tjernobyl blev ett stort problem och l\u00e4rde oss att vi inte ska anv\u00e4nda atomenergi f\u00f6r mycket.&#8221; Hon menade att k\u00e4rnklyvning st\u00f6r naturens balans, vilket f\u00f6rklarar de farliga bieffekterna av det energislaget.<\/p>\n\t<p>Hon varnade f\u00f6r att vi anv\u00e4nder f\u00f6r mycket energi och uppmuntrade till att spara el. Alla &#8220;b\u00f6r t\u00e4nka p\u00e5 hur mycket energi de anv\u00e4nder, som elektricitet, telefoner eller vatten,&#8221; sade hon. &#8220;Vi m\u00e5ste vara sparsamma och g\u00f6ra det till en del av v\u00e5rt liv att spara Moder Jords energi. Det \u00e4r j\u00e4tteviktigt.<\/p>\n<p>Shri Mataji p\u00e5pekade ofta att m\u00e5nga k\u00f6r ensamma i sina bilar, trots att de \u00e5ker \u00e5t samma h\u00e5ll. Hon f\u00f6reslog sam\u00e5kning f\u00f6r att minska utsl\u00e4pp och p\u00e5 s\u00e5 s\u00e4tt ta ansvar f\u00f6r milj\u00f6n. Hon rekommenderade ocks\u00e5 att g\u00e5 mer, f\u00f6r att uppleva naturen i v\u00e5r moderna, stressiga v\u00e4rld.<\/p>\n\t<p>Shri Mataji levde alltid som hon l\u00e4rde. N\u00e4r hon reste, tr\u00e4ffade hon lokala hantverkare och st\u00f6ttade dem genom att k\u00f6pa deras hantverk. Hon var noga med detaljerna i deras arbete &#8211; materialen, var de kom ifr\u00e5n, och deras arbets villkor.<\/p>\n\t<div class=\"su-quote su-quote-style-default\"><div class=\"su-quote-inner su-u-clearfix su-u-trim\">Vi m\u00e5ste \u00e4ndra balansen mellan maskintillverkade saker och saker som \u00e4r tillverkade f\u00f6r hand.<\/div><\/div>\n\t<p>Hon lyfte ofta fram de ekologiska och ekonomiska f\u00f6rdelarna med handgjorda varor. Genom att k\u00f6pa dem undviker man att st\u00f6dja stora industrier, modetrender och slit-och-sl\u00e4ng-kulturen. Det minskar \u00f6verkonsumtionen och skapar jobb. Handgjorda varor kostar ofta mer eftersom de tar mer tid att g\u00f6ra, men det g\u00f6r att konsumenterna v\u00e4rderar dem mer och inte sl\u00e4nger dem lika snabbt.<\/p>\n<p>Samtidigt ins\u00e5g hon nyttan med industriell produktion och maskiner. &#8220;Maskiner kan anv\u00e4ndas f\u00f6r offentliga saker, som bilar, t\u00e5g och hus. Men f\u00f6r personliga saker b\u00f6r man anv\u00e4nda handgjorda f\u00f6rem\u00e5l. Andliga m\u00e4nniskor f\u00f6redrar att ha n\u00e5got som \u00e4r gjort f\u00f6r hand.<\/p>\n<p>V\u00e4rlden st\u00e5r inf\u00f6r en stor klimatkris som kan leda till en ekologisk katastrof. Forskning visar att m\u00e4nniskans f\u00f6r\u00e4ndrade vanor sedan industrins b\u00f6rjan har orsakat stor skada p\u00e5 milj\u00f6n. Vi m\u00e5ste leva mer h\u00e5llbart f\u00f6r att undvika en dyster framtid.<\/p>\n<p>Sahaja Yoga skapar en balans mellan kropp, sinne och sj\u00e4l, vilket hj\u00e4lper m\u00e4nniskor att leva osj\u00e4lviskt och i harmoni med naturen. Shri Mataji rekommenderade ocks\u00e5 att anv\u00e4nda den subtila energin fr\u00e5n meditationen f\u00f6r att st\u00e4rka naturen och fr\u00e4mja ekologisk tillv\u00e4xt. M\u00e5nga jordbruksexperiment av Sahaja Yogis har visat p\u00e5 goda resultat, som f\u00f6rb\u00e4ttrar milj\u00f6n och minskar behovet av skadliga kemiska g\u00f6dningsmedel.<\/p>\n<p>Shri Matajis vision om en balanserad v\u00e4rld b\u00f6rjar med m\u00e4nniskor som har inre balans. Endast n\u00e4r denna inre balans har uppn\u00e5tts kan vi skapa en harmonisk och respektfull relation med milj\u00f6n och Moder Jord, som ger allt liv.<\/p>\n\t<h5>&#8220;Jorden ger oss tillr\u00e4ckligt f\u00f6r att tillfredsst\u00e4lla varje m\u00e4nniskas behov, men inte varje m\u00e4nniskas girighet.&#8221;<\/h5>\n<h5>Mahatma Gandhi<\/h5>\n\n","protected":false},"excerpt":{"rendered":"<p>Ekologi En naturlig balans Shri Mataji s\u00e5g naturen som en levande Moder Jord som ger och uppr\u00e4tth\u00e5ller liv och b\u00f6r respekteras och som v\u00f6rdas. Hon ber\u00e4ttade att hon och hennes syskon, som m\u00e5nga indiska barn, l\u00e4rde sig att be om f\u00f6rl\u00e5telse till Moder Jord p\u00e5 morgonen &#8220;eftersom vi r\u00f6rde vid henne med v\u00e5ra f\u00f6tter. Shri&hellip; <br \/> <a class=\"read-more\" href=\"https:\/\/shrimataji.org\/test\/sv\/ekologi\/\">Read more<\/a><\/p>\n","protected":false},"author":58,"featured_media":22974,"parent":0,"menu_order":0,"comment_status":"closed","ping_status":"closed","template":"pro\/page-templates\/full-width-page.php","meta":{"inline_featured_image":false,"footnotes":""},"class_list":["post-22973","page","type-page","status-publish","has-post-thumbnail","hentry"],"yoast_head":"<!-- This site is optimized with the Yoast SEO plugin v27.4 - https:\/\/yoast.com\/product\/yoast-seo-wordpress\/ -->\n<title>Ekologi - TEST - SMND<\/title>\n<meta name=\"robots\" content=\"noindex, follow, max-snippet:-1, max-image-preview:large, max-video-preview:-1\" \/>\n<meta property=\"og:locale\" content=\"en_US\" \/>\n<meta property=\"og:type\" content=\"article\" \/>\n<meta property=\"og:title\" content=\"Ekologi - TEST - SMND\" \/>\n<meta property=\"og:description\" content=\"Ekologi En naturlig balans Shri Mataji s\u00e5g naturen som en levande Moder Jord som ger och uppr\u00e4tth\u00e5ller liv och b\u00f6r respekteras och som v\u00f6rdas. Hon ber\u00e4ttade att hon och hennes syskon, som m\u00e5nga indiska barn, l\u00e4rde sig att be om f\u00f6rl\u00e5telse till Moder Jord p\u00e5 morgonen &#8220;eftersom vi r\u00f6rde vid henne med v\u00e5ra f\u00f6tter. Shri&hellip; Read more\" \/>\n<meta property=\"og:url\" content=\"https:\/\/shrimataji.org\/test\/sv\/ekologi\/\" \/>\n<meta property=\"og:site_name\" content=\"TEST - SMND\" \/>\n<meta property=\"article:publisher\" content=\"https:\/\/www.facebook.com\/shrimataji\" \/>\n<meta property=\"article:modified_time\" content=\"2026-01-06T18:59:51+00:00\" \/>\n<meta property=\"og:image\" content=\"https:\/\/shrimataji.org\/test\/wp-content\/uploads\/2018\/07\/media_originals\/images\/headers-general\/shri-mataji-at-the-krishna-river-in-brahmapuri-india-1985.jpg\" \/>\n\t<meta property=\"og:image:width\" content=\"990\" \/>\n\t<meta property=\"og:image:height\" content=\"350\" \/>\n\t<meta property=\"og:image:type\" content=\"image\/jpeg\" \/>\n<meta name=\"twitter:card\" content=\"summary_large_image\" \/>\n<meta name=\"twitter:site\" content=\"@shrimataji\" \/>\n<script type=\"application\/ld+json\" class=\"yoast-schema-graph\">{\"@context\":\"https:\\\/\\\/schema.org\",\"@graph\":[{\"@type\":\"WebPage\",\"@id\":\"https:\\\/\\\/shrimataji.org\\\/test\\\/sv\\\/ekologi\\\/\",\"url\":\"https:\\\/\\\/shrimataji.org\\\/test\\\/sv\\\/ekologi\\\/\",\"name\":\"Ekologi - TEST - SMND\",\"isPartOf\":{\"@id\":\"https:\\\/\\\/shrimataji.org\\\/test\\\/#website\"},\"primaryImageOfPage\":{\"@id\":\"https:\\\/\\\/shrimataji.org\\\/test\\\/sv\\\/ekologi\\\/#primaryimage\"},\"image\":{\"@id\":\"https:\\\/\\\/shrimataji.org\\\/test\\\/sv\\\/ekologi\\\/#primaryimage\"},\"thumbnailUrl\":\"https:\\\/\\\/shrimataji.org\\\/test\\\/wp-content\\\/uploads\\\/2018\\\/07\\\/media_originals\\\/images\\\/headers-general\\\/shri-mataji-at-the-krishna-river-in-brahmapuri-india-1985.jpg\",\"datePublished\":\"2011-02-12T02:00:00+00:00\",\"dateModified\":\"2026-01-06T18:59:51+00:00\",\"breadcrumb\":{\"@id\":\"https:\\\/\\\/shrimataji.org\\\/test\\\/sv\\\/ekologi\\\/#breadcrumb\"},\"inLanguage\":\"en-US\",\"potentialAction\":[{\"@type\":\"ReadAction\",\"target\":[\"https:\\\/\\\/shrimataji.org\\\/test\\\/sv\\\/ekologi\\\/\"]}]},{\"@type\":\"ImageObject\",\"inLanguage\":\"en-US\",\"@id\":\"https:\\\/\\\/shrimataji.org\\\/test\\\/sv\\\/ekologi\\\/#primaryimage\",\"url\":\"https:\\\/\\\/shrimataji.org\\\/test\\\/wp-content\\\/uploads\\\/2018\\\/07\\\/media_originals\\\/images\\\/headers-general\\\/shri-mataji-at-the-krishna-river-in-brahmapuri-india-1985.jpg\",\"contentUrl\":\"https:\\\/\\\/shrimataji.org\\\/test\\\/wp-content\\\/uploads\\\/2018\\\/07\\\/media_originals\\\/images\\\/headers-general\\\/shri-mataji-at-the-krishna-river-in-brahmapuri-india-1985.jpg\",\"width\":990,\"height\":350},{\"@type\":\"BreadcrumbList\",\"@id\":\"https:\\\/\\\/shrimataji.org\\\/test\\\/sv\\\/ekologi\\\/#breadcrumb\",\"itemListElement\":[{\"@type\":\"ListItem\",\"position\":1,\"name\":\"Home\",\"item\":\"https:\\\/\\\/shrimataji.org\\\/test\\\/uk\\\/home-en\\\/\"},{\"@type\":\"ListItem\",\"position\":2,\"name\":\"Ekologi\"}]},{\"@type\":\"WebSite\",\"@id\":\"https:\\\/\\\/shrimataji.org\\\/test\\\/#website\",\"url\":\"https:\\\/\\\/shrimataji.org\\\/test\\\/\",\"name\":\"Shri Mataji Nirmala Devi\",\"description\":\"A Life Dedicated to Humanity\",\"publisher\":{\"@id\":\"https:\\\/\\\/shrimataji.org\\\/test\\\/#\\\/schema\\\/person\\\/a1b3419c6585f164aa96da1ff85715d1\"},\"potentialAction\":[{\"@type\":\"SearchAction\",\"target\":{\"@type\":\"EntryPoint\",\"urlTemplate\":\"https:\\\/\\\/shrimataji.org\\\/test\\\/?s={search_term_string}\"},\"query-input\":{\"@type\":\"PropertyValueSpecification\",\"valueRequired\":true,\"valueName\":\"search_term_string\"}}],\"inLanguage\":\"en-US\"},{\"@type\":[\"Person\",\"Organization\"],\"@id\":\"https:\\\/\\\/shrimataji.org\\\/test\\\/#\\\/schema\\\/person\\\/a1b3419c6585f164aa96da1ff85715d1\",\"name\":\"Nirmala Shrivastava\",\"image\":{\"@type\":\"ImageObject\",\"inLanguage\":\"en-US\",\"@id\":\"https:\\\/\\\/shrimataji.org\\\/test\\\/wp-content\\\/uploads\\\/2023\\\/02\\\/SMO_LOGO-03.svg\",\"url\":\"https:\\\/\\\/shrimataji.org\\\/test\\\/wp-content\\\/uploads\\\/2023\\\/02\\\/SMO_LOGO-03.svg\",\"contentUrl\":\"https:\\\/\\\/shrimataji.org\\\/test\\\/wp-content\\\/uploads\\\/2023\\\/02\\\/SMO_LOGO-03.svg\",\"width\":\"1024\",\"height\":\"1024\",\"caption\":\"Nirmala Shrivastava\"},\"logo\":{\"@id\":\"https:\\\/\\\/shrimataji.org\\\/test\\\/wp-content\\\/uploads\\\/2023\\\/02\\\/SMO_LOGO-03.svg\"},\"sameAs\":[\"https:\\\/\\\/shrimataji.org\\\/test\",\"https:\\\/\\\/www.facebook.com\\\/shrimataji\",\"https:\\\/\\\/x.com\\\/shrimataji\",\"https:\\\/\\\/www.youtube.com\\\/@Shri_Mataji_Nirmala_Devi\\\/featured\"]}]}<\/script>\n<!-- \/ Yoast SEO plugin. -->","yoast_head_json":{"title":"Ekologi - TEST - SMND","robots":{"index":"noindex","follow":"follow","max-snippet":"max-snippet:-1","max-image-preview":"max-image-preview:large","max-video-preview":"max-video-preview:-1"},"og_locale":"en_US","og_type":"article","og_title":"Ekologi - TEST - SMND","og_description":"Ekologi En naturlig balans Shri Mataji s\u00e5g naturen som en levande Moder Jord som ger och uppr\u00e4tth\u00e5ller liv och b\u00f6r respekteras och som v\u00f6rdas. Hon ber\u00e4ttade att hon och hennes syskon, som m\u00e5nga indiska barn, l\u00e4rde sig att be om f\u00f6rl\u00e5telse till Moder Jord p\u00e5 morgonen &#8220;eftersom vi r\u00f6rde vid henne med v\u00e5ra f\u00f6tter. Shri&hellip; Read more","og_url":"https:\/\/shrimataji.org\/test\/sv\/ekologi\/","og_site_name":"TEST - SMND","article_publisher":"https:\/\/www.facebook.com\/shrimataji","article_modified_time":"2026-01-06T18:59:51+00:00","og_image":[{"width":990,"height":350,"url":"https:\/\/shrimataji.org\/test\/wp-content\/uploads\/2018\/07\/media_originals\/images\/headers-general\/shri-mataji-at-the-krishna-river-in-brahmapuri-india-1985.jpg","type":"image\/jpeg"}],"twitter_card":"summary_large_image","twitter_site":"@shrimataji","schema":{"@context":"https:\/\/schema.org","@graph":[{"@type":"WebPage","@id":"https:\/\/shrimataji.org\/test\/sv\/ekologi\/","url":"https:\/\/shrimataji.org\/test\/sv\/ekologi\/","name":"Ekologi - TEST - SMND","isPartOf":{"@id":"https:\/\/shrimataji.org\/test\/#website"},"primaryImageOfPage":{"@id":"https:\/\/shrimataji.org\/test\/sv\/ekologi\/#primaryimage"},"image":{"@id":"https:\/\/shrimataji.org\/test\/sv\/ekologi\/#primaryimage"},"thumbnailUrl":"https:\/\/shrimataji.org\/test\/wp-content\/uploads\/2018\/07\/media_originals\/images\/headers-general\/shri-mataji-at-the-krishna-river-in-brahmapuri-india-1985.jpg","datePublished":"2011-02-12T02:00:00+00:00","dateModified":"2026-01-06T18:59:51+00:00","breadcrumb":{"@id":"https:\/\/shrimataji.org\/test\/sv\/ekologi\/#breadcrumb"},"inLanguage":"en-US","potentialAction":[{"@type":"ReadAction","target":["https:\/\/shrimataji.org\/test\/sv\/ekologi\/"]}]},{"@type":"ImageObject","inLanguage":"en-US","@id":"https:\/\/shrimataji.org\/test\/sv\/ekologi\/#primaryimage","url":"https:\/\/shrimataji.org\/test\/wp-content\/uploads\/2018\/07\/media_originals\/images\/headers-general\/shri-mataji-at-the-krishna-river-in-brahmapuri-india-1985.jpg","contentUrl":"https:\/\/shrimataji.org\/test\/wp-content\/uploads\/2018\/07\/media_originals\/images\/headers-general\/shri-mataji-at-the-krishna-river-in-brahmapuri-india-1985.jpg","width":990,"height":350},{"@type":"BreadcrumbList","@id":"https:\/\/shrimataji.org\/test\/sv\/ekologi\/#breadcrumb","itemListElement":[{"@type":"ListItem","position":1,"name":"Home","item":"https:\/\/shrimataji.org\/test\/uk\/home-en\/"},{"@type":"ListItem","position":2,"name":"Ekologi"}]},{"@type":"WebSite","@id":"https:\/\/shrimataji.org\/test\/#website","url":"https:\/\/shrimataji.org\/test\/","name":"Shri Mataji Nirmala Devi","description":"A Life Dedicated to Humanity","publisher":{"@id":"https:\/\/shrimataji.org\/test\/#\/schema\/person\/a1b3419c6585f164aa96da1ff85715d1"},"potentialAction":[{"@type":"SearchAction","target":{"@type":"EntryPoint","urlTemplate":"https:\/\/shrimataji.org\/test\/?s={search_term_string}"},"query-input":{"@type":"PropertyValueSpecification","valueRequired":true,"valueName":"search_term_string"}}],"inLanguage":"en-US"},{"@type":["Person","Organization"],"@id":"https:\/\/shrimataji.org\/test\/#\/schema\/person\/a1b3419c6585f164aa96da1ff85715d1","name":"Nirmala Shrivastava","image":{"@type":"ImageObject","inLanguage":"en-US","@id":"https:\/\/shrimataji.org\/test\/wp-content\/uploads\/2023\/02\/SMO_LOGO-03.svg","url":"https:\/\/shrimataji.org\/test\/wp-content\/uploads\/2023\/02\/SMO_LOGO-03.svg","contentUrl":"https:\/\/shrimataji.org\/test\/wp-content\/uploads\/2023\/02\/SMO_LOGO-03.svg","width":"1024","height":"1024","caption":"Nirmala Shrivastava"},"logo":{"@id":"https:\/\/shrimataji.org\/test\/wp-content\/uploads\/2023\/02\/SMO_LOGO-03.svg"},"sameAs":["https:\/\/shrimataji.org\/test","https:\/\/www.facebook.com\/shrimataji","https:\/\/x.com\/shrimataji","https:\/\/www.youtube.com\/@Shri_Mataji_Nirmala_Devi\/featured"]}]}},"lang":"sv","translations":{"sv":22973,"ur":37413,"en":416,"am":17984,"th":19920,"hu":19459,"sq":18385,"zh":17282,"tr":10149,"pt":10362,"de":10636,"fr":10734,"it":10832,"es":10929,"ja":11226,"ru":11414,"bn":11606,"te":11714,"sw":11837,"he":11985,"el":12276,"sk":12374,"fa":12472,"fi":12570,"bg":13513,"ro":14588,"cs":14781,"nl":16545,"ku":16705,"ar":16881,"be":18592,"kn":18866,"mr":20284,"uk":20576,"ml":20875,"ta":22700,"gu":28821,"pa":28979,"fil":29419,"da":37727,"pl":37944,"nn":38279},"pll_sync_post":[],"_links":{"self":[{"href":"https:\/\/shrimataji.org\/test\/wp-json\/wp\/v2\/pages\/22973","targetHints":{"allow":["GET"]}}],"collection":[{"href":"https:\/\/shrimataji.org\/test\/wp-json\/wp\/v2\/pages"}],"about":[{"href":"https:\/\/shrimataji.org\/test\/wp-json\/wp\/v2\/types\/page"}],"author":[{"embeddable":true,"href":"https:\/\/shrimataji.org\/test\/wp-json\/wp\/v2\/users\/58"}],"replies":[{"embeddable":true,"href":"https:\/\/shrimataji.org\/test\/wp-json\/wp\/v2\/comments?post=22973"}],"version-history":[{"count":0,"href":"https:\/\/shrimataji.org\/test\/wp-json\/wp\/v2\/pages\/22973\/revisions"}],"wp:featuredmedia":[{"embeddable":true,"href":"https:\/\/shrimataji.org\/test\/wp-json\/wp\/v2\/media\/22974"}],"wp:attachment":[{"href":"https:\/\/shrimataji.org\/test\/wp-json\/wp\/v2\/media?parent=22973"}],"curies":[{"name":"wp","href":"https:\/\/api.w.org\/{rel}","templated":true}]}}