{"id":23009,"date":"2018-07-10T06:54:46","date_gmt":"2018-07-10T06:54:46","guid":{"rendered":"http:\/\/testwordpress.nirmalnagari.org\/smnd\/index.php\/importance-of-family\/"},"modified":"2026-01-06T17:40:24","modified_gmt":"2026-01-06T17:40:24","slug":"familjens-betydelse","status":"publish","type":"page","link":"https:\/\/shrimataji.org\/test\/sv\/familjens-betydelse\/","title":{"rendered":"Familjens betydelse"},"content":{"rendered":"\n\n\t<h1>Familjens betydelse<\/h1>\n<h2>Samh\u00e4llets grund<\/h2>\n\t<h4>Ett framg\u00e5ngsrikt samh\u00e4lle grundar sig p\u00e5 styrkan hos sina familjer och p\u00e5 v\u00e5ra roller och relationer till varandra. Shri Mataji uttryckte ofta sin vision om ett s\u00e5nt balanserat samh\u00e4lle, och under hela sitt liv var hon sj\u00e4lv ett idealiskt exempel p\u00e5 de olika roller en kvinna kan fylla i familjen, i samh\u00e4llet och p\u00e5 v\u00e4rldsscenen.<\/h4>\n\t<p>Hon tog ansvar inom sin familj i tidig \u00e5lder. \u00c4ven om hon inte var den \u00e4ldsta, tog hon hand om sina m\u00e5nga syskon medan hennes f\u00f6r\u00e4ldrar engagerade sig i kampen f\u00f6r Indiens sj\u00e4lvst\u00e4ndighet &#8211; en r\u00f6relse som hon ocks\u00e5 skulle g\u00e5 med i som ung kvinna. N\u00e4r Shri Mataji var fru och mor tog han hand om sina barn och st\u00f6dde sin man n\u00e4r de reste internationellt f\u00f6r hans arbete med FN:s sj\u00f6fartsorganisation. \u00c4ven om hennes oro f\u00f6r m\u00e4nskligheten var p\u00e5 global niv\u00e5, v\u00e4ntade hon tills hennes d\u00f6ttrar gifte sig och bosatte sig innan hon b\u00f6rjade sitt offentliga arbete.<\/p>\n\t<p>Shri Mataji f\u00f6rklarade dynamiken i f\u00f6rh\u00e5llandet mellan man och hustru s\u00e5 h\u00e4r: &#8220;Ni m\u00e5ste vara i balans. Det \u00e4r inte mannen eller hustrun, utan b\u00e5da tv\u00e5. De ska respektera varandra, \u00e4lska varandra, dela allt med varandra och existera p\u00e5 ett s\u00e5dant s\u00e4tt att m\u00e4nniskor ska se att det finns tv\u00e5 hjul p\u00e5 en vagn, ett till v\u00e4nster och ett till h\u00f6ger.&#8221; Och balans kr\u00e4ver j\u00e4mlikhet. &#8220;Det finns ingen obalans. De \u00e4r j\u00e4mst\u00e4llda, men inte lika.&#8221;<\/p>\n\t<div class=\"su-quote su-quote-style-default\"><div class=\"su-quote-inner su-u-clearfix su-u-trim\"> N\u00e4r man bildar en bra familj, d\u00e5 skapar man ett vackert, v\u00e4ldigt vackert, universum runt omkring <\/div><\/div>\n\t<p>Shri Mataji j\u00e4mf\u00f6rde egenskaperna hos en hustru med de hos Moder Jord: hon \u00e4r n\u00e4rande, hon \u00e4r gener\u00f6s och k\u00e4rleksfull och hon kan skapa sk\u00f6nhet. Hon \u00e4r ocks\u00e5 fredsstiftaren och hj\u00e4lper till att h\u00e5lla relationerna i en familj harmoniska. Hon \u00e4r k\u00e4llan till en familjs styrka, och hennes kraft str\u00e4cker sig bortom familjens sf\u00e4r. &#8220;Kvinnan ger makt &#8230; till din son, din man, till hela samh\u00e4llet.&#8221;<\/p>\n\t\t\t\t<img decoding=\"async\" src=\"https:\/\/shrimataji.org\/wp-content\/uploads\/2018\/07\/media_originals\/images\/art\/aftertitian-aldobrandini-by-graham-brown-dec-2009-1024x694.jpg\" alt=\"Aldobrandinische Madonna nach Tizian\n(Graham Brown, 2009)\" itemprop=\"image\" title=\"aftertitian-aldobrandini-by-graham-brown-dec-2009\" onerror=\"this.style.display='none'\" loading=\"lazy\" \/>\n\t<p>Mannen har ansvaret att ta hand om alla i sin familj och se till att deras behov tillgodoses. Det b\u00f6r finnas \u00f6msesidig respekt mellan man och hustru, eftersom deras roller \u00e4r beroende av varandra och lika v\u00e4rdefulla.<\/p>\n<p>Andra viktiga aspekter av familjelivet inkluderar relationerna mellan barn och f\u00f6r\u00e4ldrar, br\u00f6der och systrar, yngre familjemedlemmar och \u00e4ldre. N\u00e4r det r\u00e5der balans och frid i familjen ger det ringar p\u00e5 vattnet och skapar en fridfull och balanserande effekt p\u00e5 samh\u00e4llet.<\/p>\n\t<p>Med dessa v\u00e4rderingar och visioner, och samtidigt som hon uppfyllde sin egen roll som fru, mamma, mormor (och till och med gammelmormor) f\u00f6rblev Shri Matajis uppm\u00e4rksamhet global. Hon tog detta budskap om balans och \u00f6msesidigt beroende mellan m\u00e4n och kvinnor till v\u00e4rldsscenen n\u00e4r hon 1995 talade vid <a href=\"https:\/\/shrimataji.org\/test\/sv\/fns-fjarde-varldskonferens-om-kvinnor\/\">FN:s kvinnokonferens i Peking<\/a>. H\u00e4r uttryckte hon sin oro \u00f6ver situationen f\u00f6r kvinnor, och betonade vikten av rollen som mamma; en roll som s\u00e5 m\u00e5nga samh\u00e4llen har underv\u00e4rderat.<\/p>\n<p>Liksom alla verkligt stora ledare f\u00f6rs\u00f6kte hon ena och inspirera; hon ans\u00e5g att hela v\u00e4rlden var hennes familj, och alla m\u00e4nniskor, oavsett ras, religion eller nationalitet, var v\u00e4rda hennes omsorg och omtanke.<\/p>\n\n","protected":false},"excerpt":{"rendered":"<p>Familjens betydelse Samh\u00e4llets grund Ett framg\u00e5ngsrikt samh\u00e4lle grundar sig p\u00e5 styrkan hos sina familjer och p\u00e5 v\u00e5ra roller och relationer till varandra. Shri Mataji uttryckte ofta sin vision om ett s\u00e5nt balanserat samh\u00e4lle, och under hela sitt liv var hon sj\u00e4lv ett idealiskt exempel p\u00e5 de olika roller en kvinna kan fylla i familjen, i&hellip; <br \/> <a class=\"read-more\" href=\"https:\/\/shrimataji.org\/test\/sv\/familjens-betydelse\/\">Read more<\/a><\/p>\n","protected":false},"author":58,"featured_media":23010,"parent":0,"menu_order":0,"comment_status":"closed","ping_status":"closed","template":"","meta":{"inline_featured_image":false,"footnotes":""},"class_list":["post-23009","page","type-page","status-publish","has-post-thumbnail","hentry"],"yoast_head":"<!-- This site is optimized with the Yoast SEO plugin v27.4 - https:\/\/yoast.com\/product\/yoast-seo-wordpress\/ -->\n<title>Familjens betydelse - TEST - SMND<\/title>\n<meta name=\"robots\" content=\"noindex, follow, max-snippet:-1, max-image-preview:large, max-video-preview:-1\" \/>\n<meta property=\"og:locale\" content=\"en_US\" \/>\n<meta property=\"og:type\" content=\"article\" \/>\n<meta property=\"og:title\" content=\"Familjens betydelse - TEST - SMND\" \/>\n<meta property=\"og:description\" content=\"Familjens betydelse Samh\u00e4llets grund Ett framg\u00e5ngsrikt samh\u00e4lle grundar sig p\u00e5 styrkan hos sina familjer och p\u00e5 v\u00e5ra roller och relationer till varandra. Shri Mataji uttryckte ofta sin vision om ett s\u00e5nt balanserat samh\u00e4lle, och under hela sitt liv var hon sj\u00e4lv ett idealiskt exempel p\u00e5 de olika roller en kvinna kan fylla i familjen, i&hellip; Read more\" \/>\n<meta property=\"og:url\" content=\"https:\/\/shrimataji.org\/test\/sv\/familjens-betydelse\/\" \/>\n<meta property=\"og:site_name\" content=\"TEST - SMND\" \/>\n<meta property=\"article:publisher\" content=\"https:\/\/www.facebook.com\/shrimataji\" \/>\n<meta property=\"article:modified_time\" content=\"2026-01-06T17:40:24+00:00\" \/>\n<meta property=\"og:image\" content=\"https:\/\/shrimataji.org\/test\/wp-content\/uploads\/2018\/07\/media_originals\/images\/headers-work-importance-of-family\/sunset-over-the-jesus-hill-in-glastonbury-uk.jpg\" \/>\n\t<meta property=\"og:image:width\" content=\"990\" \/>\n\t<meta property=\"og:image:height\" content=\"350\" \/>\n\t<meta property=\"og:image:type\" content=\"image\/jpeg\" \/>\n<meta name=\"twitter:card\" content=\"summary_large_image\" \/>\n<meta name=\"twitter:site\" content=\"@shrimataji\" \/>\n<meta name=\"twitter:label1\" content=\"Est. reading time\" \/>\n\t<meta name=\"twitter:data1\" content=\"3 minutes\" \/>\n<script type=\"application\/ld+json\" class=\"yoast-schema-graph\">{\"@context\":\"https:\\\/\\\/schema.org\",\"@graph\":[{\"@type\":\"WebPage\",\"@id\":\"https:\\\/\\\/shrimataji.org\\\/test\\\/sv\\\/familjens-betydelse\\\/\",\"url\":\"https:\\\/\\\/shrimataji.org\\\/test\\\/sv\\\/familjens-betydelse\\\/\",\"name\":\"Familjens betydelse - TEST - SMND\",\"isPartOf\":{\"@id\":\"https:\\\/\\\/shrimataji.org\\\/test\\\/#website\"},\"primaryImageOfPage\":{\"@id\":\"https:\\\/\\\/shrimataji.org\\\/test\\\/sv\\\/familjens-betydelse\\\/#primaryimage\"},\"image\":{\"@id\":\"https:\\\/\\\/shrimataji.org\\\/test\\\/sv\\\/familjens-betydelse\\\/#primaryimage\"},\"thumbnailUrl\":\"https:\\\/\\\/shrimataji.org\\\/test\\\/wp-content\\\/uploads\\\/2018\\\/07\\\/media_originals\\\/images\\\/headers-work-importance-of-family\\\/sunset-over-the-jesus-hill-in-glastonbury-uk.jpg\",\"datePublished\":\"2018-07-10T06:54:46+00:00\",\"dateModified\":\"2026-01-06T17:40:24+00:00\",\"breadcrumb\":{\"@id\":\"https:\\\/\\\/shrimataji.org\\\/test\\\/sv\\\/familjens-betydelse\\\/#breadcrumb\"},\"inLanguage\":\"en-US\",\"potentialAction\":[{\"@type\":\"ReadAction\",\"target\":[\"https:\\\/\\\/shrimataji.org\\\/test\\\/sv\\\/familjens-betydelse\\\/\"]}]},{\"@type\":\"ImageObject\",\"inLanguage\":\"en-US\",\"@id\":\"https:\\\/\\\/shrimataji.org\\\/test\\\/sv\\\/familjens-betydelse\\\/#primaryimage\",\"url\":\"https:\\\/\\\/shrimataji.org\\\/test\\\/wp-content\\\/uploads\\\/2018\\\/07\\\/media_originals\\\/images\\\/headers-work-importance-of-family\\\/sunset-over-the-jesus-hill-in-glastonbury-uk.jpg\",\"contentUrl\":\"https:\\\/\\\/shrimataji.org\\\/test\\\/wp-content\\\/uploads\\\/2018\\\/07\\\/media_originals\\\/images\\\/headers-work-importance-of-family\\\/sunset-over-the-jesus-hill-in-glastonbury-uk.jpg\",\"width\":990,\"height\":350},{\"@type\":\"BreadcrumbList\",\"@id\":\"https:\\\/\\\/shrimataji.org\\\/test\\\/sv\\\/familjens-betydelse\\\/#breadcrumb\",\"itemListElement\":[{\"@type\":\"ListItem\",\"position\":1,\"name\":\"Home\",\"item\":\"https:\\\/\\\/shrimataji.org\\\/test\\\/uk\\\/home-en\\\/\"},{\"@type\":\"ListItem\",\"position\":2,\"name\":\"Familjens betydelse\"}]},{\"@type\":\"WebSite\",\"@id\":\"https:\\\/\\\/shrimataji.org\\\/test\\\/#website\",\"url\":\"https:\\\/\\\/shrimataji.org\\\/test\\\/\",\"name\":\"Shri Mataji Nirmala Devi\",\"description\":\"A Life Dedicated to Humanity\",\"publisher\":{\"@id\":\"https:\\\/\\\/shrimataji.org\\\/test\\\/#\\\/schema\\\/person\\\/a1b3419c6585f164aa96da1ff85715d1\"},\"potentialAction\":[{\"@type\":\"SearchAction\",\"target\":{\"@type\":\"EntryPoint\",\"urlTemplate\":\"https:\\\/\\\/shrimataji.org\\\/test\\\/?s={search_term_string}\"},\"query-input\":{\"@type\":\"PropertyValueSpecification\",\"valueRequired\":true,\"valueName\":\"search_term_string\"}}],\"inLanguage\":\"en-US\"},{\"@type\":[\"Person\",\"Organization\"],\"@id\":\"https:\\\/\\\/shrimataji.org\\\/test\\\/#\\\/schema\\\/person\\\/a1b3419c6585f164aa96da1ff85715d1\",\"name\":\"Nirmala Shrivastava\",\"image\":{\"@type\":\"ImageObject\",\"inLanguage\":\"en-US\",\"@id\":\"https:\\\/\\\/shrimataji.org\\\/test\\\/wp-content\\\/uploads\\\/2023\\\/02\\\/SMO_LOGO-03.svg\",\"url\":\"https:\\\/\\\/shrimataji.org\\\/test\\\/wp-content\\\/uploads\\\/2023\\\/02\\\/SMO_LOGO-03.svg\",\"contentUrl\":\"https:\\\/\\\/shrimataji.org\\\/test\\\/wp-content\\\/uploads\\\/2023\\\/02\\\/SMO_LOGO-03.svg\",\"width\":\"1024\",\"height\":\"1024\",\"caption\":\"Nirmala Shrivastava\"},\"logo\":{\"@id\":\"https:\\\/\\\/shrimataji.org\\\/test\\\/wp-content\\\/uploads\\\/2023\\\/02\\\/SMO_LOGO-03.svg\"},\"sameAs\":[\"https:\\\/\\\/shrimataji.org\\\/test\",\"https:\\\/\\\/www.facebook.com\\\/shrimataji\",\"https:\\\/\\\/x.com\\\/shrimataji\",\"https:\\\/\\\/www.youtube.com\\\/@Shri_Mataji_Nirmala_Devi\\\/featured\"]}]}<\/script>\n<!-- \/ Yoast SEO plugin. -->","yoast_head_json":{"title":"Familjens betydelse - TEST - SMND","robots":{"index":"noindex","follow":"follow","max-snippet":"max-snippet:-1","max-image-preview":"max-image-preview:large","max-video-preview":"max-video-preview:-1"},"og_locale":"en_US","og_type":"article","og_title":"Familjens betydelse - TEST - SMND","og_description":"Familjens betydelse Samh\u00e4llets grund Ett framg\u00e5ngsrikt samh\u00e4lle grundar sig p\u00e5 styrkan hos sina familjer och p\u00e5 v\u00e5ra roller och relationer till varandra. Shri Mataji uttryckte ofta sin vision om ett s\u00e5nt balanserat samh\u00e4lle, och under hela sitt liv var hon sj\u00e4lv ett idealiskt exempel p\u00e5 de olika roller en kvinna kan fylla i familjen, i&hellip; Read more","og_url":"https:\/\/shrimataji.org\/test\/sv\/familjens-betydelse\/","og_site_name":"TEST - SMND","article_publisher":"https:\/\/www.facebook.com\/shrimataji","article_modified_time":"2026-01-06T17:40:24+00:00","og_image":[{"width":990,"height":350,"url":"https:\/\/shrimataji.org\/test\/wp-content\/uploads\/2018\/07\/media_originals\/images\/headers-work-importance-of-family\/sunset-over-the-jesus-hill-in-glastonbury-uk.jpg","type":"image\/jpeg"}],"twitter_card":"summary_large_image","twitter_site":"@shrimataji","twitter_misc":{"Est. reading time":"3 minutes"},"schema":{"@context":"https:\/\/schema.org","@graph":[{"@type":"WebPage","@id":"https:\/\/shrimataji.org\/test\/sv\/familjens-betydelse\/","url":"https:\/\/shrimataji.org\/test\/sv\/familjens-betydelse\/","name":"Familjens betydelse - TEST - SMND","isPartOf":{"@id":"https:\/\/shrimataji.org\/test\/#website"},"primaryImageOfPage":{"@id":"https:\/\/shrimataji.org\/test\/sv\/familjens-betydelse\/#primaryimage"},"image":{"@id":"https:\/\/shrimataji.org\/test\/sv\/familjens-betydelse\/#primaryimage"},"thumbnailUrl":"https:\/\/shrimataji.org\/test\/wp-content\/uploads\/2018\/07\/media_originals\/images\/headers-work-importance-of-family\/sunset-over-the-jesus-hill-in-glastonbury-uk.jpg","datePublished":"2018-07-10T06:54:46+00:00","dateModified":"2026-01-06T17:40:24+00:00","breadcrumb":{"@id":"https:\/\/shrimataji.org\/test\/sv\/familjens-betydelse\/#breadcrumb"},"inLanguage":"en-US","potentialAction":[{"@type":"ReadAction","target":["https:\/\/shrimataji.org\/test\/sv\/familjens-betydelse\/"]}]},{"@type":"ImageObject","inLanguage":"en-US","@id":"https:\/\/shrimataji.org\/test\/sv\/familjens-betydelse\/#primaryimage","url":"https:\/\/shrimataji.org\/test\/wp-content\/uploads\/2018\/07\/media_originals\/images\/headers-work-importance-of-family\/sunset-over-the-jesus-hill-in-glastonbury-uk.jpg","contentUrl":"https:\/\/shrimataji.org\/test\/wp-content\/uploads\/2018\/07\/media_originals\/images\/headers-work-importance-of-family\/sunset-over-the-jesus-hill-in-glastonbury-uk.jpg","width":990,"height":350},{"@type":"BreadcrumbList","@id":"https:\/\/shrimataji.org\/test\/sv\/familjens-betydelse\/#breadcrumb","itemListElement":[{"@type":"ListItem","position":1,"name":"Home","item":"https:\/\/shrimataji.org\/test\/uk\/home-en\/"},{"@type":"ListItem","position":2,"name":"Familjens betydelse"}]},{"@type":"WebSite","@id":"https:\/\/shrimataji.org\/test\/#website","url":"https:\/\/shrimataji.org\/test\/","name":"Shri Mataji Nirmala Devi","description":"A Life Dedicated to Humanity","publisher":{"@id":"https:\/\/shrimataji.org\/test\/#\/schema\/person\/a1b3419c6585f164aa96da1ff85715d1"},"potentialAction":[{"@type":"SearchAction","target":{"@type":"EntryPoint","urlTemplate":"https:\/\/shrimataji.org\/test\/?s={search_term_string}"},"query-input":{"@type":"PropertyValueSpecification","valueRequired":true,"valueName":"search_term_string"}}],"inLanguage":"en-US"},{"@type":["Person","Organization"],"@id":"https:\/\/shrimataji.org\/test\/#\/schema\/person\/a1b3419c6585f164aa96da1ff85715d1","name":"Nirmala Shrivastava","image":{"@type":"ImageObject","inLanguage":"en-US","@id":"https:\/\/shrimataji.org\/test\/wp-content\/uploads\/2023\/02\/SMO_LOGO-03.svg","url":"https:\/\/shrimataji.org\/test\/wp-content\/uploads\/2023\/02\/SMO_LOGO-03.svg","contentUrl":"https:\/\/shrimataji.org\/test\/wp-content\/uploads\/2023\/02\/SMO_LOGO-03.svg","width":"1024","height":"1024","caption":"Nirmala Shrivastava"},"logo":{"@id":"https:\/\/shrimataji.org\/test\/wp-content\/uploads\/2023\/02\/SMO_LOGO-03.svg"},"sameAs":["https:\/\/shrimataji.org\/test","https:\/\/www.facebook.com\/shrimataji","https:\/\/x.com\/shrimataji","https:\/\/www.youtube.com\/@Shri_Mataji_Nirmala_Devi\/featured"]}]}},"lang":"sv","translations":{"sv":23009,"ur":37446,"en":419,"ja":22912,"mr":23602,"fil":29455,"gu":34945,"da":37759,"nn":38311},"pll_sync_post":[],"_links":{"self":[{"href":"https:\/\/shrimataji.org\/test\/wp-json\/wp\/v2\/pages\/23009","targetHints":{"allow":["GET"]}}],"collection":[{"href":"https:\/\/shrimataji.org\/test\/wp-json\/wp\/v2\/pages"}],"about":[{"href":"https:\/\/shrimataji.org\/test\/wp-json\/wp\/v2\/types\/page"}],"author":[{"embeddable":true,"href":"https:\/\/shrimataji.org\/test\/wp-json\/wp\/v2\/users\/58"}],"replies":[{"embeddable":true,"href":"https:\/\/shrimataji.org\/test\/wp-json\/wp\/v2\/comments?post=23009"}],"version-history":[{"count":0,"href":"https:\/\/shrimataji.org\/test\/wp-json\/wp\/v2\/pages\/23009\/revisions"}],"wp:featuredmedia":[{"embeddable":true,"href":"https:\/\/shrimataji.org\/test\/wp-json\/wp\/v2\/media\/23010"}],"wp:attachment":[{"href":"https:\/\/shrimataji.org\/test\/wp-json\/wp\/v2\/media?parent=23009"}],"curies":[{"name":"wp","href":"https:\/\/api.w.org\/{rel}","templated":true}]}}