{"id":23014,"date":"2022-01-29T10:02:47","date_gmt":"2022-01-29T10:02:47","guid":{"rendered":"https:\/\/test.shrimataji.org\/?page_id=6394"},"modified":"2026-01-06T14:07:44","modified_gmt":"2026-01-06T14:07:44","slug":"kunskap-om-rotterna-subtila-systemet","status":"publish","type":"page","link":"https:\/\/shrimataji.org\/test\/sv\/kunskap-om-rotterna-subtila-systemet\/","title":{"rendered":"Kunskap om r\u00f6tterna &#8211; Subtila systemet"},"content":{"rendered":"\n\n\t<h1>Kunskap om r\u00f6tterna &#8211; Subtila systemet<\/h1>\n<h2>Den ur\u00e5ldriga vetenskapen om v\u00e5rt inre v\u00e4sen<\/h2>\n<h4>En viktig aspekt av att bem\u00e4stra yoga \u00e4r att ha fullst\u00e4ndig kunskap om det subtila systemet, som fungerar som en karta f\u00f6r att uppleva den inre utvecklingen av v\u00e5rt medvetande.<\/h4>\n\t<p>De gamla indiska vediska skrifterna beskriver det subtila systemet som best\u00e5ende av <a href=\"https:\/\/shrimataji.org\/test\/sv\/kanalerna-och-de-tre-humoren\/\">Nadis<\/a> (som betyder kanal p\u00e5 sanskrit). Liksom vattnet som rinner genom floderna, underl\u00e4ttar Nadis fl\u00f6det av subtila energier inom oss. Systemet inneh\u00e5ller ocks\u00e5 <a href=\"https:\/\/shrimataji.org\/test\/sv\/chakran-och-egenskaper\/\">Chakran<\/a> (vilket p\u00e5 sanskrit betyder subtilt energicentrum som snurrar som hjul) och Kundalini (vilket \u00e4r evolutionens kraft som ligger ihoprullad i v\u00e5rt korsben). V\u00e5r subtila kropp best\u00e5r av tusentals Nadis och Chakras inom en ram av tre huvudsakliga Nadis: <a href=\"https:\/\/shrimataji.org\/test\/sv\/ida-nadi\/\">Ida<\/a>, <a href=\"https:\/\/shrimataji.org\/test\/sv\/pingala-nadi\/\">Pingala<\/a> och <a href=\"https:\/\/shrimataji.org\/test\/sv\/sushumna-nadi\/\">Sushumna<\/a>, och sju Chakras som \u00e4r <a href=\"https:\/\/shrimataji.org\/test\/sv\/mooladhara-chakra\/\">Mooladhara<\/a>, <a href=\"https:\/\/shrimataji.org\/test\/sv\/swadhisthan-chakra\/\">Swadhisthan<\/a>, <a href=\"https:\/\/shrimataji.org\/test\/sv\/nabhi-chakra\/\">Nabhi<\/a>, <a href=\"https:\/\/shrimataji.org\/test\/sv\/anahata-chakra\/\">Anahata<\/a>, <a href=\"https:\/\/shrimataji.org\/test\/sv\/vishuddhi-chakra\/\">Vishuddhi<\/a>, <a href=\"https:\/\/shrimataji.org\/test\/sv\/agnya-chakra\/\">Agnya<\/a> och <a href=\"https:\/\/shrimataji.org\/test\/sv\/sahasrara-chakra\/\">Sahasrara<\/a>.<\/p>\n<p><a href=\"https:\/\/shrimataji.org\/test\/sv\/atma\/\">Atma<\/a>, den eviga Anden, \u00e5terspeglas i v\u00e5rt hj\u00e4rta.<\/p>\n\t\t\t\t<a href=\"https:\/\/shrimataji.org\/test\/wp-content\/uploads\/2023\/02\/01_Nadis-_-Chakras-01.png\"  target=\"_blank\" rel=\"noopener\"  itemprop=\"url\">\n\t\t\t\t<img decoding=\"async\" src=\"https:\/\/shrimataji.org\/test\/wp-content\/uploads\/2024\/12\/se-nadish-and-chakras.png\" alt=\"se-nadish-and-chakras\" itemprop=\"image\" height=\"3705\" width=\"3214\" title=\"se-nadish-and-chakras\" onerror=\"this.style.display='none'\" loading=\"lazy\" \/>\n\t\t\t\t<\/a>\n\t<p>Precis som vi har ett mycket intrikat n\u00e4tverk av nerver och nervplexusar som styr och kontrollerar v\u00e5ra sinnesorgan och motoriska reaktioner, har varje m\u00e4nniska ett medf\u00f6tt subtilt system som \u00f6verensst\u00e4mmer mycket v\u00e4l med de sympatiska och parasympatiska nervsystemen. Det komplexa samspelet mellan v\u00e5rt subtila system, som best\u00e5r av kanaler (Nadis) och energicentra (chakran), med det neurala n\u00e4tverket i v\u00e5r kropp och hj\u00e4rna, tar hand om v\u00e5r fysiska, intellektuella, k\u00e4nslom\u00e4ssiga och andliga varelse. Man skulle kunna j\u00e4mf\u00f6ra det subtila systemet med programvaran i en dator.<\/p>\n<p>Kunskapen om det m\u00e4nskliga subtila systemet var k\u00e4nt redan f\u00f6r tusentals \u00e5r sedan. De indiska skrifterna avsl\u00f6jar att Lord Shiva var den f\u00f6rsta Adiyogi (uryogi) som f\u00f6rde fram denna kunskap till Saptha Rishis (de sju vise). Dessa sju vise bar denna yogavetenskap till olika delar av v\u00e4rlden. Det var dock i Indien som det yogiska systemet fick sitt fullaste uttryck.<\/p>\n<p>\u00c4ven om denna kunskap om v\u00e5rt subtila system var v\u00e4lk\u00e4nd i de indiska yogatraditionerna, var det Shri Mataji som f\u00f6rst illustrerade den komplexa mekanismen f\u00f6r hela det subtila systemet och hur det samexisterar i den levande kroppen redan fr\u00e5n de tidiga stadierna av fostrets utveckling i livmodern.<\/p>\n<div class=\"su-quote su-quote-style-default\"><div class=\"su-quote-inner su-u-clearfix su-u-trim\"> S\u00e5 n\u00e4r barnet \u00e4r tv\u00e5 m\u00e5nader gammalt i moderns mage kommer denna livskraft in i sj\u00e4len. Det \u00e4r h\u00e4r det kommer in. P\u00e5 v\u00e4g ner (inuti kroppen) fr\u00e5n huvudet, ner genom mitten av hj\u00e4rnan, genom kotm\u00e4rgen &#8211; den s\u00e5 kallade ryggm\u00e4rgen &#8211; och ner till den triangul\u00e4ra delen (benet). N\u00e4r denna Kundalinikraft f\u00e4rdas ner\u00e5t stannar den ibland, den orsakar chakran. Och dessa chakran lever inuti som centra och utanf\u00f6r kallas de av l\u00e4kare som plexus, det vill s\u00e4ga det parasympatiska nervsystemet. <\/div><\/div>\n<p>Med hj\u00e4lp av den enkla analogin av ljus som b\u00f6js i ett prisma, f\u00f6rklarade Shri Mataji hur den m\u00e4nskliga hj\u00e4rnan, som har utvecklats under miljontals \u00e5r fr\u00e5n en platt till en prismatisk struktur, underl\u00e4ttar en komplex arkitektur av subtila energier som reflekteras och blandas i det komplexa m\u00e4nskliga nervsystemet<\/p>\n<p>En upplyst person kan ofta k\u00e4nna den svala brisen som stiger ut ur fontanellen hos nyf\u00f6dda bebisar. Shri Mataji f\u00f6rklarade detta fenomen som en indikation p\u00e5 aktiviteten av Guds allomfattande k\u00e4rlek, som hon kallade <a href=\"https:\/\/shrimataji.org\/test\/sv\/paramchaitanya\/\">Paramchaitanya<\/a>, under de tidiga stadierna av v\u00e5r tillv\u00e4xt. Ofta ses bebisar suga ett visst finger, vilket upplysta sj\u00e4lar l\u00e4tt kan tyda som h\u00e4nvisningar till blockeringar p\u00e5 ett specifikt chakra inom oss. Senare, genom f\u00f6rkalkning av kranialbenen och utvecklingen av det m\u00e4nskliga egot och v\u00e5ra vanor, avtar denna subtila medvetenhet och vi blir mer medvetna om och identifierar oss med den fysiska v\u00e4rlden omkring oss.<\/p>\n<p>Genom processen av sj\u00e4lvupplysning och meditation kan vi \u00e5terst\u00e4lla denna ursprungliga kontakt med v\u00e5r subtila varelse.<\/p>\n\t\t<img decoding=\"async\" data-spai-excluded=\"true\" loading=\"lazy\"  alt=\"YouTube player\"  src=\"https:\/\/i.ytimg.com\/vi\/PrwmhC45nVc\/maxresdefault.jpg\"  \/><button aria-label=\"Play\"><\/button><meta itemprop=\"embedUrl\" content=\"https:\/\/www.youtube.com\/embed\/PrwmhC45nVc\"\/><meta itemprop=\"name\" content=\"Knowledge of the roots\"\/><meta itemprop=\"description\" content=\"YouTube video\"\/><meta itemprop=\"thumbnailUrl\" content=\"https:\/\/i.ytimg.com\/vi\/PrwmhC45nVc\/0.jpg\"\/><meta itemprop=\"duration\" content=\"PT1M35S\"\/><meta itemprop=\"uploadDate\" content=\"2022-11-12T03:23:30Z\"\/>\t\n\n","protected":false},"excerpt":{"rendered":"<p>Kunskap om r\u00f6tterna &#8211; Subtila systemet Den ur\u00e5ldriga vetenskapen om v\u00e5rt inre v\u00e4sen En viktig aspekt av att bem\u00e4stra yoga \u00e4r att ha fullst\u00e4ndig kunskap om det subtila systemet, som fungerar som en karta f\u00f6r att uppleva den inre utvecklingen av v\u00e5rt medvetande. De gamla indiska vediska skrifterna beskriver det subtila systemet som best\u00e5ende av&hellip; <br \/> <a class=\"read-more\" href=\"https:\/\/shrimataji.org\/test\/sv\/kunskap-om-rotterna-subtila-systemet\/\">Read more<\/a><\/p>\n","protected":false},"author":58,"featured_media":23015,"parent":0,"menu_order":0,"comment_status":"closed","ping_status":"closed","template":"","meta":{"inline_featured_image":false,"footnotes":""},"class_list":["post-23014","page","type-page","status-publish","has-post-thumbnail","hentry"],"yoast_head":"<!-- This site is optimized with the Yoast SEO plugin v27.4 - https:\/\/yoast.com\/product\/yoast-seo-wordpress\/ -->\n<title>Kunskap om r\u00f6tterna - Subtila systemet - TEST - SMND<\/title>\n<meta name=\"robots\" content=\"noindex, follow, max-snippet:-1, max-image-preview:large, max-video-preview:-1\" \/>\n<meta property=\"og:locale\" content=\"en_US\" \/>\n<meta property=\"og:type\" content=\"article\" \/>\n<meta property=\"og:title\" content=\"Kunskap om r\u00f6tterna - Subtila systemet - TEST - SMND\" \/>\n<meta property=\"og:description\" content=\"Kunskap om r\u00f6tterna &#8211; Subtila systemet Den ur\u00e5ldriga vetenskapen om v\u00e5rt inre v\u00e4sen En viktig aspekt av att bem\u00e4stra yoga \u00e4r att ha fullst\u00e4ndig kunskap om det subtila systemet, som fungerar som en karta f\u00f6r att uppleva den inre utvecklingen av v\u00e5rt medvetande. De gamla indiska vediska skrifterna beskriver det subtila systemet som best\u00e5ende av&hellip; Read more\" \/>\n<meta property=\"og:url\" content=\"https:\/\/shrimataji.org\/test\/sv\/kunskap-om-rotterna-subtila-systemet\/\" \/>\n<meta property=\"og:site_name\" content=\"TEST - SMND\" \/>\n<meta property=\"article:publisher\" content=\"https:\/\/www.facebook.com\/shrimataji\" \/>\n<meta property=\"article:modified_time\" content=\"2026-01-06T14:07:44+00:00\" \/>\n<meta property=\"og:image\" content=\"https:\/\/shrimataji.org\/test\/wp-content\/uploads\/2023\/03\/7_Banner-SY-Roots-2-scaled.jpg\" \/>\n\t<meta property=\"og:image:width\" content=\"2560\" \/>\n\t<meta property=\"og:image:height\" content=\"905\" \/>\n\t<meta property=\"og:image:type\" content=\"image\/jpeg\" \/>\n<meta name=\"twitter:card\" content=\"summary_large_image\" \/>\n<meta name=\"twitter:site\" content=\"@shrimataji\" \/>\n<meta name=\"twitter:label1\" content=\"Est. reading time\" \/>\n\t<meta name=\"twitter:data1\" content=\"3 minutes\" \/>\n<script type=\"application\/ld+json\" class=\"yoast-schema-graph\">{\"@context\":\"https:\\\/\\\/schema.org\",\"@graph\":[{\"@type\":\"WebPage\",\"@id\":\"https:\\\/\\\/shrimataji.org\\\/test\\\/sv\\\/kunskap-om-rotterna-subtila-systemet\\\/\",\"url\":\"https:\\\/\\\/shrimataji.org\\\/test\\\/sv\\\/kunskap-om-rotterna-subtila-systemet\\\/\",\"name\":\"Kunskap om r\u00f6tterna - Subtila systemet - TEST - SMND\",\"isPartOf\":{\"@id\":\"https:\\\/\\\/shrimataji.org\\\/test\\\/#website\"},\"primaryImageOfPage\":{\"@id\":\"https:\\\/\\\/shrimataji.org\\\/test\\\/sv\\\/kunskap-om-rotterna-subtila-systemet\\\/#primaryimage\"},\"image\":{\"@id\":\"https:\\\/\\\/shrimataji.org\\\/test\\\/sv\\\/kunskap-om-rotterna-subtila-systemet\\\/#primaryimage\"},\"thumbnailUrl\":\"https:\\\/\\\/shrimataji.org\\\/test\\\/wp-content\\\/uploads\\\/2023\\\/03\\\/7_Banner-SY-Roots-2-scaled.jpg\",\"datePublished\":\"2022-01-29T10:02:47+00:00\",\"dateModified\":\"2026-01-06T14:07:44+00:00\",\"breadcrumb\":{\"@id\":\"https:\\\/\\\/shrimataji.org\\\/test\\\/sv\\\/kunskap-om-rotterna-subtila-systemet\\\/#breadcrumb\"},\"inLanguage\":\"en-US\",\"potentialAction\":[{\"@type\":\"ReadAction\",\"target\":[\"https:\\\/\\\/shrimataji.org\\\/test\\\/sv\\\/kunskap-om-rotterna-subtila-systemet\\\/\"]}]},{\"@type\":\"ImageObject\",\"inLanguage\":\"en-US\",\"@id\":\"https:\\\/\\\/shrimataji.org\\\/test\\\/sv\\\/kunskap-om-rotterna-subtila-systemet\\\/#primaryimage\",\"url\":\"https:\\\/\\\/shrimataji.org\\\/test\\\/wp-content\\\/uploads\\\/2023\\\/03\\\/7_Banner-SY-Roots-2-scaled.jpg\",\"contentUrl\":\"https:\\\/\\\/shrimataji.org\\\/test\\\/wp-content\\\/uploads\\\/2023\\\/03\\\/7_Banner-SY-Roots-2-scaled.jpg\",\"width\":2560,\"height\":905},{\"@type\":\"BreadcrumbList\",\"@id\":\"https:\\\/\\\/shrimataji.org\\\/test\\\/sv\\\/kunskap-om-rotterna-subtila-systemet\\\/#breadcrumb\",\"itemListElement\":[{\"@type\":\"ListItem\",\"position\":1,\"name\":\"Home\",\"item\":\"https:\\\/\\\/shrimataji.org\\\/test\\\/uk\\\/home-en\\\/\"},{\"@type\":\"ListItem\",\"position\":2,\"name\":\"Kunskap om r\u00f6tterna &#8211; Subtila systemet\"}]},{\"@type\":\"WebSite\",\"@id\":\"https:\\\/\\\/shrimataji.org\\\/test\\\/#website\",\"url\":\"https:\\\/\\\/shrimataji.org\\\/test\\\/\",\"name\":\"Shri Mataji Nirmala Devi\",\"description\":\"A Life Dedicated to Humanity\",\"publisher\":{\"@id\":\"https:\\\/\\\/shrimataji.org\\\/test\\\/#\\\/schema\\\/person\\\/a1b3419c6585f164aa96da1ff85715d1\"},\"potentialAction\":[{\"@type\":\"SearchAction\",\"target\":{\"@type\":\"EntryPoint\",\"urlTemplate\":\"https:\\\/\\\/shrimataji.org\\\/test\\\/?s={search_term_string}\"},\"query-input\":{\"@type\":\"PropertyValueSpecification\",\"valueRequired\":true,\"valueName\":\"search_term_string\"}}],\"inLanguage\":\"en-US\"},{\"@type\":[\"Person\",\"Organization\"],\"@id\":\"https:\\\/\\\/shrimataji.org\\\/test\\\/#\\\/schema\\\/person\\\/a1b3419c6585f164aa96da1ff85715d1\",\"name\":\"Nirmala Shrivastava\",\"image\":{\"@type\":\"ImageObject\",\"inLanguage\":\"en-US\",\"@id\":\"https:\\\/\\\/shrimataji.org\\\/test\\\/wp-content\\\/uploads\\\/2023\\\/02\\\/SMO_LOGO-03.svg\",\"url\":\"https:\\\/\\\/shrimataji.org\\\/test\\\/wp-content\\\/uploads\\\/2023\\\/02\\\/SMO_LOGO-03.svg\",\"contentUrl\":\"https:\\\/\\\/shrimataji.org\\\/test\\\/wp-content\\\/uploads\\\/2023\\\/02\\\/SMO_LOGO-03.svg\",\"width\":\"1024\",\"height\":\"1024\",\"caption\":\"Nirmala Shrivastava\"},\"logo\":{\"@id\":\"https:\\\/\\\/shrimataji.org\\\/test\\\/wp-content\\\/uploads\\\/2023\\\/02\\\/SMO_LOGO-03.svg\"},\"sameAs\":[\"https:\\\/\\\/shrimataji.org\\\/test\",\"https:\\\/\\\/www.facebook.com\\\/shrimataji\",\"https:\\\/\\\/x.com\\\/shrimataji\",\"https:\\\/\\\/www.youtube.com\\\/@Shri_Mataji_Nirmala_Devi\\\/featured\"]}]}<\/script>\n<!-- \/ Yoast SEO plugin. -->","yoast_head_json":{"title":"Kunskap om r\u00f6tterna - Subtila systemet - TEST - SMND","robots":{"index":"noindex","follow":"follow","max-snippet":"max-snippet:-1","max-image-preview":"max-image-preview:large","max-video-preview":"max-video-preview:-1"},"og_locale":"en_US","og_type":"article","og_title":"Kunskap om r\u00f6tterna - Subtila systemet - TEST - SMND","og_description":"Kunskap om r\u00f6tterna &#8211; Subtila systemet Den ur\u00e5ldriga vetenskapen om v\u00e5rt inre v\u00e4sen En viktig aspekt av att bem\u00e4stra yoga \u00e4r att ha fullst\u00e4ndig kunskap om det subtila systemet, som fungerar som en karta f\u00f6r att uppleva den inre utvecklingen av v\u00e5rt medvetande. De gamla indiska vediska skrifterna beskriver det subtila systemet som best\u00e5ende av&hellip; Read more","og_url":"https:\/\/shrimataji.org\/test\/sv\/kunskap-om-rotterna-subtila-systemet\/","og_site_name":"TEST - SMND","article_publisher":"https:\/\/www.facebook.com\/shrimataji","article_modified_time":"2026-01-06T14:07:44+00:00","og_image":[{"width":2560,"height":905,"url":"https:\/\/shrimataji.org\/test\/wp-content\/uploads\/2023\/03\/7_Banner-SY-Roots-2-scaled.jpg","type":"image\/jpeg"}],"twitter_card":"summary_large_image","twitter_site":"@shrimataji","twitter_misc":{"Est. reading time":"3 minutes"},"schema":{"@context":"https:\/\/schema.org","@graph":[{"@type":"WebPage","@id":"https:\/\/shrimataji.org\/test\/sv\/kunskap-om-rotterna-subtila-systemet\/","url":"https:\/\/shrimataji.org\/test\/sv\/kunskap-om-rotterna-subtila-systemet\/","name":"Kunskap om r\u00f6tterna - Subtila systemet - TEST - SMND","isPartOf":{"@id":"https:\/\/shrimataji.org\/test\/#website"},"primaryImageOfPage":{"@id":"https:\/\/shrimataji.org\/test\/sv\/kunskap-om-rotterna-subtila-systemet\/#primaryimage"},"image":{"@id":"https:\/\/shrimataji.org\/test\/sv\/kunskap-om-rotterna-subtila-systemet\/#primaryimage"},"thumbnailUrl":"https:\/\/shrimataji.org\/test\/wp-content\/uploads\/2023\/03\/7_Banner-SY-Roots-2-scaled.jpg","datePublished":"2022-01-29T10:02:47+00:00","dateModified":"2026-01-06T14:07:44+00:00","breadcrumb":{"@id":"https:\/\/shrimataji.org\/test\/sv\/kunskap-om-rotterna-subtila-systemet\/#breadcrumb"},"inLanguage":"en-US","potentialAction":[{"@type":"ReadAction","target":["https:\/\/shrimataji.org\/test\/sv\/kunskap-om-rotterna-subtila-systemet\/"]}]},{"@type":"ImageObject","inLanguage":"en-US","@id":"https:\/\/shrimataji.org\/test\/sv\/kunskap-om-rotterna-subtila-systemet\/#primaryimage","url":"https:\/\/shrimataji.org\/test\/wp-content\/uploads\/2023\/03\/7_Banner-SY-Roots-2-scaled.jpg","contentUrl":"https:\/\/shrimataji.org\/test\/wp-content\/uploads\/2023\/03\/7_Banner-SY-Roots-2-scaled.jpg","width":2560,"height":905},{"@type":"BreadcrumbList","@id":"https:\/\/shrimataji.org\/test\/sv\/kunskap-om-rotterna-subtila-systemet\/#breadcrumb","itemListElement":[{"@type":"ListItem","position":1,"name":"Home","item":"https:\/\/shrimataji.org\/test\/uk\/home-en\/"},{"@type":"ListItem","position":2,"name":"Kunskap om r\u00f6tterna &#8211; Subtila systemet"}]},{"@type":"WebSite","@id":"https:\/\/shrimataji.org\/test\/#website","url":"https:\/\/shrimataji.org\/test\/","name":"Shri Mataji Nirmala Devi","description":"A Life Dedicated to Humanity","publisher":{"@id":"https:\/\/shrimataji.org\/test\/#\/schema\/person\/a1b3419c6585f164aa96da1ff85715d1"},"potentialAction":[{"@type":"SearchAction","target":{"@type":"EntryPoint","urlTemplate":"https:\/\/shrimataji.org\/test\/?s={search_term_string}"},"query-input":{"@type":"PropertyValueSpecification","valueRequired":true,"valueName":"search_term_string"}}],"inLanguage":"en-US"},{"@type":["Person","Organization"],"@id":"https:\/\/shrimataji.org\/test\/#\/schema\/person\/a1b3419c6585f164aa96da1ff85715d1","name":"Nirmala Shrivastava","image":{"@type":"ImageObject","inLanguage":"en-US","@id":"https:\/\/shrimataji.org\/test\/wp-content\/uploads\/2023\/02\/SMO_LOGO-03.svg","url":"https:\/\/shrimataji.org\/test\/wp-content\/uploads\/2023\/02\/SMO_LOGO-03.svg","contentUrl":"https:\/\/shrimataji.org\/test\/wp-content\/uploads\/2023\/02\/SMO_LOGO-03.svg","width":"1024","height":"1024","caption":"Nirmala Shrivastava"},"logo":{"@id":"https:\/\/shrimataji.org\/test\/wp-content\/uploads\/2023\/02\/SMO_LOGO-03.svg"},"sameAs":["https:\/\/shrimataji.org\/test","https:\/\/www.facebook.com\/shrimataji","https:\/\/x.com\/shrimataji","https:\/\/www.youtube.com\/@Shri_Mataji_Nirmala_Devi\/featured"]}]}},"lang":"sv","translations":{"sv":23014,"ur":37451,"en":6394,"am":18023,"th":19978,"hu":19503,"sq":18424,"zh":17321,"hi":8288,"tr":10174,"pt":10386,"de":10660,"fr":10758,"it":10856,"es":10953,"ja":11250,"ru":11438,"bn":11630,"te":11738,"sw":11861,"he":12009,"el":12301,"sk":12399,"fa":12497,"fi":12595,"bg":13395,"ro":14469,"cs":14662,"nl":16584,"ku":16744,"ar":16920,"be":18631,"kn":18905,"mr":20342,"uk":20634,"ml":20929,"ta":22742,"gu":28856,"pa":29016,"fil":29460,"da":37764,"pl":37976,"nn":38316},"pll_sync_post":[],"_links":{"self":[{"href":"https:\/\/shrimataji.org\/test\/wp-json\/wp\/v2\/pages\/23014","targetHints":{"allow":["GET"]}}],"collection":[{"href":"https:\/\/shrimataji.org\/test\/wp-json\/wp\/v2\/pages"}],"about":[{"href":"https:\/\/shrimataji.org\/test\/wp-json\/wp\/v2\/types\/page"}],"author":[{"embeddable":true,"href":"https:\/\/shrimataji.org\/test\/wp-json\/wp\/v2\/users\/58"}],"replies":[{"embeddable":true,"href":"https:\/\/shrimataji.org\/test\/wp-json\/wp\/v2\/comments?post=23014"}],"version-history":[{"count":0,"href":"https:\/\/shrimataji.org\/test\/wp-json\/wp\/v2\/pages\/23014\/revisions"}],"wp:featuredmedia":[{"embeddable":true,"href":"https:\/\/shrimataji.org\/test\/wp-json\/wp\/v2\/media\/23015"}],"wp:attachment":[{"href":"https:\/\/shrimataji.org\/test\/wp-json\/wp\/v2\/media?parent=23014"}],"curies":[{"name":"wp","href":"https:\/\/api.w.org\/{rel}","templated":true}]}}