{"id":23043,"date":"2015-11-02T21:00:00","date_gmt":"2015-11-02T21:00:00","guid":{"rendered":"http:\/\/testwordpress.nirmalnagari.org\/smnd\/index.php\/press\/"},"modified":"2025-11-30T14:51:43","modified_gmt":"2025-11-30T14:51:43","slug":"press-och-media","status":"publish","type":"page","link":"https:\/\/shrimataji.org\/test\/sv\/press-och-media\/","title":{"rendered":"Press och media"},"content":{"rendered":"\n\n\t<h1>Press &amp;\u00a0Media<\/h1>\n<h2>Dokument<\/h2>\n<p>V\u00e4lj ett dokument att ladda ner:<\/p>\n<ul>\n<li><a href=\"https:\/\/shrimataji.org\/test\/wp-content\/uploads\/2025\/11\/shri-mataji-nirmala-devi-kort-biografi.pdf\" target=\"_blank\" rel=\"noopener\">Shri Mataji Nirmala Devi: kort biografi och utm\u00e4rkelser<\/a><\/li>\n<li><a href=\"https:\/\/shrimataji.org\/test\/wp-content\/uploads\/2025\/11\/sahaja-yoga-meditation.pdf\" target=\"_blank\" rel=\"noopener\">Sahaja Yoga Meditation: \u00d6versikt<\/a><\/li>\n<li><a href=\"https:\/\/shrimataji.org\/test\/wp-content\/uploads\/2020\/06\/A-Brochure-on-H-H-Shri-Mataji-Nirmala-Devi.pdf\" target=\"_blank\" rel=\"noopener\">En broschyr om H H Shri Mataji Nirmala Devi<\/a><\/li>\n<\/ul>\n\t<h2>Artiklar<\/h2>\n<p><a href=\"https:\/\/shrimataji.org\/test\/sv\/internationella-yogadagen\/\" target=\"_blank\" rel=\"noopener\">21 Juni &#8211; Internationalla Yogadagen<\/a><\/p>\n<p><a href=\"https:\/\/shrimataji.org\/test\/sv\/femte-maj-world-realization-day\/\" target=\"_blank\" rel=\"noopener\">5 Maj &#8211; World Realization Day<\/a><\/p>\n<p><a href=\"https:\/\/shrimataji.org\/test\/sv\/dodsannons-for-sir-c-p-srivastava\/\" aria-label=\"\"D\u00f6dsannons f\u00f6r Sir C.P. Srivastava\" (Edit)\">D\u00f6dsannons f\u00f6r Sir C.P. Srivastava<\/a><\/p>\n<p>&nbsp;<\/p>\n\t<h2>Foton<\/h2>\n<p>V\u00e4nligen granska anv\u00e4ndarvillkor innan du laddar ner n\u00e5gon av pressbilderna nedan. Foton \u00e4r i tiff-format och zip-komprimerade f\u00f6r nedladdning.<\/p>\n\t\t\t\t<img decoding=\"async\" src=\"https:\/\/shrimataji.org\/test\/wp-content\/uploads\/2023\/03\/Home_1440x775_100_2-scaled.jpg\" alt=\"Home_1440x775_100_2\" itemprop=\"image\" height=\"1378\" width=\"2560\" title=\"Home_1440x775_100_2\" onerror=\"this.style.display='none'\" loading=\"lazy\" \/>\n\t\t\t\t<img decoding=\"async\" src=\"https:\/\/shrimataji.org\/test\/wp-content\/uploads\/2020\/04\/Image-50-years-1920x1080-1.jpg\" alt=\"Image-50-years-1920x1080\" itemprop=\"image\" height=\"1080\" width=\"1920\" title=\"Image-50-years-1920x1080\" onerror=\"this.style.display='none'\" loading=\"lazy\" \/>\n\t<p><img loading=\"lazy\" decoding=\"async\" src=\"https:\/\/shrimataji.org\/test\/wp-content\/uploads\/2018\/07\/media_originals\/images\/shri-mataji-portraits\/shri-mataji-nirmala-devi-lane-cove-sydney-australia-722x1024.jpg\" alt=\"\" width=\"722\" height=\"1024\" \/><\/p>\n\t<p><img loading=\"lazy\" decoding=\"async\" src=\"https:\/\/shrimataji.org\/test\/wp-content\/uploads\/2018\/07\/media_originals\/images\/press\/shri-mataji-nirmala-devi-press-portrait-2-1024x681.jpg\" alt=\"\" width=\"1024\" height=\"681\" \/><\/p>\n<p>&nbsp;<\/p>\n<p><img loading=\"lazy\" decoding=\"async\" src=\"https:\/\/shrimataji.org\/test\/wp-content\/uploads\/2018\/07\/media_originals\/images\/press\/shri-mataji-nirmala-devi-press-portrait-3-1024x726.jpg\" alt=\"\" width=\"1024\" height=\"726\" \/><\/p>\n\t<h4>Anv\u00e4ndarvillkor<\/h4>\nViktig information om anv\u00e4ndning av dokument, logotyper och foton<br \/>\nGenom att kopiera eller anv\u00e4nda bilderna ovan bekr\u00e4ftar du att du har l\u00e4st och godk\u00e4nner bildanv\u00e4ndningsavtalet nedan som reglerar din anv\u00e4ndning av alla foton som erh\u00e5llits fr\u00e5n denna webbsida.\n<p>Om du inte godk\u00e4nner avtalets villkor, kopiera eller anv\u00e4nd inte bilden p\u00e5 n\u00e5got s\u00e4tt. Om du har n\u00e5gra fr\u00e5gor \u00e4r du v\u00e4lkommen att skriva till oss p\u00e5 <a href=\"mailto:press@shrimataji.org?subject=Contact%20from%20ShriMataji.org%20Press%20Page\">press@shrimataji.org<\/a>.<\/p>\n<h4>Anv\u00e4ndningsavtal<\/h4>\n<p>I enlighet med villkoren i detta avtal f\u00e5r du endast anv\u00e4nda bilden i sin helhet f\u00f6r redaktionell anv\u00e4ndning av press och media. Denna r\u00e4tt att anv\u00e4nda \u00e4r personlig f\u00f6r dig och kan inte \u00f6verf\u00f6ras av dig till en annan part. Bilden f\u00e5r inte anv\u00e4ndas f\u00f6r att marknadsf\u00f6ra eller s\u00e4lja n\u00e5gon produkt eller teknik (s\u00e5som p\u00e5 reklam, broschyrer, bokomslag, stockfoton, t-shirts eller andra reklamprodukter). Du f\u00e5r inte \u00e4ndra eller modifiera bilden, helt eller delvis, av n\u00e5gon anledning.<\/p>\n<p>Shri Mataji Nirmala Devi World Foundation \u00e4r och ska f\u00f6rbli den enda och exklusiva \u00e4garen av fotot, f\u00f6rutom i vissa utvalda fall d\u00e4r \u00e4gander\u00e4tten beh\u00e5lls av tredje part. Du f\u00e5r inte att radera, \u00e4ndra eller f\u00f6rdunkla n\u00e5gra \u00e4gander\u00e4ttsf\u00f6rklaringar relaterade till fotot, och varje anv\u00e4ndning kommer att \u00e5tf\u00f6ljas av den till\u00e4mpliga \u00e4gander\u00e4ttsliga attributionen som visas bredvid bilden.<\/p>\n<p>Alla foton, textdokument och logotyper p\u00e5 denna sida \u00e4r copyright till Shri Mataji Nirmala Devi World Foundation eller utvalda tredje parter.<\/p>\n\t<hr \/>\n<h3>\u00a9 Shri Mataji Nirmala Devi Sahaja Yoga World Foundation<br \/>\nen ideell organisation listad i Piemontes regionala register \u00f6ver r\u00e4ttsliga enheter (prot.nr 747)<\/h3>\n\n","protected":false},"excerpt":{"rendered":"<p>Press &amp;\u00a0Media Dokument V\u00e4lj ett dokument att ladda ner: Shri Mataji Nirmala Devi: kort biografi och utm\u00e4rkelser Sahaja Yoga Meditation: \u00d6versikt En broschyr om H H Shri Mataji Nirmala Devi Artiklar 21 Juni &#8211; Internationalla Yogadagen 5 Maj &#8211; World Realization Day D\u00f6dsannons f\u00f6r Sir C.P. Srivastava &nbsp; Foton V\u00e4nligen granska anv\u00e4ndarvillkor innan du laddar&hellip; <br \/> <a class=\"read-more\" href=\"https:\/\/shrimataji.org\/test\/sv\/press-och-media\/\">Read more<\/a><\/p>\n","protected":false},"author":58,"featured_media":22993,"parent":0,"menu_order":0,"comment_status":"closed","ping_status":"closed","template":"","meta":{"inline_featured_image":false,"footnotes":""},"class_list":["post-23043","page","type-page","status-publish","has-post-thumbnail","hentry"],"yoast_head":"<!-- This site is optimized with the Yoast SEO plugin v27.4 - https:\/\/yoast.com\/product\/yoast-seo-wordpress\/ -->\n<title>Press och media - TEST - SMND<\/title>\n<meta name=\"robots\" content=\"noindex, follow, max-snippet:-1, max-image-preview:large, max-video-preview:-1\" \/>\n<meta property=\"og:locale\" content=\"en_US\" \/>\n<meta property=\"og:type\" content=\"article\" \/>\n<meta property=\"og:title\" content=\"Press och media - TEST - SMND\" \/>\n<meta property=\"og:description\" content=\"Press &amp;\u00a0Media Dokument V\u00e4lj ett dokument att ladda ner: Shri Mataji Nirmala Devi: kort biografi och utm\u00e4rkelser Sahaja Yoga Meditation: \u00d6versikt En broschyr om H H Shri Mataji Nirmala Devi Artiklar 21 Juni &#8211; Internationalla Yogadagen 5 Maj &#8211; World Realization Day D\u00f6dsannons f\u00f6r Sir C.P. Srivastava &nbsp; Foton V\u00e4nligen granska anv\u00e4ndarvillkor innan du laddar&hellip; Read more\" \/>\n<meta property=\"og:url\" content=\"https:\/\/shrimataji.org\/test\/sv\/press-och-media\/\" \/>\n<meta property=\"og:site_name\" content=\"TEST - SMND\" \/>\n<meta property=\"article:publisher\" content=\"https:\/\/www.facebook.com\/shrimataji\" \/>\n<meta property=\"article:modified_time\" content=\"2025-11-30T14:51:43+00:00\" \/>\n<meta property=\"og:image\" content=\"https:\/\/shrimataji.org\/test\/wp-content\/uploads\/2023\/03\/Banner-Footer-Castle-1-scaled.jpg\" \/>\n\t<meta property=\"og:image:width\" content=\"2560\" \/>\n\t<meta property=\"og:image:height\" content=\"905\" \/>\n\t<meta property=\"og:image:type\" content=\"image\/jpeg\" \/>\n<meta name=\"twitter:card\" content=\"summary_large_image\" \/>\n<meta name=\"twitter:site\" content=\"@shrimataji\" \/>\n<meta name=\"twitter:label1\" content=\"Est. reading time\" \/>\n\t<meta name=\"twitter:data1\" content=\"3 minutes\" \/>\n<script type=\"application\/ld+json\" class=\"yoast-schema-graph\">{\"@context\":\"https:\\\/\\\/schema.org\",\"@graph\":[{\"@type\":\"WebPage\",\"@id\":\"https:\\\/\\\/shrimataji.org\\\/test\\\/sv\\\/press-och-media\\\/\",\"url\":\"https:\\\/\\\/shrimataji.org\\\/test\\\/sv\\\/press-och-media\\\/\",\"name\":\"Press och media - TEST - SMND\",\"isPartOf\":{\"@id\":\"https:\\\/\\\/shrimataji.org\\\/test\\\/#website\"},\"primaryImageOfPage\":{\"@id\":\"https:\\\/\\\/shrimataji.org\\\/test\\\/sv\\\/press-och-media\\\/#primaryimage\"},\"image\":{\"@id\":\"https:\\\/\\\/shrimataji.org\\\/test\\\/sv\\\/press-och-media\\\/#primaryimage\"},\"thumbnailUrl\":\"https:\\\/\\\/shrimataji.org\\\/test\\\/wp-content\\\/uploads\\\/2023\\\/03\\\/Banner-Footer-Castle-1-scaled.jpg\",\"datePublished\":\"2015-11-02T21:00:00+00:00\",\"dateModified\":\"2025-11-30T14:51:43+00:00\",\"breadcrumb\":{\"@id\":\"https:\\\/\\\/shrimataji.org\\\/test\\\/sv\\\/press-och-media\\\/#breadcrumb\"},\"inLanguage\":\"en-US\",\"potentialAction\":[{\"@type\":\"ReadAction\",\"target\":[\"https:\\\/\\\/shrimataji.org\\\/test\\\/sv\\\/press-och-media\\\/\"]}]},{\"@type\":\"ImageObject\",\"inLanguage\":\"en-US\",\"@id\":\"https:\\\/\\\/shrimataji.org\\\/test\\\/sv\\\/press-och-media\\\/#primaryimage\",\"url\":\"https:\\\/\\\/shrimataji.org\\\/test\\\/wp-content\\\/uploads\\\/2023\\\/03\\\/Banner-Footer-Castle-1-scaled.jpg\",\"contentUrl\":\"https:\\\/\\\/shrimataji.org\\\/test\\\/wp-content\\\/uploads\\\/2023\\\/03\\\/Banner-Footer-Castle-1-scaled.jpg\",\"width\":2560,\"height\":905},{\"@type\":\"BreadcrumbList\",\"@id\":\"https:\\\/\\\/shrimataji.org\\\/test\\\/sv\\\/press-och-media\\\/#breadcrumb\",\"itemListElement\":[{\"@type\":\"ListItem\",\"position\":1,\"name\":\"Home\",\"item\":\"https:\\\/\\\/shrimataji.org\\\/test\\\/uk\\\/home-en\\\/\"},{\"@type\":\"ListItem\",\"position\":2,\"name\":\"Press och media\"}]},{\"@type\":\"WebSite\",\"@id\":\"https:\\\/\\\/shrimataji.org\\\/test\\\/#website\",\"url\":\"https:\\\/\\\/shrimataji.org\\\/test\\\/\",\"name\":\"Shri Mataji Nirmala Devi\",\"description\":\"A Life Dedicated to Humanity\",\"publisher\":{\"@id\":\"https:\\\/\\\/shrimataji.org\\\/test\\\/#\\\/schema\\\/person\\\/a1b3419c6585f164aa96da1ff85715d1\"},\"potentialAction\":[{\"@type\":\"SearchAction\",\"target\":{\"@type\":\"EntryPoint\",\"urlTemplate\":\"https:\\\/\\\/shrimataji.org\\\/test\\\/?s={search_term_string}\"},\"query-input\":{\"@type\":\"PropertyValueSpecification\",\"valueRequired\":true,\"valueName\":\"search_term_string\"}}],\"inLanguage\":\"en-US\"},{\"@type\":[\"Person\",\"Organization\"],\"@id\":\"https:\\\/\\\/shrimataji.org\\\/test\\\/#\\\/schema\\\/person\\\/a1b3419c6585f164aa96da1ff85715d1\",\"name\":\"Nirmala Shrivastava\",\"image\":{\"@type\":\"ImageObject\",\"inLanguage\":\"en-US\",\"@id\":\"https:\\\/\\\/shrimataji.org\\\/test\\\/wp-content\\\/uploads\\\/2023\\\/02\\\/SMO_LOGO-03.svg\",\"url\":\"https:\\\/\\\/shrimataji.org\\\/test\\\/wp-content\\\/uploads\\\/2023\\\/02\\\/SMO_LOGO-03.svg\",\"contentUrl\":\"https:\\\/\\\/shrimataji.org\\\/test\\\/wp-content\\\/uploads\\\/2023\\\/02\\\/SMO_LOGO-03.svg\",\"width\":\"1024\",\"height\":\"1024\",\"caption\":\"Nirmala Shrivastava\"},\"logo\":{\"@id\":\"https:\\\/\\\/shrimataji.org\\\/test\\\/wp-content\\\/uploads\\\/2023\\\/02\\\/SMO_LOGO-03.svg\"},\"sameAs\":[\"https:\\\/\\\/shrimataji.org\\\/test\",\"https:\\\/\\\/www.facebook.com\\\/shrimataji\",\"https:\\\/\\\/x.com\\\/shrimataji\",\"https:\\\/\\\/www.youtube.com\\\/@Shri_Mataji_Nirmala_Devi\\\/featured\"]}]}<\/script>\n<!-- \/ Yoast SEO plugin. -->","yoast_head_json":{"title":"Press och media - TEST - SMND","robots":{"index":"noindex","follow":"follow","max-snippet":"max-snippet:-1","max-image-preview":"max-image-preview:large","max-video-preview":"max-video-preview:-1"},"og_locale":"en_US","og_type":"article","og_title":"Press och media - TEST - SMND","og_description":"Press &amp;\u00a0Media Dokument V\u00e4lj ett dokument att ladda ner: Shri Mataji Nirmala Devi: kort biografi och utm\u00e4rkelser Sahaja Yoga Meditation: \u00d6versikt En broschyr om H H Shri Mataji Nirmala Devi Artiklar 21 Juni &#8211; Internationalla Yogadagen 5 Maj &#8211; World Realization Day D\u00f6dsannons f\u00f6r Sir C.P. Srivastava &nbsp; Foton V\u00e4nligen granska anv\u00e4ndarvillkor innan du laddar&hellip; Read more","og_url":"https:\/\/shrimataji.org\/test\/sv\/press-och-media\/","og_site_name":"TEST - SMND","article_publisher":"https:\/\/www.facebook.com\/shrimataji","article_modified_time":"2025-11-30T14:51:43+00:00","og_image":[{"width":2560,"height":905,"url":"https:\/\/shrimataji.org\/test\/wp-content\/uploads\/2023\/03\/Banner-Footer-Castle-1-scaled.jpg","type":"image\/jpeg"}],"twitter_card":"summary_large_image","twitter_site":"@shrimataji","twitter_misc":{"Est. reading time":"3 minutes"},"schema":{"@context":"https:\/\/schema.org","@graph":[{"@type":"WebPage","@id":"https:\/\/shrimataji.org\/test\/sv\/press-och-media\/","url":"https:\/\/shrimataji.org\/test\/sv\/press-och-media\/","name":"Press och media - TEST - SMND","isPartOf":{"@id":"https:\/\/shrimataji.org\/test\/#website"},"primaryImageOfPage":{"@id":"https:\/\/shrimataji.org\/test\/sv\/press-och-media\/#primaryimage"},"image":{"@id":"https:\/\/shrimataji.org\/test\/sv\/press-och-media\/#primaryimage"},"thumbnailUrl":"https:\/\/shrimataji.org\/test\/wp-content\/uploads\/2023\/03\/Banner-Footer-Castle-1-scaled.jpg","datePublished":"2015-11-02T21:00:00+00:00","dateModified":"2025-11-30T14:51:43+00:00","breadcrumb":{"@id":"https:\/\/shrimataji.org\/test\/sv\/press-och-media\/#breadcrumb"},"inLanguage":"en-US","potentialAction":[{"@type":"ReadAction","target":["https:\/\/shrimataji.org\/test\/sv\/press-och-media\/"]}]},{"@type":"ImageObject","inLanguage":"en-US","@id":"https:\/\/shrimataji.org\/test\/sv\/press-och-media\/#primaryimage","url":"https:\/\/shrimataji.org\/test\/wp-content\/uploads\/2023\/03\/Banner-Footer-Castle-1-scaled.jpg","contentUrl":"https:\/\/shrimataji.org\/test\/wp-content\/uploads\/2023\/03\/Banner-Footer-Castle-1-scaled.jpg","width":2560,"height":905},{"@type":"BreadcrumbList","@id":"https:\/\/shrimataji.org\/test\/sv\/press-och-media\/#breadcrumb","itemListElement":[{"@type":"ListItem","position":1,"name":"Home","item":"https:\/\/shrimataji.org\/test\/uk\/home-en\/"},{"@type":"ListItem","position":2,"name":"Press och media"}]},{"@type":"WebSite","@id":"https:\/\/shrimataji.org\/test\/#website","url":"https:\/\/shrimataji.org\/test\/","name":"Shri Mataji Nirmala Devi","description":"A Life Dedicated to Humanity","publisher":{"@id":"https:\/\/shrimataji.org\/test\/#\/schema\/person\/a1b3419c6585f164aa96da1ff85715d1"},"potentialAction":[{"@type":"SearchAction","target":{"@type":"EntryPoint","urlTemplate":"https:\/\/shrimataji.org\/test\/?s={search_term_string}"},"query-input":{"@type":"PropertyValueSpecification","valueRequired":true,"valueName":"search_term_string"}}],"inLanguage":"en-US"},{"@type":["Person","Organization"],"@id":"https:\/\/shrimataji.org\/test\/#\/schema\/person\/a1b3419c6585f164aa96da1ff85715d1","name":"Nirmala Shrivastava","image":{"@type":"ImageObject","inLanguage":"en-US","@id":"https:\/\/shrimataji.org\/test\/wp-content\/uploads\/2023\/02\/SMO_LOGO-03.svg","url":"https:\/\/shrimataji.org\/test\/wp-content\/uploads\/2023\/02\/SMO_LOGO-03.svg","contentUrl":"https:\/\/shrimataji.org\/test\/wp-content\/uploads\/2023\/02\/SMO_LOGO-03.svg","width":"1024","height":"1024","caption":"Nirmala Shrivastava"},"logo":{"@id":"https:\/\/shrimataji.org\/test\/wp-content\/uploads\/2023\/02\/SMO_LOGO-03.svg"},"sameAs":["https:\/\/shrimataji.org\/test","https:\/\/www.facebook.com\/shrimataji","https:\/\/x.com\/shrimataji","https:\/\/www.youtube.com\/@Shri_Mataji_Nirmala_Devi\/featured"]}]}},"lang":"sv","translations":{"sv":23043,"en":426,"am":18054,"th":20025,"hu":19538,"sq":18455,"zh":17352,"hi":8501,"tr":10195,"pt":10405,"de":10679,"fr":10777,"it":10875,"es":10972,"ja":11269,"ru":11457,"bn":11649,"te":11757,"sw":11880,"he":12028,"el":12320,"fa":12516,"fi":12614,"bg":13488,"ro":14563,"cs":14756,"nl":16615,"ku":16775,"ar":16951,"be":18662,"kn":18936,"mr":20389,"uk":20683,"ml":20978,"ta":22773,"pa":29047,"fil":29491},"pll_sync_post":[],"_links":{"self":[{"href":"https:\/\/shrimataji.org\/test\/wp-json\/wp\/v2\/pages\/23043","targetHints":{"allow":["GET"]}}],"collection":[{"href":"https:\/\/shrimataji.org\/test\/wp-json\/wp\/v2\/pages"}],"about":[{"href":"https:\/\/shrimataji.org\/test\/wp-json\/wp\/v2\/types\/page"}],"author":[{"embeddable":true,"href":"https:\/\/shrimataji.org\/test\/wp-json\/wp\/v2\/users\/58"}],"replies":[{"embeddable":true,"href":"https:\/\/shrimataji.org\/test\/wp-json\/wp\/v2\/comments?post=23043"}],"version-history":[{"count":0,"href":"https:\/\/shrimataji.org\/test\/wp-json\/wp\/v2\/pages\/23043\/revisions"}],"wp:featuredmedia":[{"embeddable":true,"href":"https:\/\/shrimataji.org\/test\/wp-json\/wp\/v2\/media\/22993"}],"wp:attachment":[{"href":"https:\/\/shrimataji.org\/test\/wp-json\/wp\/v2\/media?parent=23043"}],"curies":[{"name":"wp","href":"https:\/\/api.w.org\/{rel}","templated":true}]}}