{"id":23058,"date":"2022-03-05T08:01:33","date_gmt":"2022-03-05T08:01:33","guid":{"rendered":"https:\/\/test.shrimataji.org\/?page_id=6500"},"modified":"2026-01-08T19:45:55","modified_gmt":"2026-01-08T19:45:55","slug":"sahasrara-chakra","status":"publish","type":"page","link":"https:\/\/shrimataji.org\/test\/sv\/sahasrara-chakra\/","title":{"rendered":"Sahasrara Chakra SV"},"content":{"rendered":"\n\n\t<h1>Sahasrara Chakra<\/h1>\n<h2>Integration<\/h2>\n<h4>Sahasrara-chakrat p\u00e5 toppen av huvudet representerar kulmineringen av evolutionen. M\u00e4nniskan dominerar jorden tack vare v\u00e5r hj\u00e4rna, men vad \u00e4r livets syfte? \u00c4r det bara att uppn\u00e5 makt eller f\u00f6rst\u00e5 skapelsens mysterier, eller finns det ett h\u00f6gre syfte som bara n\u00e5gra f\u00e5 har f\u00f6rst\u00e5tt?<\/h4>\n<p>N\u00e4r <a href=\"https:\/\/shrimataji.org\/test\/sv\/kundalini\/\">Kundalini<\/a> tr\u00e4nger igenom Brahmarandra p\u00e5 toppen av huvudet, g\u00e5r v\u00e5rt medvetande in i en ny niv\u00e5 av f\u00f6rst\u00e5else bortom tankarna. Sahasrara l\u00e5ter oss uppleva verkligheten direkt och uppn\u00e5 ett tillst\u00e5nd av tvivelfri medvetenhet, kallat Nirvikalpa samadhi.<\/p>\n<p>Sahasrara-chakrat st\u00e5r f\u00f6r enhet med allt i universum. Genom detta chakra k\u00e4nner vi den andliga energin och den absoluta sanningen. Det representerar v\u00e5rt h\u00f6gsta m\u00e5l, och f\u00f6r att f\u00f6rst\u00e5 v\u00e5ra liv beh\u00f6ver vi utforska de h\u00f6gre niv\u00e5erna av medvetenhet som skapade oss.<\/p>\n<p>Det sjunde chakrat, Sahasrara, kopplar samman och styr hela det subtila systemet av kanaler och Chakran, precis som hj\u00e4rnan styr v\u00e5rt nervsystem. All kommunikation i systemet sker genom Sahasrara, som fungerar likt hj\u00e4rnans kontrollstation.<\/p>\n\t\t<iframe loading=\"lazy\" title=\"Sahasrara Chakra\" width=\"1920\" height=\"1080\" src=\"https:\/\/www.youtube.com\/embed\/9L26slNEfCY?feature=oembed\" frameborder=\"0\" allow=\"accelerometer; autoplay; clipboard-write; encrypted-media; gyroscope; picture-in-picture; web-share\" allowfullscreen><\/iframe>\t\n\t\t\t\t<img decoding=\"async\" src=\"https:\/\/shrimataji.org\/test\/wp-content\/uploads\/2024\/11\/EN_Sahasrara_Handsketch_1.jpg\" alt=\"Original drawing by Shri Mataji\" itemprop=\"image\" height=\"589\" width=\"1001\" title=\"EN_Sahasrara_Handsketch_1\" onerror=\"this.style.display='none'\" loading=\"lazy\" \/>\n\t\tOriginal drawing by Shri Mataji\n\t<strong>Plats<\/strong>:<strong><br \/>\n<\/strong>Ditt Sahasrara Chakra \u00e4r bel\u00e4get i din hj\u00e4rnas limbiska system. Du kan k\u00e4nna vibrationerna fr\u00e5n Sahasrara Chakrat i mitten av din handflata.\n<strong>Egenskaper<\/strong>:<strong><br \/>\n<\/strong>Genom Sahasrara-chakrat f\u00e5r du kontakt med den skapande kraften och kan uppt\u00e4cka livets mening. Det \u00e4r ditt h\u00f6gsta m\u00e5l &#8211; att uppleva himmelen p\u00e5 jorden.\n<p><strong>Sahasrara Chakra-egenskaper inkluderar:<\/strong><\/p>\n\u2022 En k\u00e4nsla av enhet med universum<br \/>\n\u2022 Tankebefriad medvetenhet<br \/>\n\u2022 Tvivelfri medvetenhet om den gudomliga energin\n\t\t\t\t<a href=\"https:\/\/shrimataji.org\/test\/wp-content\/uploads\/2023\/02\/7-Sahasrara-01-1.png\"  target=\"_blank\" rel=\"noopener\"  itemprop=\"url\">\n\t\t\t\t<img decoding=\"async\" src=\"https:\/\/shrimataji.org\/test\/wp-content\/uploads\/2023\/02\/7-Sahasrara-01-1.png\" alt=\"7-Sahasrara-01\" itemprop=\"image\" height=\"3426\" width=\"3214\" title=\"7-Sahasrara-01\" onerror=\"this.style.display='none'\" loading=\"lazy\" \/>\n\t\t\t\t<\/a>\n\t<p>Dina sex huvudchakran har kopplingar till hj\u00e4rnan. N\u00e4r du g\u00f6r Sahaja Yoga stiger Kundalini genom chakrorna och n\u00e5r hj\u00e4rnans limbiska omr\u00e5de. Detta kallas andlig upplysning.<\/p>\n<p>Sahasrara-chakrat finns i det ih\u00e5liga omr\u00e5det i hj\u00e4rnan, omgivet av tusentals nerver. N\u00e4r Kundalini n\u00e5r dit genom meditation, aktiveras nerverna och energin f\u00f6renas med den gudomliga kraften p\u00e5 toppen av huvudet.<\/p>\n<strong>F\u00f6rdelar:<\/strong><br \/>\nN\u00e4r Kundalini kommer upp till toppen av ditt huvud, f\u00f6renar den ditt medvetande med detn alltomfattande kraften. Du kan uppleva en pulserande eller svala vibrationer p\u00e5 huvudet. Denna upplevelse ger dig en ny medvetenhet som hj\u00e4lper dig att skilja r\u00e4tt fr\u00e5n fel och sanning fr\u00e5n l\u00f6gn.\n<p>N\u00e4r din Kundalini \u00e4r f\u00f6renad med den gudomliga energin, kommer du inte l\u00e4ngre att t\u00e4nka p\u00e5 det f\u00f6rflutna eller framtiden. Du upplever en inre gl\u00e4dje, och alla delar av dig &#8211; kropp, sinne, k\u00e4nslor och ande &#8211; blir ett.<\/p>\n<p>Du kan nu agera i harmoni utan f\u00f6rvirring. Du upplever inre frid och vet intuitivt vad som \u00e4r r\u00e4tt. Tidigare trodde vi p\u00e5 Gud genom tro, men nu har vi en tydlig medvetenhet om det gudomliga, som blir starkare ju mer man mediterar.<\/p>\n<strong>Sj\u00e4lvbed\u00f6mning<\/strong>:<strong><br \/>\n<\/strong>Om ditt Sahasrara chakra \u00e4r blockerat kan det vara sv\u00e5rt att k\u00e4nna vibrationerna och du kan b\u00f6rja tvivla p\u00e5 det andliga. Men ju mer du mediterar i Sahaja Yoga, desto renare blir dina chakran och balansen \u00e5terst\u00e4lls. Om du forts\u00e4tter med ett \u00f6ppet sinne, kommer du regelbundet att uppleva f\u00f6reningen till den gudomliga energin.\n<p><strong>Orsaker till obalanser:<\/strong><\/p>\n\u2022 Sj\u00e4lvvivel<br \/>\n\u2022 Extrem form av ateism<br \/>\n\u2022 Att g\u00e5 till ytterligheter\n<strong>S\u00e5 h\u00e4r balanserar du:<br \/>\n<\/strong>F\u00f6r att balansera ditt Sahasrara chakra, h\u00e5ll din h\u00f6gra hand p\u00e5 hj\u00e4ssan och r\u00f6r den l\u00e5ngsamt medsols samtidigt som du s\u00e4ger: &#8220;L\u00e5t mig uppleva meditationens stillhet.\n<p>Om du inte k\u00e4nner vibrationerna direkt, tvivla inte. M\u00e5nga beh\u00f6ver tid innan de kan k\u00e4nna dem eller att k\u00e4nna Kundalini. Ha t\u00e5lamod och forts\u00e4tt, s\u00e5 kommer du ocks\u00e5 att n\u00e5 dit.<\/p>\n\n","protected":false},"excerpt":{"rendered":"<p>Sahasrara Chakra Integration Sahasrara-chakrat p\u00e5 toppen av huvudet representerar kulmineringen av evolutionen. M\u00e4nniskan dominerar jorden tack vare v\u00e5r hj\u00e4rna, men vad \u00e4r livets syfte? \u00c4r det bara att uppn\u00e5 makt eller f\u00f6rst\u00e5 skapelsens mysterier, eller finns det ett h\u00f6gre syfte som bara n\u00e5gra f\u00e5 har f\u00f6rst\u00e5tt? N\u00e4r Kundalini tr\u00e4nger igenom Brahmarandra p\u00e5 toppen av huvudet,&hellip; <br \/> <a class=\"read-more\" href=\"https:\/\/shrimataji.org\/test\/sv\/sahasrara-chakra\/\">Read more<\/a><\/p>\n","protected":false},"author":1,"featured_media":23059,"parent":0,"menu_order":0,"comment_status":"closed","ping_status":"closed","template":"","meta":{"inline_featured_image":false,"footnotes":""},"class_list":["post-23058","page","type-page","status-publish","has-post-thumbnail","hentry"],"yoast_head":"<!-- This site is optimized with the Yoast SEO plugin v27.4 - https:\/\/yoast.com\/product\/yoast-seo-wordpress\/ -->\n<title>Sahasrara Chakra SV - TEST - SMND<\/title>\n<meta name=\"robots\" content=\"noindex, follow, max-snippet:-1, max-image-preview:large, max-video-preview:-1\" \/>\n<meta property=\"og:locale\" content=\"en_US\" \/>\n<meta property=\"og:type\" content=\"article\" \/>\n<meta property=\"og:title\" content=\"Sahasrara Chakra SV - TEST - SMND\" \/>\n<meta property=\"og:description\" content=\"Sahasrara Chakra Integration Sahasrara-chakrat p\u00e5 toppen av huvudet representerar kulmineringen av evolutionen. M\u00e4nniskan dominerar jorden tack vare v\u00e5r hj\u00e4rna, men vad \u00e4r livets syfte? \u00c4r det bara att uppn\u00e5 makt eller f\u00f6rst\u00e5 skapelsens mysterier, eller finns det ett h\u00f6gre syfte som bara n\u00e5gra f\u00e5 har f\u00f6rst\u00e5tt? N\u00e4r Kundalini tr\u00e4nger igenom Brahmarandra p\u00e5 toppen av huvudet,&hellip; Read more\" \/>\n<meta property=\"og:url\" content=\"https:\/\/shrimataji.org\/test\/sv\/sahasrara-chakra\/\" \/>\n<meta property=\"og:site_name\" content=\"TEST - SMND\" \/>\n<meta property=\"article:publisher\" content=\"https:\/\/www.facebook.com\/shrimataji\" \/>\n<meta property=\"article:modified_time\" content=\"2026-01-08T19:45:55+00:00\" \/>\n<meta property=\"og:image\" content=\"https:\/\/shrimataji.org\/test\/wp-content\/uploads\/2023\/03\/22_Banner-SY-Chakra-sahas-scaled.jpg\" \/>\n\t<meta property=\"og:image:width\" content=\"2560\" \/>\n\t<meta property=\"og:image:height\" content=\"905\" \/>\n\t<meta property=\"og:image:type\" content=\"image\/jpeg\" \/>\n<meta name=\"twitter:card\" content=\"summary_large_image\" \/>\n<meta name=\"twitter:site\" content=\"@shrimataji\" \/>\n<script type=\"application\/ld+json\" class=\"yoast-schema-graph\">{\"@context\":\"https:\\\/\\\/schema.org\",\"@graph\":[{\"@type\":\"WebPage\",\"@id\":\"https:\\\/\\\/shrimataji.org\\\/test\\\/sv\\\/sahasrara-chakra\\\/\",\"url\":\"https:\\\/\\\/shrimataji.org\\\/test\\\/sv\\\/sahasrara-chakra\\\/\",\"name\":\"Sahasrara Chakra SV - TEST - SMND\",\"isPartOf\":{\"@id\":\"https:\\\/\\\/shrimataji.org\\\/test\\\/#website\"},\"primaryImageOfPage\":{\"@id\":\"https:\\\/\\\/shrimataji.org\\\/test\\\/sv\\\/sahasrara-chakra\\\/#primaryimage\"},\"image\":{\"@id\":\"https:\\\/\\\/shrimataji.org\\\/test\\\/sv\\\/sahasrara-chakra\\\/#primaryimage\"},\"thumbnailUrl\":\"https:\\\/\\\/shrimataji.org\\\/test\\\/wp-content\\\/uploads\\\/2023\\\/03\\\/22_Banner-SY-Chakra-sahas-scaled.jpg\",\"datePublished\":\"2022-03-05T08:01:33+00:00\",\"dateModified\":\"2026-01-08T19:45:55+00:00\",\"breadcrumb\":{\"@id\":\"https:\\\/\\\/shrimataji.org\\\/test\\\/sv\\\/sahasrara-chakra\\\/#breadcrumb\"},\"inLanguage\":\"en-US\",\"potentialAction\":[{\"@type\":\"ReadAction\",\"target\":[\"https:\\\/\\\/shrimataji.org\\\/test\\\/sv\\\/sahasrara-chakra\\\/\"]}]},{\"@type\":\"ImageObject\",\"inLanguage\":\"en-US\",\"@id\":\"https:\\\/\\\/shrimataji.org\\\/test\\\/sv\\\/sahasrara-chakra\\\/#primaryimage\",\"url\":\"https:\\\/\\\/shrimataji.org\\\/test\\\/wp-content\\\/uploads\\\/2023\\\/03\\\/22_Banner-SY-Chakra-sahas-scaled.jpg\",\"contentUrl\":\"https:\\\/\\\/shrimataji.org\\\/test\\\/wp-content\\\/uploads\\\/2023\\\/03\\\/22_Banner-SY-Chakra-sahas-scaled.jpg\",\"width\":2560,\"height\":905},{\"@type\":\"BreadcrumbList\",\"@id\":\"https:\\\/\\\/shrimataji.org\\\/test\\\/sv\\\/sahasrara-chakra\\\/#breadcrumb\",\"itemListElement\":[{\"@type\":\"ListItem\",\"position\":1,\"name\":\"Home\",\"item\":\"https:\\\/\\\/shrimataji.org\\\/test\\\/uk\\\/home-en\\\/\"},{\"@type\":\"ListItem\",\"position\":2,\"name\":\"Sahasrara Chakra SV\"}]},{\"@type\":\"WebSite\",\"@id\":\"https:\\\/\\\/shrimataji.org\\\/test\\\/#website\",\"url\":\"https:\\\/\\\/shrimataji.org\\\/test\\\/\",\"name\":\"Shri Mataji Nirmala Devi\",\"description\":\"A Life Dedicated to Humanity\",\"publisher\":{\"@id\":\"https:\\\/\\\/shrimataji.org\\\/test\\\/#\\\/schema\\\/person\\\/a1b3419c6585f164aa96da1ff85715d1\"},\"potentialAction\":[{\"@type\":\"SearchAction\",\"target\":{\"@type\":\"EntryPoint\",\"urlTemplate\":\"https:\\\/\\\/shrimataji.org\\\/test\\\/?s={search_term_string}\"},\"query-input\":{\"@type\":\"PropertyValueSpecification\",\"valueRequired\":true,\"valueName\":\"search_term_string\"}}],\"inLanguage\":\"en-US\"},{\"@type\":[\"Person\",\"Organization\"],\"@id\":\"https:\\\/\\\/shrimataji.org\\\/test\\\/#\\\/schema\\\/person\\\/a1b3419c6585f164aa96da1ff85715d1\",\"name\":\"Nirmala Shrivastava\",\"image\":{\"@type\":\"ImageObject\",\"inLanguage\":\"en-US\",\"@id\":\"https:\\\/\\\/shrimataji.org\\\/test\\\/wp-content\\\/uploads\\\/2023\\\/02\\\/SMO_LOGO-03.svg\",\"url\":\"https:\\\/\\\/shrimataji.org\\\/test\\\/wp-content\\\/uploads\\\/2023\\\/02\\\/SMO_LOGO-03.svg\",\"contentUrl\":\"https:\\\/\\\/shrimataji.org\\\/test\\\/wp-content\\\/uploads\\\/2023\\\/02\\\/SMO_LOGO-03.svg\",\"width\":\"1024\",\"height\":\"1024\",\"caption\":\"Nirmala Shrivastava\"},\"logo\":{\"@id\":\"https:\\\/\\\/shrimataji.org\\\/test\\\/wp-content\\\/uploads\\\/2023\\\/02\\\/SMO_LOGO-03.svg\"},\"sameAs\":[\"https:\\\/\\\/shrimataji.org\\\/test\",\"https:\\\/\\\/www.facebook.com\\\/shrimataji\",\"https:\\\/\\\/x.com\\\/shrimataji\",\"https:\\\/\\\/www.youtube.com\\\/@Shri_Mataji_Nirmala_Devi\\\/featured\"]}]}<\/script>\n<!-- \/ Yoast SEO plugin. -->","yoast_head_json":{"title":"Sahasrara Chakra SV - TEST - SMND","robots":{"index":"noindex","follow":"follow","max-snippet":"max-snippet:-1","max-image-preview":"max-image-preview:large","max-video-preview":"max-video-preview:-1"},"og_locale":"en_US","og_type":"article","og_title":"Sahasrara Chakra SV - TEST - SMND","og_description":"Sahasrara Chakra Integration Sahasrara-chakrat p\u00e5 toppen av huvudet representerar kulmineringen av evolutionen. M\u00e4nniskan dominerar jorden tack vare v\u00e5r hj\u00e4rna, men vad \u00e4r livets syfte? \u00c4r det bara att uppn\u00e5 makt eller f\u00f6rst\u00e5 skapelsens mysterier, eller finns det ett h\u00f6gre syfte som bara n\u00e5gra f\u00e5 har f\u00f6rst\u00e5tt? N\u00e4r Kundalini tr\u00e4nger igenom Brahmarandra p\u00e5 toppen av huvudet,&hellip; Read more","og_url":"https:\/\/shrimataji.org\/test\/sv\/sahasrara-chakra\/","og_site_name":"TEST - SMND","article_publisher":"https:\/\/www.facebook.com\/shrimataji","article_modified_time":"2026-01-08T19:45:55+00:00","og_image":[{"width":2560,"height":905,"url":"https:\/\/shrimataji.org\/test\/wp-content\/uploads\/2023\/03\/22_Banner-SY-Chakra-sahas-scaled.jpg","type":"image\/jpeg"}],"twitter_card":"summary_large_image","twitter_site":"@shrimataji","schema":{"@context":"https:\/\/schema.org","@graph":[{"@type":"WebPage","@id":"https:\/\/shrimataji.org\/test\/sv\/sahasrara-chakra\/","url":"https:\/\/shrimataji.org\/test\/sv\/sahasrara-chakra\/","name":"Sahasrara Chakra SV - TEST - SMND","isPartOf":{"@id":"https:\/\/shrimataji.org\/test\/#website"},"primaryImageOfPage":{"@id":"https:\/\/shrimataji.org\/test\/sv\/sahasrara-chakra\/#primaryimage"},"image":{"@id":"https:\/\/shrimataji.org\/test\/sv\/sahasrara-chakra\/#primaryimage"},"thumbnailUrl":"https:\/\/shrimataji.org\/test\/wp-content\/uploads\/2023\/03\/22_Banner-SY-Chakra-sahas-scaled.jpg","datePublished":"2022-03-05T08:01:33+00:00","dateModified":"2026-01-08T19:45:55+00:00","breadcrumb":{"@id":"https:\/\/shrimataji.org\/test\/sv\/sahasrara-chakra\/#breadcrumb"},"inLanguage":"en-US","potentialAction":[{"@type":"ReadAction","target":["https:\/\/shrimataji.org\/test\/sv\/sahasrara-chakra\/"]}]},{"@type":"ImageObject","inLanguage":"en-US","@id":"https:\/\/shrimataji.org\/test\/sv\/sahasrara-chakra\/#primaryimage","url":"https:\/\/shrimataji.org\/test\/wp-content\/uploads\/2023\/03\/22_Banner-SY-Chakra-sahas-scaled.jpg","contentUrl":"https:\/\/shrimataji.org\/test\/wp-content\/uploads\/2023\/03\/22_Banner-SY-Chakra-sahas-scaled.jpg","width":2560,"height":905},{"@type":"BreadcrumbList","@id":"https:\/\/shrimataji.org\/test\/sv\/sahasrara-chakra\/#breadcrumb","itemListElement":[{"@type":"ListItem","position":1,"name":"Home","item":"https:\/\/shrimataji.org\/test\/uk\/home-en\/"},{"@type":"ListItem","position":2,"name":"Sahasrara Chakra SV"}]},{"@type":"WebSite","@id":"https:\/\/shrimataji.org\/test\/#website","url":"https:\/\/shrimataji.org\/test\/","name":"Shri Mataji Nirmala Devi","description":"A Life Dedicated to Humanity","publisher":{"@id":"https:\/\/shrimataji.org\/test\/#\/schema\/person\/a1b3419c6585f164aa96da1ff85715d1"},"potentialAction":[{"@type":"SearchAction","target":{"@type":"EntryPoint","urlTemplate":"https:\/\/shrimataji.org\/test\/?s={search_term_string}"},"query-input":{"@type":"PropertyValueSpecification","valueRequired":true,"valueName":"search_term_string"}}],"inLanguage":"en-US"},{"@type":["Person","Organization"],"@id":"https:\/\/shrimataji.org\/test\/#\/schema\/person\/a1b3419c6585f164aa96da1ff85715d1","name":"Nirmala Shrivastava","image":{"@type":"ImageObject","inLanguage":"en-US","@id":"https:\/\/shrimataji.org\/test\/wp-content\/uploads\/2023\/02\/SMO_LOGO-03.svg","url":"https:\/\/shrimataji.org\/test\/wp-content\/uploads\/2023\/02\/SMO_LOGO-03.svg","contentUrl":"https:\/\/shrimataji.org\/test\/wp-content\/uploads\/2023\/02\/SMO_LOGO-03.svg","width":"1024","height":"1024","caption":"Nirmala Shrivastava"},"logo":{"@id":"https:\/\/shrimataji.org\/test\/wp-content\/uploads\/2023\/02\/SMO_LOGO-03.svg"},"sameAs":["https:\/\/shrimataji.org\/test","https:\/\/www.facebook.com\/shrimataji","https:\/\/x.com\/shrimataji","https:\/\/www.youtube.com\/@Shri_Mataji_Nirmala_Devi\/featured"]}]}},"lang":"sv","translations":{"sv":23058,"ur":37494,"en":6500,"am":18069,"th":20049,"hu":19557,"sq":18470,"zh":17367,"hi":8335,"tr":10205,"pt":10415,"de":10689,"fr":10787,"it":10885,"es":10982,"ja":11280,"ru":11468,"bn":11659,"te":11767,"sw":11890,"he":12038,"el":12330,"sk":12428,"fa":12526,"fi":12624,"bg":13364,"ro":14438,"cs":14631,"nl":16630,"ku":16790,"ar":16966,"be":18677,"kn":18951,"mr":20413,"uk":20707,"ml":21002,"ta":22788,"gu":28898,"pa":29058,"fil":29506,"da":37804,"pl":38014,"nn":38356},"pll_sync_post":[],"_links":{"self":[{"href":"https:\/\/shrimataji.org\/test\/wp-json\/wp\/v2\/pages\/23058","targetHints":{"allow":["GET"]}}],"collection":[{"href":"https:\/\/shrimataji.org\/test\/wp-json\/wp\/v2\/pages"}],"about":[{"href":"https:\/\/shrimataji.org\/test\/wp-json\/wp\/v2\/types\/page"}],"author":[{"embeddable":true,"href":"https:\/\/shrimataji.org\/test\/wp-json\/wp\/v2\/users\/1"}],"replies":[{"embeddable":true,"href":"https:\/\/shrimataji.org\/test\/wp-json\/wp\/v2\/comments?post=23058"}],"version-history":[{"count":0,"href":"https:\/\/shrimataji.org\/test\/wp-json\/wp\/v2\/pages\/23058\/revisions"}],"wp:featuredmedia":[{"embeddable":true,"href":"https:\/\/shrimataji.org\/test\/wp-json\/wp\/v2\/media\/23059"}],"wp:attachment":[{"href":"https:\/\/shrimataji.org\/test\/wp-json\/wp\/v2\/media?parent=23058"}],"curies":[{"name":"wp","href":"https:\/\/api.w.org\/{rel}","templated":true}]}}