{"id":27294,"date":"2018-07-10T06:54:46","date_gmt":"2018-07-10T06:54:46","guid":{"rendered":"http:\/\/testwordpress.nirmalnagari.org\/smnd\/index.php\/self-realization\/"},"modified":"2025-04-28T11:57:22","modified_gmt":"2025-04-28T11:57:22","slug":"samospoznaja","status":"publish","type":"page","link":"https:\/\/shrimataji.org\/test\/bs\/samospoznaja\/","title":{"rendered":"Samospoznaja"},"content":{"rendered":"\n\n\t<h1>Samospoznaja i Meditacija<\/h1>\n<h2>Jedinstveno spontano ostvarenje va\u0161eg pravog ja<\/h2>\n\t<div class=\"su-quote su-quote-style-default\"><div class=\"su-quote-inner su-u-clearfix su-u-trim\"> Samospoznaja je prvi susret sa realnos\u030cc\u0301u <\/div><\/div>\n\t<h4>\u0160ri Mata\u0111i je koristila drevni proces bu\u0111enja Kundalinija kao osnovu Sahaja joga meditacije. U pro\u0161losti, bu\u0111enje ove unutra\u0161nje duhovne energije postizali su samo retki ljudi kroz naporne procese pro\u010di\u0161\u0107enja i asketizma.<\/h4>\n<p>\u0160ri Mata\u0111i je otkrila spontanu metodu bu\u0111enja ove energije na masovnom nivou, koja ne zahteva prethodno znanje ili duhovnu praksu. Naziv dat ovom bu\u0111enju je samospoznaja. Ovo spontano bu\u0111enje se zatim lako mo\u017ee preneti drugima bez potrebe da se pla\u0107a za to, studira za diplomu ili postane u\u010denik. Ovaj fenomen se mo\u017ee uporediti sa sve\u0107om koja je upaljena i mo\u017ee zapaliti drugu sve\u0107u.<\/p>\n<p>\u0160ri Mata\u0111i obja\u0161njava da je meditacija bez samospoznaje kao poku\u0161aj da vozite automobil bez paljenja motora. Ne sti\u017eete nigde samo okretanjem volana ili pritiskanjem pedale gasa. Na isti na\u010din, svi napori u meditaciji su bez efekta, osim ako osoba ne spozna svoje pravo ja kroz bu\u0111enje Kundalinija i ne do\u017eivi svesnost o svom unutra\u0161njem suptilnom sistemu.<\/p>\n\t<iframe loading=\"lazy\" title=\"What is Self Realization\" width=\"1920\" height=\"1080\" src=\"https:\/\/www.youtube.com\/embed\/tqh9lhTVoTQ?feature=oembed\" frameborder=\"0\" allow=\"accelerometer; autoplay; clipboard-write; encrypted-media; gyroscope; picture-in-picture; web-share\" allowfullscreen><\/iframe>\n<p>Kroz samospoznaju, osoba postaje svesna Kundalinija (suptilne unutra\u0161nje energije) koja boravi u svakom ljudskom bi\u0107u u korenu ki\u010dme. Postojanje ove suptilne energije poznato je u mnogim drevnim kulturama. Na primer, stari Grci su dali posebno ime kosti koja deluje kao sedi\u0161te za ovu sakralnu energiju, nazivaju\u0107i je \u201ehieron osteon&#8221;, \u0161to se prevodi kao \u201esveta kost&#8221;. Kada se probudi, ova dobro\u0107udna, neguju\u0107a energija se uzdi\u017ee kroz suptilni sistem, dodiruje i prosvetljuje na\u0161e pravo unutra\u0161nje ja (Atma &#8211; duh) koje boravi u na\u0161em srcu i izlazi na vrhu glave iz fontanele, podi\u017eu\u0107i na\u0161u pa\u017enju na uzvi\u0161eno stanje tihe meditacije.<\/p>\n<p>Kundalini energija se mo\u017ee osetiti kao hladan povetarac iznad glave, kao i na dlanovima ruku. Ova energija, odr\u017eavana kroz praksu Sahaja joga meditacije, ima lekoviti i balansiraju\u0107i efekat na na\u0161 suptilni sistem. Tako\u0111e, uspostavlja stanje poznato kao \u201estanje bez misli&#8221;<a href=\"#citation-note-1\"><sup>[1]<\/sup><\/a>, u kojem je um u mirovanju, ali je osoba savr\u0161eno svesna svoje okoline. Ono \u0161to razlikuje Sahaja joga meditaciju od drugih oblika drevne joga meditacije je to \u0161to su ranije tragaoci morali provesti godine pro\u010di\u0161\u0107avaju\u0107i svoj suptilni sistem pod vo\u0111stvom u\u010ditelja, kako bi mo\u017eda postigli samospoznaju. \u0160ri Mata\u0111i je to preokrenula i dala nam ovo iskustvo gde Kundalini prosvetljuje na\u0161 suptilni sistem, kako bi potpuno uronili u meditaciju, u stanje bez misli.<\/p>\n<p>Zbog svoje jednostavnosti i pristupa\u010dnosti, stotine hiljada ljudi su postigli svoju samospoznaju kroz Sahaja jogu. Centri za meditaciju postoje u preko 100 zemalja u njima se neprekidno nude besplatni kursevi i podr\u0161ka praktikantima ove jednostavne, ali efikasne meditacije. Sahaja joga se praktikuje u korporacijama, \u0161kolama, bolnicama, zatvorima i mnogim drugim institucijama, donose\u0107i praktikantima pozitivne rezultate.<\/p>\n<p>Iskustvo samospoznaje kroz Sahaja jogu nudi zna\u010dajne koristi onima koji posvete \u010dak i malo vremena svakodnevnoj meditaciji. Smanjuje stres i umor, vra\u0107a emocionalnu ravnote\u017eu i daje ose\u0107aj mira i zadovoljstva, \u010dak i u najturbulentnijim okolnostima.<\/p>\n<p>Zapravo, iskustvo samospoznaje je toliko jednostavno i bez napora da ga mo\u017eete do\u017eiveti \u010dak i iz udobnosti svog doma ili kancelarije, gde god imate pristup internetu.<\/p>\n<p>Pozivamo na\u0161e \u010ditaoce da <a href=\"https:\/\/shrimataji.org\/test\/bs\/iskustvo-vase-samospoznaje\/\">iskuse samospoznaju<\/a> i zapo\u010dnu novo unutra\u0161nje putovanje mira, harmonije i ravnote\u017ee.<\/p>\n<div class=\"su-quote su-quote-style-default\"><div class=\"su-quote-inner su-u-clearfix su-u-trim\">Sada se postavlja pitanje koje mi mnogi postavljaju: \u201eMajko, ako je to tako jednostavno, za\u0161to je ranije bilo te\u0161ko?&#8221; Ovo nikada nije bilo te\u0161ko. Neko je pitao gurua \u0160ivaji Maharad\u017ea, Ramdasa Svamija, \u201eKoliko vremena je potrebno da se Kundalini probudi?&#8221; On je odgovorio, \u201eTat k\u0161an, &#8221; \u0161to zna\u010di &#8211; te iste sekunde. Ali mora postojati osoba koja daje i osoba koja prima. Pre je mo\u017eda bilo mnogo ljudi koji daju, ali vrlo malo ljudi koji primaju. Danas ima hiljade ljudi koji primaju; zato je ovo postalo lak\u0161e.<\/div><\/div>\n\t<hr \/>\n<h3>1. <a href=\"#citation-note-1\">^<\/a> <a name=\"citation-note-1\"><\/a>Dr Ramesh Manocha, &#8216;Da li meditacija ima specifi\u010dan efekat?: Sistematska eksperimentalna evaluacija definicije orijentisane na mentalnu ti\u0161inu&#8217; (Univerzitet NSW, Australija 2008); e-knjiga: <a href=\"https:\/\/www.beyondthemind.com\/\">&#8216;Uti\u0161aj svoj um&#8217;<\/a> objavljena od strane Hachette Australia 2013.<\/h3>\n\n","protected":false},"excerpt":{"rendered":"<p>Samospoznaja i Meditacija Jedinstveno spontano ostvarenje va\u0161eg pravog ja \u0160ri Mata\u0111i je koristila drevni proces bu\u0111enja Kundalinija kao osnovu Sahaja joga meditacije. U pro\u0161losti, bu\u0111enje ove unutra\u0161nje duhovne energije postizali su samo retki ljudi kroz naporne procese pro\u010di\u0161\u0107enja i asketizma. \u0160ri Mata\u0111i je otkrila spontanu metodu bu\u0111enja ove energije na masovnom nivou, koja ne zahteva&hellip; <br \/> <a class=\"read-more\" href=\"https:\/\/shrimataji.org\/test\/bs\/samospoznaja\/\">Read more<\/a><\/p>\n","protected":false},"author":12,"featured_media":27295,"parent":0,"menu_order":0,"comment_status":"closed","ping_status":"closed","template":"","meta":{"inline_featured_image":false,"footnotes":""},"class_list":["post-27294","page","type-page","status-publish","has-post-thumbnail","hentry"],"yoast_head":"<!-- This site is optimized with the Yoast SEO plugin v27.4 - https:\/\/yoast.com\/product\/yoast-seo-wordpress\/ -->\n<title>Samospoznaja - TEST - SMND<\/title>\n<meta name=\"robots\" content=\"noindex, follow, max-snippet:-1, max-image-preview:large, max-video-preview:-1\" \/>\n<meta property=\"og:locale\" content=\"en_US\" \/>\n<meta property=\"og:type\" content=\"article\" \/>\n<meta property=\"og:title\" content=\"Samospoznaja - TEST - SMND\" \/>\n<meta property=\"og:description\" content=\"Samospoznaja i Meditacija Jedinstveno spontano ostvarenje va\u0161eg pravog ja \u0160ri Mata\u0111i je koristila drevni proces bu\u0111enja Kundalinija kao osnovu Sahaja joga meditacije. U pro\u0161losti, bu\u0111enje ove unutra\u0161nje duhovne energije postizali su samo retki ljudi kroz naporne procese pro\u010di\u0161\u0107enja i asketizma. \u0160ri Mata\u0111i je otkrila spontanu metodu bu\u0111enja ove energije na masovnom nivou, koja ne zahteva&hellip; Read more\" \/>\n<meta property=\"og:url\" content=\"https:\/\/shrimataji.org\/test\/bs\/samospoznaja\/\" \/>\n<meta property=\"og:site_name\" content=\"TEST - SMND\" \/>\n<meta property=\"article:publisher\" content=\"https:\/\/www.facebook.com\/shrimataji\" \/>\n<meta property=\"article:modified_time\" content=\"2025-04-28T11:57:22+00:00\" \/>\n<meta property=\"og:image\" content=\"https:\/\/shrimataji.org\/test\/wp-content\/uploads\/2023\/03\/2_Banner-SelfRealisation-scaled.jpg\" \/>\n\t<meta property=\"og:image:width\" content=\"2560\" \/>\n\t<meta property=\"og:image:height\" content=\"905\" \/>\n\t<meta property=\"og:image:type\" content=\"image\/jpeg\" \/>\n<meta name=\"twitter:card\" content=\"summary_large_image\" \/>\n<meta name=\"twitter:site\" content=\"@shrimataji\" \/>\n<meta name=\"twitter:label1\" content=\"Est. reading time\" \/>\n\t<meta name=\"twitter:data1\" content=\"4 minutes\" \/>\n<script type=\"application\/ld+json\" class=\"yoast-schema-graph\">{\"@context\":\"https:\\\/\\\/schema.org\",\"@graph\":[{\"@type\":\"WebPage\",\"@id\":\"https:\\\/\\\/shrimataji.org\\\/test\\\/bs\\\/samospoznaja\\\/\",\"url\":\"https:\\\/\\\/shrimataji.org\\\/test\\\/bs\\\/samospoznaja\\\/\",\"name\":\"Samospoznaja - TEST - SMND\",\"isPartOf\":{\"@id\":\"https:\\\/\\\/shrimataji.org\\\/test\\\/#website\"},\"primaryImageOfPage\":{\"@id\":\"https:\\\/\\\/shrimataji.org\\\/test\\\/bs\\\/samospoznaja\\\/#primaryimage\"},\"image\":{\"@id\":\"https:\\\/\\\/shrimataji.org\\\/test\\\/bs\\\/samospoznaja\\\/#primaryimage\"},\"thumbnailUrl\":\"https:\\\/\\\/shrimataji.org\\\/test\\\/wp-content\\\/uploads\\\/2023\\\/03\\\/2_Banner-SelfRealisation-scaled.jpg\",\"datePublished\":\"2018-07-10T06:54:46+00:00\",\"dateModified\":\"2025-04-28T11:57:22+00:00\",\"breadcrumb\":{\"@id\":\"https:\\\/\\\/shrimataji.org\\\/test\\\/bs\\\/samospoznaja\\\/#breadcrumb\"},\"inLanguage\":\"en-US\",\"potentialAction\":[{\"@type\":\"ReadAction\",\"target\":[\"https:\\\/\\\/shrimataji.org\\\/test\\\/bs\\\/samospoznaja\\\/\"]}]},{\"@type\":\"ImageObject\",\"inLanguage\":\"en-US\",\"@id\":\"https:\\\/\\\/shrimataji.org\\\/test\\\/bs\\\/samospoznaja\\\/#primaryimage\",\"url\":\"https:\\\/\\\/shrimataji.org\\\/test\\\/wp-content\\\/uploads\\\/2023\\\/03\\\/2_Banner-SelfRealisation-scaled.jpg\",\"contentUrl\":\"https:\\\/\\\/shrimataji.org\\\/test\\\/wp-content\\\/uploads\\\/2023\\\/03\\\/2_Banner-SelfRealisation-scaled.jpg\",\"width\":2560,\"height\":905},{\"@type\":\"BreadcrumbList\",\"@id\":\"https:\\\/\\\/shrimataji.org\\\/test\\\/bs\\\/samospoznaja\\\/#breadcrumb\",\"itemListElement\":[{\"@type\":\"ListItem\",\"position\":1,\"name\":\"Home\",\"item\":\"https:\\\/\\\/shrimataji.org\\\/test\\\/uk\\\/home-en\\\/\"},{\"@type\":\"ListItem\",\"position\":2,\"name\":\"Samospoznaja\"}]},{\"@type\":\"WebSite\",\"@id\":\"https:\\\/\\\/shrimataji.org\\\/test\\\/#website\",\"url\":\"https:\\\/\\\/shrimataji.org\\\/test\\\/\",\"name\":\"Shri Mataji Nirmala Devi\",\"description\":\"A Life Dedicated to Humanity\",\"publisher\":{\"@id\":\"https:\\\/\\\/shrimataji.org\\\/test\\\/#\\\/schema\\\/person\\\/a1b3419c6585f164aa96da1ff85715d1\"},\"potentialAction\":[{\"@type\":\"SearchAction\",\"target\":{\"@type\":\"EntryPoint\",\"urlTemplate\":\"https:\\\/\\\/shrimataji.org\\\/test\\\/?s={search_term_string}\"},\"query-input\":{\"@type\":\"PropertyValueSpecification\",\"valueRequired\":true,\"valueName\":\"search_term_string\"}}],\"inLanguage\":\"en-US\"},{\"@type\":[\"Person\",\"Organization\"],\"@id\":\"https:\\\/\\\/shrimataji.org\\\/test\\\/#\\\/schema\\\/person\\\/a1b3419c6585f164aa96da1ff85715d1\",\"name\":\"Nirmala Shrivastava\",\"image\":{\"@type\":\"ImageObject\",\"inLanguage\":\"en-US\",\"@id\":\"https:\\\/\\\/shrimataji.org\\\/test\\\/wp-content\\\/uploads\\\/2023\\\/02\\\/SMO_LOGO-03.svg\",\"url\":\"https:\\\/\\\/shrimataji.org\\\/test\\\/wp-content\\\/uploads\\\/2023\\\/02\\\/SMO_LOGO-03.svg\",\"contentUrl\":\"https:\\\/\\\/shrimataji.org\\\/test\\\/wp-content\\\/uploads\\\/2023\\\/02\\\/SMO_LOGO-03.svg\",\"width\":\"1024\",\"height\":\"1024\",\"caption\":\"Nirmala Shrivastava\"},\"logo\":{\"@id\":\"https:\\\/\\\/shrimataji.org\\\/test\\\/wp-content\\\/uploads\\\/2023\\\/02\\\/SMO_LOGO-03.svg\"},\"sameAs\":[\"https:\\\/\\\/shrimataji.org\\\/test\",\"https:\\\/\\\/www.facebook.com\\\/shrimataji\",\"https:\\\/\\\/x.com\\\/shrimataji\",\"https:\\\/\\\/www.youtube.com\\\/@Shri_Mataji_Nirmala_Devi\\\/featured\"]}]}<\/script>\n<!-- \/ Yoast SEO plugin. -->","yoast_head_json":{"title":"Samospoznaja - TEST - SMND","robots":{"index":"noindex","follow":"follow","max-snippet":"max-snippet:-1","max-image-preview":"max-image-preview:large","max-video-preview":"max-video-preview:-1"},"og_locale":"en_US","og_type":"article","og_title":"Samospoznaja - TEST - SMND","og_description":"Samospoznaja i Meditacija Jedinstveno spontano ostvarenje va\u0161eg pravog ja \u0160ri Mata\u0111i je koristila drevni proces bu\u0111enja Kundalinija kao osnovu Sahaja joga meditacije. U pro\u0161losti, bu\u0111enje ove unutra\u0161nje duhovne energije postizali su samo retki ljudi kroz naporne procese pro\u010di\u0161\u0107enja i asketizma. \u0160ri Mata\u0111i je otkrila spontanu metodu bu\u0111enja ove energije na masovnom nivou, koja ne zahteva&hellip; Read more","og_url":"https:\/\/shrimataji.org\/test\/bs\/samospoznaja\/","og_site_name":"TEST - SMND","article_publisher":"https:\/\/www.facebook.com\/shrimataji","article_modified_time":"2025-04-28T11:57:22+00:00","og_image":[{"width":2560,"height":905,"url":"https:\/\/shrimataji.org\/test\/wp-content\/uploads\/2023\/03\/2_Banner-SelfRealisation-scaled.jpg","type":"image\/jpeg"}],"twitter_card":"summary_large_image","twitter_site":"@shrimataji","twitter_misc":{"Est. reading time":"4 minutes"},"schema":{"@context":"https:\/\/schema.org","@graph":[{"@type":"WebPage","@id":"https:\/\/shrimataji.org\/test\/bs\/samospoznaja\/","url":"https:\/\/shrimataji.org\/test\/bs\/samospoznaja\/","name":"Samospoznaja - TEST - SMND","isPartOf":{"@id":"https:\/\/shrimataji.org\/test\/#website"},"primaryImageOfPage":{"@id":"https:\/\/shrimataji.org\/test\/bs\/samospoznaja\/#primaryimage"},"image":{"@id":"https:\/\/shrimataji.org\/test\/bs\/samospoznaja\/#primaryimage"},"thumbnailUrl":"https:\/\/shrimataji.org\/test\/wp-content\/uploads\/2023\/03\/2_Banner-SelfRealisation-scaled.jpg","datePublished":"2018-07-10T06:54:46+00:00","dateModified":"2025-04-28T11:57:22+00:00","breadcrumb":{"@id":"https:\/\/shrimataji.org\/test\/bs\/samospoznaja\/#breadcrumb"},"inLanguage":"en-US","potentialAction":[{"@type":"ReadAction","target":["https:\/\/shrimataji.org\/test\/bs\/samospoznaja\/"]}]},{"@type":"ImageObject","inLanguage":"en-US","@id":"https:\/\/shrimataji.org\/test\/bs\/samospoznaja\/#primaryimage","url":"https:\/\/shrimataji.org\/test\/wp-content\/uploads\/2023\/03\/2_Banner-SelfRealisation-scaled.jpg","contentUrl":"https:\/\/shrimataji.org\/test\/wp-content\/uploads\/2023\/03\/2_Banner-SelfRealisation-scaled.jpg","width":2560,"height":905},{"@type":"BreadcrumbList","@id":"https:\/\/shrimataji.org\/test\/bs\/samospoznaja\/#breadcrumb","itemListElement":[{"@type":"ListItem","position":1,"name":"Home","item":"https:\/\/shrimataji.org\/test\/uk\/home-en\/"},{"@type":"ListItem","position":2,"name":"Samospoznaja"}]},{"@type":"WebSite","@id":"https:\/\/shrimataji.org\/test\/#website","url":"https:\/\/shrimataji.org\/test\/","name":"Shri Mataji Nirmala Devi","description":"A Life Dedicated to Humanity","publisher":{"@id":"https:\/\/shrimataji.org\/test\/#\/schema\/person\/a1b3419c6585f164aa96da1ff85715d1"},"potentialAction":[{"@type":"SearchAction","target":{"@type":"EntryPoint","urlTemplate":"https:\/\/shrimataji.org\/test\/?s={search_term_string}"},"query-input":{"@type":"PropertyValueSpecification","valueRequired":true,"valueName":"search_term_string"}}],"inLanguage":"en-US"},{"@type":["Person","Organization"],"@id":"https:\/\/shrimataji.org\/test\/#\/schema\/person\/a1b3419c6585f164aa96da1ff85715d1","name":"Nirmala Shrivastava","image":{"@type":"ImageObject","inLanguage":"en-US","@id":"https:\/\/shrimataji.org\/test\/wp-content\/uploads\/2023\/02\/SMO_LOGO-03.svg","url":"https:\/\/shrimataji.org\/test\/wp-content\/uploads\/2023\/02\/SMO_LOGO-03.svg","contentUrl":"https:\/\/shrimataji.org\/test\/wp-content\/uploads\/2023\/02\/SMO_LOGO-03.svg","width":"1024","height":"1024","caption":"Nirmala Shrivastava"},"logo":{"@id":"https:\/\/shrimataji.org\/test\/wp-content\/uploads\/2023\/02\/SMO_LOGO-03.svg"},"sameAs":["https:\/\/shrimataji.org\/test","https:\/\/www.facebook.com\/shrimataji","https:\/\/x.com\/shrimataji","https:\/\/www.youtube.com\/@Shri_Mataji_Nirmala_Devi\/featured"]}]}},"lang":"bs","translations":{"bs":27294,"ur":37500,"en":410,"pa":25916,"gu":25519,"th":20058,"hu":19564,"sq":18476,"zh":17373,"hi":8373,"tr":10209,"pt":10419,"de":10693,"fr":10791,"it":10889,"es":10986,"ja":11284,"ru":11472,"bn":11663,"te":11771,"sw":11894,"he":12042,"el":12334,"sk":12432,"fa":12530,"fi":12628,"bg":13461,"ro":14533,"cs":14726,"nl":16636,"ku":16796,"ar":16972,"be":18683,"kn":18957,"mr":20422,"uk":20716,"ml":21011,"ta":22794,"sv":23064,"fil":29512,"sd":31008,"da":37810,"pl":38020,"nn":38362},"pll_sync_post":[],"_links":{"self":[{"href":"https:\/\/shrimataji.org\/test\/wp-json\/wp\/v2\/pages\/27294","targetHints":{"allow":["GET"]}}],"collection":[{"href":"https:\/\/shrimataji.org\/test\/wp-json\/wp\/v2\/pages"}],"about":[{"href":"https:\/\/shrimataji.org\/test\/wp-json\/wp\/v2\/types\/page"}],"author":[{"embeddable":true,"href":"https:\/\/shrimataji.org\/test\/wp-json\/wp\/v2\/users\/12"}],"replies":[{"embeddable":true,"href":"https:\/\/shrimataji.org\/test\/wp-json\/wp\/v2\/comments?post=27294"}],"version-history":[{"count":0,"href":"https:\/\/shrimataji.org\/test\/wp-json\/wp\/v2\/pages\/27294\/revisions"}],"wp:featuredmedia":[{"embeddable":true,"href":"https:\/\/shrimataji.org\/test\/wp-json\/wp\/v2\/media\/27295"}],"wp:attachment":[{"href":"https:\/\/shrimataji.org\/test\/wp-json\/wp\/v2\/media?parent=27294"}],"curies":[{"name":"wp","href":"https:\/\/api.w.org\/{rel}","templated":true}]}}