{"id":37922,"date":"2022-01-29T09:56:43","date_gmt":"2022-01-29T09:56:43","guid":{"rendered":"https:\/\/test.shrimataji.org\/?page_id=6391"},"modified":"2026-04-22T05:07:21","modified_gmt":"2026-04-22T05:07:21","slug":"wznoszenie-sie","status":"publish","type":"page","link":"https:\/\/shrimataji.org\/test\/pl\/wznoszenie-sie\/","title":{"rendered":"Wznoszenie si\u0119"},"content":{"rendered":"\n\n\t<h1>Wznoszenie si\u0119<\/h1>\n<h2>Przekraczanie \u017cyciowych iluzji<\/h2>\n<div class=\"su-quote su-quote-style-default\"><div class=\"su-quote-inner su-u-clearfix su-u-trim\"> Nadszed\u0142 czas na wznoszenie si\u0119. &#8230; I zaczynasz czu\u0107 ch\u0142odny powiew wydobywaj\u0105cy si\u0119 z czubka g\u0142owy. Czujesz go nawet na swoich d\u0142oniach.<\/div><\/div>\n<h4>Najwa\u017cniejszym celem samorealizacji jest osi\u0105gni\u0119cie stanu doskona\u0142ej r\u00f3wnowagi, w kt\u00f3rym mo\u017cemy nieustannie wznosi\u0107 si\u0119 do wy\u017cszych sfer \u015bwiadomo\u015bci. Medytacja Sahad\u017aa Joga pomaga nam osi\u0105ga\u0107 szczyty duchowej \u015bwiadomo\u015bci, co przynosi korzy\u015bci widoczne w naszym codziennym \u017cyciu, rodzinie, pracy i spo\u0142ecze\u0144stwie. To kluczowy kamie\u0144 milowy na drodze do stworzenia stabilnego \u017cycia dla nas samych i dla naszej planety.<\/h4>\n<p>Najwi\u0119kszym wyzwaniem dla naszego duchowego wzrostu jest wyj\u015bcie poza to przemijaj\u0105ce \u017cycie, cz\u0119sto nazywane \u017cyciem iluzorycznym, kt\u00f3re postrzegamy jako nasz\u0105 codzienn\u0105 rzeczywisto\u015b\u0107. Staro\u017cytne pisma g\u0142osz\u0105, \u017ce wszelkie ludzkie do\u015bwiadczenia w tym nietrwa\u0142ym \u015bwiecie &#8211; miotaj\u0105ce nasz\u0105 \u015bwiadomo\u015bci\u0105 mi\u0119dzy ekscytacj\u0105 a przygn\u0119bieniem, przyjemno\u015bci\u0105 a b\u00f3lem, zyskiem a strat\u0105 &#8211; s\u0105 \u017ar\u00f3d\u0142em nieszcz\u0119\u015bcia. Radz\u0105 nam one pod\u0105\u017ca\u0107 \u015bcie\u017ck\u0105 ascezy i medytacji, aby odnale\u017a\u0107 spok\u00f3j w wy\u017cszej, duchowej \u015bwiadomo\u015bci. Wyja\u015bnia to, dlaczego wielu poszukiwaczy prawdy wyrzeka si\u0119 \u015bwiata i ucieka od jego chaosu, szukaj\u0105c odosobnienia w odleg\u0142ych miejscach, takich jak Himalaje, w nadziei na osi\u0105gni\u0119cie nirwany lub duchowego wyzwolenia. I cho\u0107 garstka \u017carliwych poszukiwaczy rzeczywi\u015bcie doznaje o\u015bwiecenia pod okiem zrealizowanego guru, wielu wraca rozczarowanych i z pustymi r\u0119kami, nawet po latach surowej ascezy i rygorystycznych praktyk.<\/p>\n<p>Medytacja Sahad\u017aa Joga nie wymaga surowego ascetycznego stylu \u017cycia ani wycofania si\u0119 ze spo\u0142ecze\u0144stwa. Jest ona idealna dla os\u00f3b prowadz\u0105cych normalne \u017cycie rodzinne i zawodowe. W rzeczywisto\u015bci to w\u0142a\u015bnie codzienne wyzwania stanowi\u0105 doskona\u0142y sprawdzian dla naszego duchowego wzrostu, kt\u00f3ry osi\u0105gamy dzi\u0119ki praktyce medytacji Sahad\u017aa Joga.<\/p>\n<p>Ugruntowuj\u0105c nasz\u0105 samorealizacj\u0119 poprzez medytacj\u0119 Sahad\u017aa Joga, odkrywamy swoj\u0105 prawdziw\u0105 natur\u0119 &#8211; czystego, uniwersalnego Ducha. Dzi\u0119ki tej \u015bwiadomo\u015bci oraz narz\u0119dziom, jakie daje nam Sahad\u017aa Joga, stajemy si\u0119 \u015bwiadkami \u017cyciowych zawirowa\u0144. Potrafimy zdystansowa\u0107 si\u0119 od problem\u00f3w i przeszk\u00f3d, dostrzegaj\u0105c, \u017ce wiele z tego, co nazywamy \u201e\u017cyciem&#8221;, jest jedynie efektem naszych w\u0142asnych schemat\u00f3w my\u015blowych oraz oczekiwa\u0144, a przez to ma charakter przemijaj\u0105cy.<\/p>\n<div class=\"epyt-video-wrapper\"><div  data-ep-a=\"fadeIn\"  style=\"display: block; margin: 0px auto;\"  id=\"_ytid_40063\"  width=\"3840\" height=\"2160\"  data-origwidth=\"3840\" data-origheight=\"2160\" data-facadesrc=\"https:\/\/www.youtube.com\/embed\/L9AKl8ypUcE?enablejsapi=1&autoplay=0&cc_load_policy=0&cc_lang_pref=&iv_load_policy=1&loop=0&rel=0&fs=1&playsinline=1&autohide=2&theme=dark&color=red&controls=1&disablekb=0&\" class=\"__youtube_prefs__ epyt-facade  no-lazyload\" data-epautoplay=\"1\" ><img decoding=\"async\" data-spai-excluded=\"true\" class=\"epyt-facade-poster skip-lazy\" loading=\"lazy\"  alt=\"YouTube player\"  src=\"https:\/\/i.ytimg.com\/vi\/L9AKl8ypUcE\/maxresdefault.jpg\"  \/><button class=\"epyt-facade-play\" aria-label=\"Play\"><svg data-no-lazy=\"1\" height=\"100%\" version=\"1.1\" viewBox=\"0 0 68 48\" width=\"100%\"><path class=\"ytp-large-play-button-bg\" d=\"M66.52,7.74c-0.78-2.93-2.49-5.41-5.42-6.19C55.79,.13,34,0,34,0S12.21,.13,6.9,1.55 C3.97,2.33,2.27,4.81,1.48,7.74C0.06,13.05,0,24,0,24s0.06,10.95,1.48,16.26c0.78,2.93,2.49,5.41,5.42,6.19 C12.21,47.87,34,48,34,48s21.79-0.13,27.1-1.55c2.93-0.78,4.64-3.26,5.42-6.19C67.94,34.95,68,24,68,24S67.94,13.05,66.52,7.74z\" fill=\"#f00\"><\/path><path d=\"M 45,24 27,14 27,34\" fill=\"#fff\"><\/path><\/svg><\/button><\/div><\/div><span itemprop=\"video\" itemscope itemtype=\"http:\/\/schema.org\/VideoObject\"><meta itemprop=\"embedUrl\" content=\"https:\/\/www.youtube.com\/embed\/L9AKl8ypUcE\"><meta itemprop=\"name\" content=\"Ascent\"><meta itemprop=\"description\" content=\"YouTube video\"><meta itemprop=\"thumbnailUrl\" content=\"https:\/\/i.ytimg.com\/vi\/L9AKl8ypUcE\/0.jpg\"><meta itemprop=\"duration\" content=\"PT49S\"><meta itemprop=\"uploadDate\" content=\"2022-11-12T03:28:05Z\"><\/span>\n<div class=\"su-quote su-quote-style-default\"><div class=\"su-quote-inner su-u-clearfix su-u-trim\"> Duchowe wznoszenie si\u0119 jest celem Twojego \u017cycia, a Twoim zadaniem jest d\u0105\u017cenie do jego doskona\u0142o\u015bci. <\/div><\/div>\n<p>Wszystkie skarby prawdziwej wiedzy o Sahad\u017aa Jodze mo\u017cna odnale\u017a\u0107 w tysi\u0105cach wyk\u0142ad\u00f3w wyg\u0142oszonych przez Jej \u015awi\u0105tobliwo\u015b\u0107 \u015ari Matad\u017ai Nirmala Dewi. Ka\u017cdy z nich pomaga nam odkrywa\u0107 pi\u0119kne wymiary naszej duchowej egzystencji i odnale\u017a\u0107 wskaz\u00f3wki potrzebne do wzrastania w tej \u015bwiadomo\u015bci. Zach\u0119camy do aktywnego zapoznawania si\u0119 z tymi nagraniami, kt\u00f3re dost\u0119pne s\u0105 w sekcjach Program\u00f3w Publicznych oraz w bibliotece.<\/p>\n<p>Dzielimy si\u0119 tutaj jednym z takich pi\u0119knych wyk\u0142ad\u00f3w na temat <a href=\"https:\/\/shrimataji.org\/test\/pl\/our-spiritual-ascent\/\" target=\"_blank\" rel=\"noopener\">naszego duchowego wzrostu<\/a>, kt\u00f3ry pomo\u017ce pog\u0142\u0119bi\u0107 Tw\u00f3j stan medytacyjny.<\/p>\n<p>&nbsp;<\/p>\n\n","protected":false},"excerpt":{"rendered":"<p>Wznoszenie si\u0119 Przekraczanie \u017cyciowych iluzji Najwa\u017cniejszym celem samorealizacji jest osi\u0105gni\u0119cie stanu doskona\u0142ej r\u00f3wnowagi, w kt\u00f3rym mo\u017cemy nieustannie wznosi\u0107 si\u0119 do wy\u017cszych sfer \u015bwiadomo\u015bci. Medytacja Sahad\u017aa Joga pomaga nam osi\u0105ga\u0107 szczyty duchowej \u015bwiadomo\u015bci, co przynosi korzy\u015bci widoczne w naszym codziennym \u017cyciu, rodzinie, pracy i spo\u0142ecze\u0144stwie. To kluczowy kamie\u0144 milowy na drodze do stworzenia stabilnego \u017cycia dla&hellip; <br \/> <a class=\"read-more\" href=\"https:\/\/shrimataji.org\/test\/pl\/wznoszenie-sie\/\">Read more<\/a><\/p>\n","protected":false},"author":1,"featured_media":37924,"parent":0,"menu_order":0,"comment_status":"closed","ping_status":"closed","template":"","meta":{"inline_featured_image":false,"footnotes":""},"class_list":["post-37922","page","type-page","status-publish","has-post-thumbnail","hentry"],"yoast_head":"<!-- This site is optimized with the Yoast SEO plugin v27.4 - https:\/\/yoast.com\/product\/yoast-seo-wordpress\/ -->\n<title>Wznoszenie si\u0119 - TEST - SMND<\/title>\n<meta name=\"robots\" content=\"noindex, follow, max-snippet:-1, max-image-preview:large, max-video-preview:-1\" \/>\n<meta property=\"og:locale\" content=\"en_US\" \/>\n<meta property=\"og:type\" content=\"article\" \/>\n<meta property=\"og:title\" content=\"Wznoszenie si\u0119 - TEST - SMND\" \/>\n<meta property=\"og:description\" content=\"Wznoszenie si\u0119 Przekraczanie \u017cyciowych iluzji Najwa\u017cniejszym celem samorealizacji jest osi\u0105gni\u0119cie stanu doskona\u0142ej r\u00f3wnowagi, w kt\u00f3rym mo\u017cemy nieustannie wznosi\u0107 si\u0119 do wy\u017cszych sfer \u015bwiadomo\u015bci. Medytacja Sahad\u017aa Joga pomaga nam osi\u0105ga\u0107 szczyty duchowej \u015bwiadomo\u015bci, co przynosi korzy\u015bci widoczne w naszym codziennym \u017cyciu, rodzinie, pracy i spo\u0142ecze\u0144stwie. To kluczowy kamie\u0144 milowy na drodze do stworzenia stabilnego \u017cycia dla&hellip; Read more\" \/>\n<meta property=\"og:url\" content=\"https:\/\/shrimataji.org\/test\/pl\/wznoszenie-sie\/\" \/>\n<meta property=\"og:site_name\" content=\"TEST - SMND\" \/>\n<meta property=\"article:publisher\" content=\"https:\/\/www.facebook.com\/shrimataji\" \/>\n<meta property=\"article:modified_time\" content=\"2026-04-22T05:07:21+00:00\" \/>\n<meta property=\"og:image\" content=\"https:\/\/shrimataji.org\/test\/wp-content\/uploads\/2023\/03\/27_Banner-SY-Ascent-scaled.jpg\" \/>\n\t<meta property=\"og:image:width\" content=\"2560\" \/>\n\t<meta property=\"og:image:height\" content=\"905\" \/>\n\t<meta property=\"og:image:type\" content=\"image\/jpeg\" \/>\n<meta name=\"twitter:card\" content=\"summary_large_image\" \/>\n<meta name=\"twitter:site\" content=\"@shrimataji\" \/>\n<meta name=\"twitter:label1\" content=\"Est. reading time\" \/>\n\t<meta name=\"twitter:data1\" content=\"3 minutes\" \/>\n<script type=\"application\/ld+json\" class=\"yoast-schema-graph\">{\"@context\":\"https:\\\/\\\/schema.org\",\"@graph\":[{\"@type\":\"WebPage\",\"@id\":\"https:\\\/\\\/shrimataji.org\\\/test\\\/pl\\\/wznoszenie-sie\\\/\",\"url\":\"https:\\\/\\\/shrimataji.org\\\/test\\\/pl\\\/wznoszenie-sie\\\/\",\"name\":\"Wznoszenie si\u0119 - TEST - SMND\",\"isPartOf\":{\"@id\":\"https:\\\/\\\/shrimataji.org\\\/test\\\/#website\"},\"primaryImageOfPage\":{\"@id\":\"https:\\\/\\\/shrimataji.org\\\/test\\\/pl\\\/wznoszenie-sie\\\/#primaryimage\"},\"image\":{\"@id\":\"https:\\\/\\\/shrimataji.org\\\/test\\\/pl\\\/wznoszenie-sie\\\/#primaryimage\"},\"thumbnailUrl\":\"https:\\\/\\\/shrimataji.org\\\/test\\\/wp-content\\\/uploads\\\/2023\\\/03\\\/27_Banner-SY-Ascent-scaled.jpg\",\"datePublished\":\"2022-01-29T09:56:43+00:00\",\"dateModified\":\"2026-04-22T05:07:21+00:00\",\"breadcrumb\":{\"@id\":\"https:\\\/\\\/shrimataji.org\\\/test\\\/pl\\\/wznoszenie-sie\\\/#breadcrumb\"},\"inLanguage\":\"en-US\",\"potentialAction\":[{\"@type\":\"ReadAction\",\"target\":[\"https:\\\/\\\/shrimataji.org\\\/test\\\/pl\\\/wznoszenie-sie\\\/\"]}]},{\"@type\":\"ImageObject\",\"inLanguage\":\"en-US\",\"@id\":\"https:\\\/\\\/shrimataji.org\\\/test\\\/pl\\\/wznoszenie-sie\\\/#primaryimage\",\"url\":\"https:\\\/\\\/shrimataji.org\\\/test\\\/wp-content\\\/uploads\\\/2023\\\/03\\\/27_Banner-SY-Ascent-scaled.jpg\",\"contentUrl\":\"https:\\\/\\\/shrimataji.org\\\/test\\\/wp-content\\\/uploads\\\/2023\\\/03\\\/27_Banner-SY-Ascent-scaled.jpg\",\"width\":2560,\"height\":905},{\"@type\":\"BreadcrumbList\",\"@id\":\"https:\\\/\\\/shrimataji.org\\\/test\\\/pl\\\/wznoszenie-sie\\\/#breadcrumb\",\"itemListElement\":[{\"@type\":\"ListItem\",\"position\":1,\"name\":\"Home\",\"item\":\"https:\\\/\\\/shrimataji.org\\\/test\\\/uk\\\/home-en\\\/\"},{\"@type\":\"ListItem\",\"position\":2,\"name\":\"Wznoszenie si\u0119\"}]},{\"@type\":\"WebSite\",\"@id\":\"https:\\\/\\\/shrimataji.org\\\/test\\\/#website\",\"url\":\"https:\\\/\\\/shrimataji.org\\\/test\\\/\",\"name\":\"Shri Mataji Nirmala Devi\",\"description\":\"A Life Dedicated to Humanity\",\"publisher\":{\"@id\":\"https:\\\/\\\/shrimataji.org\\\/test\\\/#\\\/schema\\\/person\\\/a1b3419c6585f164aa96da1ff85715d1\"},\"potentialAction\":[{\"@type\":\"SearchAction\",\"target\":{\"@type\":\"EntryPoint\",\"urlTemplate\":\"https:\\\/\\\/shrimataji.org\\\/test\\\/?s={search_term_string}\"},\"query-input\":{\"@type\":\"PropertyValueSpecification\",\"valueRequired\":true,\"valueName\":\"search_term_string\"}}],\"inLanguage\":\"en-US\"},{\"@type\":[\"Person\",\"Organization\"],\"@id\":\"https:\\\/\\\/shrimataji.org\\\/test\\\/#\\\/schema\\\/person\\\/a1b3419c6585f164aa96da1ff85715d1\",\"name\":\"Nirmala Shrivastava\",\"image\":{\"@type\":\"ImageObject\",\"inLanguage\":\"en-US\",\"@id\":\"https:\\\/\\\/shrimataji.org\\\/test\\\/wp-content\\\/uploads\\\/2023\\\/02\\\/SMO_LOGO-03.svg\",\"url\":\"https:\\\/\\\/shrimataji.org\\\/test\\\/wp-content\\\/uploads\\\/2023\\\/02\\\/SMO_LOGO-03.svg\",\"contentUrl\":\"https:\\\/\\\/shrimataji.org\\\/test\\\/wp-content\\\/uploads\\\/2023\\\/02\\\/SMO_LOGO-03.svg\",\"width\":\"1024\",\"height\":\"1024\",\"caption\":\"Nirmala Shrivastava\"},\"logo\":{\"@id\":\"https:\\\/\\\/shrimataji.org\\\/test\\\/wp-content\\\/uploads\\\/2023\\\/02\\\/SMO_LOGO-03.svg\"},\"sameAs\":[\"https:\\\/\\\/shrimataji.org\\\/test\",\"https:\\\/\\\/www.facebook.com\\\/shrimataji\",\"https:\\\/\\\/x.com\\\/shrimataji\",\"https:\\\/\\\/www.youtube.com\\\/@Shri_Mataji_Nirmala_Devi\\\/featured\"]}]}<\/script>\n<!-- \/ Yoast SEO plugin. -->","yoast_head_json":{"title":"Wznoszenie si\u0119 - TEST - SMND","robots":{"index":"noindex","follow":"follow","max-snippet":"max-snippet:-1","max-image-preview":"max-image-preview:large","max-video-preview":"max-video-preview:-1"},"og_locale":"en_US","og_type":"article","og_title":"Wznoszenie si\u0119 - TEST - SMND","og_description":"Wznoszenie si\u0119 Przekraczanie \u017cyciowych iluzji Najwa\u017cniejszym celem samorealizacji jest osi\u0105gni\u0119cie stanu doskona\u0142ej r\u00f3wnowagi, w kt\u00f3rym mo\u017cemy nieustannie wznosi\u0107 si\u0119 do wy\u017cszych sfer \u015bwiadomo\u015bci. Medytacja Sahad\u017aa Joga pomaga nam osi\u0105ga\u0107 szczyty duchowej \u015bwiadomo\u015bci, co przynosi korzy\u015bci widoczne w naszym codziennym \u017cyciu, rodzinie, pracy i spo\u0142ecze\u0144stwie. To kluczowy kamie\u0144 milowy na drodze do stworzenia stabilnego \u017cycia dla&hellip; Read more","og_url":"https:\/\/shrimataji.org\/test\/pl\/wznoszenie-sie\/","og_site_name":"TEST - SMND","article_publisher":"https:\/\/www.facebook.com\/shrimataji","article_modified_time":"2026-04-22T05:07:21+00:00","og_image":[{"width":2560,"height":905,"url":"https:\/\/shrimataji.org\/test\/wp-content\/uploads\/2023\/03\/27_Banner-SY-Ascent-scaled.jpg","type":"image\/jpeg"}],"twitter_card":"summary_large_image","twitter_site":"@shrimataji","twitter_misc":{"Est. reading time":"3 minutes"},"schema":{"@context":"https:\/\/schema.org","@graph":[{"@type":"WebPage","@id":"https:\/\/shrimataji.org\/test\/pl\/wznoszenie-sie\/","url":"https:\/\/shrimataji.org\/test\/pl\/wznoszenie-sie\/","name":"Wznoszenie si\u0119 - TEST - SMND","isPartOf":{"@id":"https:\/\/shrimataji.org\/test\/#website"},"primaryImageOfPage":{"@id":"https:\/\/shrimataji.org\/test\/pl\/wznoszenie-sie\/#primaryimage"},"image":{"@id":"https:\/\/shrimataji.org\/test\/pl\/wznoszenie-sie\/#primaryimage"},"thumbnailUrl":"https:\/\/shrimataji.org\/test\/wp-content\/uploads\/2023\/03\/27_Banner-SY-Ascent-scaled.jpg","datePublished":"2022-01-29T09:56:43+00:00","dateModified":"2026-04-22T05:07:21+00:00","breadcrumb":{"@id":"https:\/\/shrimataji.org\/test\/pl\/wznoszenie-sie\/#breadcrumb"},"inLanguage":"en-US","potentialAction":[{"@type":"ReadAction","target":["https:\/\/shrimataji.org\/test\/pl\/wznoszenie-sie\/"]}]},{"@type":"ImageObject","inLanguage":"en-US","@id":"https:\/\/shrimataji.org\/test\/pl\/wznoszenie-sie\/#primaryimage","url":"https:\/\/shrimataji.org\/test\/wp-content\/uploads\/2023\/03\/27_Banner-SY-Ascent-scaled.jpg","contentUrl":"https:\/\/shrimataji.org\/test\/wp-content\/uploads\/2023\/03\/27_Banner-SY-Ascent-scaled.jpg","width":2560,"height":905},{"@type":"BreadcrumbList","@id":"https:\/\/shrimataji.org\/test\/pl\/wznoszenie-sie\/#breadcrumb","itemListElement":[{"@type":"ListItem","position":1,"name":"Home","item":"https:\/\/shrimataji.org\/test\/uk\/home-en\/"},{"@type":"ListItem","position":2,"name":"Wznoszenie si\u0119"}]},{"@type":"WebSite","@id":"https:\/\/shrimataji.org\/test\/#website","url":"https:\/\/shrimataji.org\/test\/","name":"Shri Mataji Nirmala Devi","description":"A Life Dedicated to Humanity","publisher":{"@id":"https:\/\/shrimataji.org\/test\/#\/schema\/person\/a1b3419c6585f164aa96da1ff85715d1"},"potentialAction":[{"@type":"SearchAction","target":{"@type":"EntryPoint","urlTemplate":"https:\/\/shrimataji.org\/test\/?s={search_term_string}"},"query-input":{"@type":"PropertyValueSpecification","valueRequired":true,"valueName":"search_term_string"}}],"inLanguage":"en-US"},{"@type":["Person","Organization"],"@id":"https:\/\/shrimataji.org\/test\/#\/schema\/person\/a1b3419c6585f164aa96da1ff85715d1","name":"Nirmala Shrivastava","image":{"@type":"ImageObject","inLanguage":"en-US","@id":"https:\/\/shrimataji.org\/test\/wp-content\/uploads\/2023\/02\/SMO_LOGO-03.svg","url":"https:\/\/shrimataji.org\/test\/wp-content\/uploads\/2023\/02\/SMO_LOGO-03.svg","contentUrl":"https:\/\/shrimataji.org\/test\/wp-content\/uploads\/2023\/02\/SMO_LOGO-03.svg","width":"1024","height":"1024","caption":"Nirmala Shrivastava"},"logo":{"@id":"https:\/\/shrimataji.org\/test\/wp-content\/uploads\/2023\/02\/SMO_LOGO-03.svg"},"sameAs":["https:\/\/shrimataji.org\/test","https:\/\/www.facebook.com\/shrimataji","https:\/\/x.com\/shrimataji","https:\/\/www.youtube.com\/@Shri_Mataji_Nirmala_Devi\/featured"]}]}},"lang":"pl","translations":{"pl":37922,"ur":37391,"en":6391,"am":17962,"th":19888,"hu":19437,"sq":18363,"zh":17260,"hi":7355,"tr":10133,"pt":10350,"de":10623,"fr":10721,"it":10819,"es":10917,"ja":11214,"ru":11402,"bn":11594,"te":11702,"sw":11825,"he":11973,"el":12264,"sk":12362,"fa":12460,"fi":12558,"bg":13397,"ro":14471,"cs":14664,"nl":16523,"ku":16683,"ar":16859,"be":18570,"kn":18844,"mr":20252,"uk":20544,"ml":20843,"ta":22678,"sv":22951,"gu":28799,"pa":28957,"fil":29397,"da":37705,"nn":38257},"pll_sync_post":[],"_links":{"self":[{"href":"https:\/\/shrimataji.org\/test\/wp-json\/wp\/v2\/pages\/37922","targetHints":{"allow":["GET"]}}],"collection":[{"href":"https:\/\/shrimataji.org\/test\/wp-json\/wp\/v2\/pages"}],"about":[{"href":"https:\/\/shrimataji.org\/test\/wp-json\/wp\/v2\/types\/page"}],"author":[{"embeddable":true,"href":"https:\/\/shrimataji.org\/test\/wp-json\/wp\/v2\/users\/1"}],"replies":[{"embeddable":true,"href":"https:\/\/shrimataji.org\/test\/wp-json\/wp\/v2\/comments?post=37922"}],"version-history":[{"count":0,"href":"https:\/\/shrimataji.org\/test\/wp-json\/wp\/v2\/pages\/37922\/revisions"}],"wp:featuredmedia":[{"embeddable":true,"href":"https:\/\/shrimataji.org\/test\/wp-json\/wp\/v2\/media\/37924"}],"wp:attachment":[{"href":"https:\/\/shrimataji.org\/test\/wp-json\/wp\/v2\/media?parent=37922"}],"curies":[{"name":"wp","href":"https:\/\/api.w.org\/{rel}","templated":true}]}}