{"id":37927,"date":"2018-07-10T06:54:50","date_gmt":"2018-07-10T06:54:50","guid":{"rendered":"http:\/\/testwordpress.nirmalnagari.org\/smnd\/index.php\/awards\/"},"modified":"2026-04-14T17:30:01","modified_gmt":"2026-04-14T17:30:01","slug":"nagrody-i-wyroznienia","status":"publish","type":"page","link":"https:\/\/shrimataji.org\/test\/pl\/nagrody-i-wyroznienia\/","title":{"rendered":"Nagrody i wyr\u00f3\u017cnienia"},"content":{"rendered":"\n\n\t<h1>Nagrody i wyr\u00f3\u017cnienia<\/h1>\n<h2>Mi\u0119dzynarodowe uznania<\/h2>\n\t<h4>Humanitarna i duchowa dzia\u0142alno\u015b\u0107 \u015ari Matad\u017ai budzi podziw nie tylko u niezliczonych os\u00f3b w ponad 95 krajach, kt\u00f3re osobi\u015bcie skorzysta\u0142y z Jej nauk, lecz tak\u017ce u przedstawicieli rz\u0105d\u00f3w, osobisto\u015bci oficjalnych, instytucji edukacyjnych i organizacji humanitarnych.<\/h4>\n<p>Doceniaj\u0105c naukowy i weryfikowalny charakter Jej nauk, Pietrowska Akademia Nauk i Sztuk w Sankt Petersburgu nada\u0142a \u015ari Matad\u017ai tytu\u0142 Cz\u0142onka Honorowego, a w uzasadnieniu pad\u0142y s\u0142owa: \u201eJeste\u015b ponad nauk\u0105&#8221;.<\/p>\n<p>Inni, jak na przyk\u0142ad Claes Nobel, dzi\u0119kowali Jej za niesienie nadziei ludzko\u015bci. Wszystkie wyr\u00f3\u017cnienia przyjmowa\u0142a z w\u0142a\u015bciw\u0105 sobie pokor\u0105, doceniaj\u0105c wysi\u0142ki innych i podkre\u015blaj\u0105c, \u017ce s\u0105 to osi\u0105gni\u0119cia zbiorowe, a nie indywidualne.<\/p>\n<p>Mimo nieustannych podr\u00f3\u017cy \u015ari Matad\u017ai nigdy nie okre\u015bli\u0142a swojego wymagaj\u0105cego harmonogramu jako m\u0119cz\u0105cego, por\u00f3wnuj\u0105c go raczej do stara\u0144 kochaj\u0105cej matki dbaj\u0105cej o dobro swoich dzieci.<\/p>\n\t\t<iframe loading=\"lazy\" title=\"Claes Nobel - Tribute to Shri Mataji\" width=\"1920\" height=\"1080\" src=\"https:\/\/www.youtube.com\/embed\/K4ftCStNzWk?feature=oembed\" frameborder=\"0\" allow=\"accelerometer; autoplay; clipboard-write; encrypted-media; gyroscope; picture-in-picture; web-share\" allowfullscreen><\/iframe>\t\n<figure itemscope itemtype=\"https:\/\/schema.org\/ImageObject\">\n\t\t\t\t<img decoding=\"async\" src=\"https:\/\/shrimataji.org\/test\/wp-content\/uploads\/2024\/11\/EN_shri-mataji-at-the-womens-conference-in-beijing-13.09.1995-1024x668.jpg\" alt=\"UN Conference (Beijing, China, 1995)\" height=\"668\" width=\"1024\" height=\"668\" width=\"1024\" title=\"EN_shri-mataji-at-the-womens-conference-in-beijing-13.09.1995\" onerror=\"this.style.display='none'\" loading=\"lazy\" \/>\n\t\t<figcaption>Konferencja ONZ (Pekin, Chiny, 1995)<\/figcaption>\n\t<\/figure>\n\t<p><strong>Wyb\u00f3r nagr\u00f3d i wyr\u00f3\u017cnie\u0144<\/strong><\/p>\n<p>\u015ari Matad\u017ai zosta\u0142a uhonorowana na ca\u0142ym \u015bwiecie przez wiele presti\u017cowych instytucji za swoj\u0105 bezinteresown\u0105 prac\u0119 oraz niezwyk\u0142e rezultaty nauk duchowych przekazywanych poprzez Sahad\u017aa Jog\u0119. Poni\u017cej wymieniono kilka z tych wyr\u00f3\u017cnie\u0144.<\/p>\n<strong>W\u0142ochy, 1986<\/strong><br \/>\nOg\u0142oszona \u201eOsobowo\u015bci\u0105 Roku&#8221; przez rz\u0105d w\u0142oski.\n<strong>Moskwa, Rosja, 1989<\/strong><br \/>\nW nast\u0119pstwie spotkania \u015ari Matad\u017ai z Ministrem Zdrowia ZSRR, Sahad\u017aa Joga otrzyma\u0142a pe\u0142ne wsparcie rz\u0105du, w tym fundusze na badania naukowe.\n<strong>Nowy Jork, 1990-1994<\/strong><br \/>\nPrzez cztery kolejne lata zapraszana przez ONZ do wyg\u0142aszania prelekcji na temat sposob\u00f3w osi\u0105gania pokoju na \u015bwiecie.\n<strong>Sankt Petersburg, Rosja, 1993<\/strong><br \/>\nMianowana Cz\u0142onkiem Honorowym Pietrowskiej Akademii Nauk i Sztuk. W historii tej instytucji zaszczytu tego dost\u0105pi\u0142o zaledwie dwana\u015bcie os\u00f3b, w tym Albert Einstein. \u015ari Matad\u017ai zainaugurowa\u0142a pierwsz\u0105 Mi\u0119dzynarodow\u0105 Konferencj\u0119 na temat Medycyny i Samowiedzy, kt\u00f3ra od tego czasu sta\u0142a si\u0119 corocznym wydarzeniem akademickim.\n<strong>Brazylia, 1994<\/strong><br \/>\nBurmistrz Bras\u00edlii powita\u0142 \u015ari Matad\u017ai na lotnisku, wr\u0119czy\u0142 Jej klucze do miasta i obj\u0105\u0142 patronatem wszystkie Jej programy.\n<strong>Nowy Jork, 1994<\/strong><br \/>\n26 wrze\u015bnia og\u0142oszono \u201eDniem \u015ari Matad\u017ai Nirmala Dewi&#8221;. Zorganizowano eskort\u0119 policyjn\u0105 dla parady powitalnej na cze\u015b\u0107 \u015ari Matad\u017ai oraz dla uczczenia Jej wsp\u00f3\u0142pracy z Mahatm\u0105 Gandhim.\n<strong>Kolumbia Brytyjska, Kanada, 1994<\/strong><br \/>\nPremier prowincji, pan Mike Harcourt, przekaza\u0142 oficjalny list powitalny w imieniu narodu kanadyjskiego.\n<strong>Rumania 1995<\/strong><br \/>\nUhonorowana tytu\u0142em doktora honoris causa w dziedzinie kognitywistyki przez prof. D. Drimera, rektora Uniwersytetu Ekologicznego w Bukareszcie.\n<strong>Chiny, 1995<\/strong><br \/>\nOficjalny go\u015b\u0107 rz\u0105du chi\u0144skiego; prelegentka na Mi\u0119dzynarodowej Konferencji Kobiet ONZ.\n<strong>Pune, Indie, 1996<\/strong><br \/>\nZ okazji 700. rocznicy urodzin \u015bwi\u0119tego Gjane\u015bwary \u015ari Matad\u017ai przemawia\u0142a na \u201e\u015awiatowym Spotkaniu Filozof\u00f3w &#8217;96 &#8211; Parlamencie Nauki, Religii i Filozofii&#8221;, gdzie otrzyma\u0142a wyrazy uznania za za\u0142o\u017cony przez Ni\u0105 ruch duchowy Sahad\u017aa Joga.\n<strong>Londyn, 1997<\/strong><br \/>\nClaes Nobel, bratanek Alfreda Nobla oraz przewodnicz\u0105cy United Earth i National Society of High School Scholars, uhonorowa\u0142 \u017cycie i dzie\u0142o \u015ari Matad\u017ai w publicznym wyst\u0105pieniu w Royal Albert Hall.\n<strong>USA, 105. Kongres (1997) i 106. Kongres (2000)<\/strong><br \/>\nOficjalne wyrazy uznania odczytane do protoko\u0142u Kongresu (Congressional Record) przez kongresmena Eliota Engela, wyra\u017caj\u0105ce podziw dla \u015ari Matad\u017ai za Jej oddan\u0105 i niestrudzon\u0105 prac\u0119 na rzecz ludzko\u015bci.\n<strong>Cabella Ligure, W\u0142ochy, 2006<\/strong><br \/>\n\u015ari Matad\u017ai otrzyma\u0142a honorowe obywatelstwo W\u0142och, po czym nast\u0105pi\u0142o wmurowanie kamienia w\u0119gielnego pod \u015awiatow\u0105 Fundacj\u0119 Sahad\u017aa Joga \u015ari Matad\u017ai Nirmala Dewi. Fundacja ta ma swoj\u0105 siedzib\u0119 w Cabella Ligure.\n<strong>New Delhi, India, 2024<br \/>\n<\/strong>Rz\u0105d Indii, za po\u015brednictwem Ministerstwa Finans\u00f3w, wyemitowa\u0142 monet\u0119 okoliczno\u015bciow\u0105, aby uhonorowa\u0107 bezinteresown\u0105 s\u0142u\u017cb\u0119 \u015ari Matad\u017ai Nirmali Dewi na rzecz dobrobytu i duchowego odrodzenia ca\u0142ej ludzko\u015bci. Aby upami\u0119tni\u0107 setn\u0105 rocznic\u0119 jej urodzin, 14 pa\u017adziernika 2024 roku w audytorium Muzeum Narodowego w New Delhi odby\u0142a si\u0119 uroczysta ceremonia wprowadzenia monety do obiegu.\n<strong>New Jersey, USA, 2026<br \/>\n<\/strong>Gmina New Milford w stanie New Jersey oficjalnie ustanowi\u0142a 21 marca 2026 roku \u201eDniem \u015ari Matad\u017ai Nirmali Dewi&#8221;. Proklamacja, podpisana przez burmistrza Michaela Putrino, jest wyrazem uznania dla do\u017cywotniego wk\u0142adu \u015ari Matad\u017ai w dziedzinie zdrowia psychicznego, pokoju wewn\u0119trznego oraz wspierania rozwoju kobiet. Dokument honoruje r\u00f3wnie\u017c za\u0142o\u017cenie przez ni\u0105 Sahad\u017aa Jogi &#8211; globalnego ruchu medytacyjnego, kt\u00f3ry promuje wewn\u0119trzn\u0105 transformacj\u0119, holistyczny dobrostan oraz g\u0142\u0119bsz\u0105 samo\u015bwiadomo\u015b\u0107.\n<figure itemscope itemtype=\"https:\/\/schema.org\/ImageObject\">\n\t\t\t\t<img decoding=\"async\" src=\"https:\/\/shrimataji.org\/test\/wp-content\/uploads\/2024\/11\/EN_lwp-3459.jpg\" alt=\"Cabella Ligure\" height=\"427\" width=\"640\" title=\"EN_lwp-3459\" onerror=\"this.style.display='none'\" loading=\"lazy\" \/>\n\t\t<figcaption>Cabella Ligure<\/figcaption>\n\t<\/figure>\n\t<div class=\"su-quote su-quote-style-default\"><div class=\"su-quote-inner su-u-clearfix su-u-trim\">Rola matki jest wyj\u0105tkowa &#8211; cierpliwo\u015b\u0107, mi\u0142o\u015b\u0107 i przebaczenie s\u0105 w ni\u0105 naturalnie wpisane&#8230; Jej postawa jest zupe\u0142nie inna. Nie robi tego dla osi\u0105gni\u0119\u0107, s\u0142awy czy nagr\u00f3d&#8230; robi to, poniewa\u017c jest matk\u0105.<\/div><\/div>\n\n","protected":false},"excerpt":{"rendered":"<p>Nagrody i wyr\u00f3\u017cnienia Mi\u0119dzynarodowe uznania Humanitarna i duchowa dzia\u0142alno\u015b\u0107 \u015ari Matad\u017ai budzi podziw nie tylko u niezliczonych os\u00f3b w ponad 95 krajach, kt\u00f3re osobi\u015bcie skorzysta\u0142y z Jej nauk, lecz tak\u017ce u przedstawicieli rz\u0105d\u00f3w, osobisto\u015bci oficjalnych, instytucji edukacyjnych i organizacji humanitarnych. Doceniaj\u0105c naukowy i weryfikowalny charakter Jej nauk, Pietrowska Akademia Nauk i Sztuk w Sankt Petersburgu&hellip; <br \/> <a class=\"read-more\" href=\"https:\/\/shrimataji.org\/test\/pl\/nagrody-i-wyroznienia\/\">Read more<\/a><\/p>\n","protected":false},"author":1,"featured_media":37928,"parent":0,"menu_order":0,"comment_status":"closed","ping_status":"closed","template":"","meta":{"inline_featured_image":false,"footnotes":""},"class_list":["post-37927","page","type-page","status-publish","has-post-thumbnail","hentry"],"yoast_head":"<!-- This site is optimized with the Yoast SEO plugin v27.4 - https:\/\/yoast.com\/product\/yoast-seo-wordpress\/ -->\n<title>Nagrody i wyr\u00f3\u017cnienia - TEST - SMND<\/title>\n<meta name=\"robots\" content=\"noindex, follow, max-snippet:-1, max-image-preview:large, max-video-preview:-1\" \/>\n<meta property=\"og:locale\" content=\"en_US\" \/>\n<meta property=\"og:type\" content=\"article\" \/>\n<meta property=\"og:title\" content=\"Nagrody i wyr\u00f3\u017cnienia - TEST - SMND\" \/>\n<meta property=\"og:description\" content=\"Nagrody i wyr\u00f3\u017cnienia Mi\u0119dzynarodowe uznania Humanitarna i duchowa dzia\u0142alno\u015b\u0107 \u015ari Matad\u017ai budzi podziw nie tylko u niezliczonych os\u00f3b w ponad 95 krajach, kt\u00f3re osobi\u015bcie skorzysta\u0142y z Jej nauk, lecz tak\u017ce u przedstawicieli rz\u0105d\u00f3w, osobisto\u015bci oficjalnych, instytucji edukacyjnych i organizacji humanitarnych. Doceniaj\u0105c naukowy i weryfikowalny charakter Jej nauk, Pietrowska Akademia Nauk i Sztuk w Sankt Petersburgu&hellip; Read more\" \/>\n<meta property=\"og:url\" content=\"https:\/\/shrimataji.org\/test\/pl\/nagrody-i-wyroznienia\/\" \/>\n<meta property=\"og:site_name\" content=\"TEST - SMND\" \/>\n<meta property=\"article:publisher\" content=\"https:\/\/www.facebook.com\/shrimataji\" \/>\n<meta property=\"article:modified_time\" content=\"2026-04-14T17:30:01+00:00\" \/>\n<meta property=\"og:image\" content=\"https:\/\/shrimataji.org\/test\/wp-content\/uploads\/2018\/07\/media_originals\/images\/headers-life-awards\/shri-mataji-recieves-recognition-in-moscow-russia.jpg\" \/>\n\t<meta property=\"og:image:width\" content=\"990\" \/>\n\t<meta property=\"og:image:height\" content=\"350\" \/>\n\t<meta property=\"og:image:type\" content=\"image\/jpeg\" \/>\n<meta name=\"twitter:card\" content=\"summary_large_image\" \/>\n<meta name=\"twitter:site\" content=\"@shrimataji\" \/>\n<meta name=\"twitter:label1\" content=\"Est. reading time\" \/>\n\t<meta name=\"twitter:data1\" content=\"4 minutes\" \/>\n<script type=\"application\/ld+json\" class=\"yoast-schema-graph\">{\"@context\":\"https:\\\/\\\/schema.org\",\"@graph\":[{\"@type\":\"WebPage\",\"@id\":\"https:\\\/\\\/shrimataji.org\\\/test\\\/pl\\\/nagrody-i-wyroznienia\\\/\",\"url\":\"https:\\\/\\\/shrimataji.org\\\/test\\\/pl\\\/nagrody-i-wyroznienia\\\/\",\"name\":\"Nagrody i wyr\u00f3\u017cnienia - TEST - SMND\",\"isPartOf\":{\"@id\":\"https:\\\/\\\/shrimataji.org\\\/test\\\/#website\"},\"primaryImageOfPage\":{\"@id\":\"https:\\\/\\\/shrimataji.org\\\/test\\\/pl\\\/nagrody-i-wyroznienia\\\/#primaryimage\"},\"image\":{\"@id\":\"https:\\\/\\\/shrimataji.org\\\/test\\\/pl\\\/nagrody-i-wyroznienia\\\/#primaryimage\"},\"thumbnailUrl\":\"https:\\\/\\\/shrimataji.org\\\/test\\\/wp-content\\\/uploads\\\/2018\\\/07\\\/media_originals\\\/images\\\/headers-life-awards\\\/shri-mataji-recieves-recognition-in-moscow-russia.jpg\",\"datePublished\":\"2018-07-10T06:54:50+00:00\",\"dateModified\":\"2026-04-14T17:30:01+00:00\",\"breadcrumb\":{\"@id\":\"https:\\\/\\\/shrimataji.org\\\/test\\\/pl\\\/nagrody-i-wyroznienia\\\/#breadcrumb\"},\"inLanguage\":\"en-US\",\"potentialAction\":[{\"@type\":\"ReadAction\",\"target\":[\"https:\\\/\\\/shrimataji.org\\\/test\\\/pl\\\/nagrody-i-wyroznienia\\\/\"]}]},{\"@type\":\"ImageObject\",\"inLanguage\":\"en-US\",\"@id\":\"https:\\\/\\\/shrimataji.org\\\/test\\\/pl\\\/nagrody-i-wyroznienia\\\/#primaryimage\",\"url\":\"https:\\\/\\\/shrimataji.org\\\/test\\\/wp-content\\\/uploads\\\/2018\\\/07\\\/media_originals\\\/images\\\/headers-life-awards\\\/shri-mataji-recieves-recognition-in-moscow-russia.jpg\",\"contentUrl\":\"https:\\\/\\\/shrimataji.org\\\/test\\\/wp-content\\\/uploads\\\/2018\\\/07\\\/media_originals\\\/images\\\/headers-life-awards\\\/shri-mataji-recieves-recognition-in-moscow-russia.jpg\",\"width\":990,\"height\":350},{\"@type\":\"BreadcrumbList\",\"@id\":\"https:\\\/\\\/shrimataji.org\\\/test\\\/pl\\\/nagrody-i-wyroznienia\\\/#breadcrumb\",\"itemListElement\":[{\"@type\":\"ListItem\",\"position\":1,\"name\":\"Home\",\"item\":\"https:\\\/\\\/shrimataji.org\\\/test\\\/uk\\\/home-en\\\/\"},{\"@type\":\"ListItem\",\"position\":2,\"name\":\"Nagrody i wyr\u00f3\u017cnienia\"}]},{\"@type\":\"WebSite\",\"@id\":\"https:\\\/\\\/shrimataji.org\\\/test\\\/#website\",\"url\":\"https:\\\/\\\/shrimataji.org\\\/test\\\/\",\"name\":\"Shri Mataji Nirmala Devi\",\"description\":\"A Life Dedicated to Humanity\",\"publisher\":{\"@id\":\"https:\\\/\\\/shrimataji.org\\\/test\\\/#\\\/schema\\\/person\\\/a1b3419c6585f164aa96da1ff85715d1\"},\"potentialAction\":[{\"@type\":\"SearchAction\",\"target\":{\"@type\":\"EntryPoint\",\"urlTemplate\":\"https:\\\/\\\/shrimataji.org\\\/test\\\/?s={search_term_string}\"},\"query-input\":{\"@type\":\"PropertyValueSpecification\",\"valueRequired\":true,\"valueName\":\"search_term_string\"}}],\"inLanguage\":\"en-US\"},{\"@type\":[\"Person\",\"Organization\"],\"@id\":\"https:\\\/\\\/shrimataji.org\\\/test\\\/#\\\/schema\\\/person\\\/a1b3419c6585f164aa96da1ff85715d1\",\"name\":\"Nirmala Shrivastava\",\"image\":{\"@type\":\"ImageObject\",\"inLanguage\":\"en-US\",\"@id\":\"https:\\\/\\\/shrimataji.org\\\/test\\\/wp-content\\\/uploads\\\/2023\\\/02\\\/SMO_LOGO-03.svg\",\"url\":\"https:\\\/\\\/shrimataji.org\\\/test\\\/wp-content\\\/uploads\\\/2023\\\/02\\\/SMO_LOGO-03.svg\",\"contentUrl\":\"https:\\\/\\\/shrimataji.org\\\/test\\\/wp-content\\\/uploads\\\/2023\\\/02\\\/SMO_LOGO-03.svg\",\"width\":\"1024\",\"height\":\"1024\",\"caption\":\"Nirmala Shrivastava\"},\"logo\":{\"@id\":\"https:\\\/\\\/shrimataji.org\\\/test\\\/wp-content\\\/uploads\\\/2023\\\/02\\\/SMO_LOGO-03.svg\"},\"sameAs\":[\"https:\\\/\\\/shrimataji.org\\\/test\",\"https:\\\/\\\/www.facebook.com\\\/shrimataji\",\"https:\\\/\\\/x.com\\\/shrimataji\",\"https:\\\/\\\/www.youtube.com\\\/@Shri_Mataji_Nirmala_Devi\\\/featured\"]}]}<\/script>\n<!-- \/ Yoast SEO plugin. -->","yoast_head_json":{"title":"Nagrody i wyr\u00f3\u017cnienia - TEST - SMND","robots":{"index":"noindex","follow":"follow","max-snippet":"max-snippet:-1","max-image-preview":"max-image-preview:large","max-video-preview":"max-video-preview:-1"},"og_locale":"en_US","og_type":"article","og_title":"Nagrody i wyr\u00f3\u017cnienia - TEST - SMND","og_description":"Nagrody i wyr\u00f3\u017cnienia Mi\u0119dzynarodowe uznania Humanitarna i duchowa dzia\u0142alno\u015b\u0107 \u015ari Matad\u017ai budzi podziw nie tylko u niezliczonych os\u00f3b w ponad 95 krajach, kt\u00f3re osobi\u015bcie skorzysta\u0142y z Jej nauk, lecz tak\u017ce u przedstawicieli rz\u0105d\u00f3w, osobisto\u015bci oficjalnych, instytucji edukacyjnych i organizacji humanitarnych. Doceniaj\u0105c naukowy i weryfikowalny charakter Jej nauk, Pietrowska Akademia Nauk i Sztuk w Sankt Petersburgu&hellip; Read more","og_url":"https:\/\/shrimataji.org\/test\/pl\/nagrody-i-wyroznienia\/","og_site_name":"TEST - SMND","article_publisher":"https:\/\/www.facebook.com\/shrimataji","article_modified_time":"2026-04-14T17:30:01+00:00","og_image":[{"width":990,"height":350,"url":"https:\/\/shrimataji.org\/test\/wp-content\/uploads\/2018\/07\/media_originals\/images\/headers-life-awards\/shri-mataji-recieves-recognition-in-moscow-russia.jpg","type":"image\/jpeg"}],"twitter_card":"summary_large_image","twitter_site":"@shrimataji","twitter_misc":{"Est. reading time":"4 minutes"},"schema":{"@context":"https:\/\/schema.org","@graph":[{"@type":"WebPage","@id":"https:\/\/shrimataji.org\/test\/pl\/nagrody-i-wyroznienia\/","url":"https:\/\/shrimataji.org\/test\/pl\/nagrody-i-wyroznienia\/","name":"Nagrody i wyr\u00f3\u017cnienia - TEST - SMND","isPartOf":{"@id":"https:\/\/shrimataji.org\/test\/#website"},"primaryImageOfPage":{"@id":"https:\/\/shrimataji.org\/test\/pl\/nagrody-i-wyroznienia\/#primaryimage"},"image":{"@id":"https:\/\/shrimataji.org\/test\/pl\/nagrody-i-wyroznienia\/#primaryimage"},"thumbnailUrl":"https:\/\/shrimataji.org\/test\/wp-content\/uploads\/2018\/07\/media_originals\/images\/headers-life-awards\/shri-mataji-recieves-recognition-in-moscow-russia.jpg","datePublished":"2018-07-10T06:54:50+00:00","dateModified":"2026-04-14T17:30:01+00:00","breadcrumb":{"@id":"https:\/\/shrimataji.org\/test\/pl\/nagrody-i-wyroznienia\/#breadcrumb"},"inLanguage":"en-US","potentialAction":[{"@type":"ReadAction","target":["https:\/\/shrimataji.org\/test\/pl\/nagrody-i-wyroznienia\/"]}]},{"@type":"ImageObject","inLanguage":"en-US","@id":"https:\/\/shrimataji.org\/test\/pl\/nagrody-i-wyroznienia\/#primaryimage","url":"https:\/\/shrimataji.org\/test\/wp-content\/uploads\/2018\/07\/media_originals\/images\/headers-life-awards\/shri-mataji-recieves-recognition-in-moscow-russia.jpg","contentUrl":"https:\/\/shrimataji.org\/test\/wp-content\/uploads\/2018\/07\/media_originals\/images\/headers-life-awards\/shri-mataji-recieves-recognition-in-moscow-russia.jpg","width":990,"height":350},{"@type":"BreadcrumbList","@id":"https:\/\/shrimataji.org\/test\/pl\/nagrody-i-wyroznienia\/#breadcrumb","itemListElement":[{"@type":"ListItem","position":1,"name":"Home","item":"https:\/\/shrimataji.org\/test\/uk\/home-en\/"},{"@type":"ListItem","position":2,"name":"Nagrody i wyr\u00f3\u017cnienia"}]},{"@type":"WebSite","@id":"https:\/\/shrimataji.org\/test\/#website","url":"https:\/\/shrimataji.org\/test\/","name":"Shri Mataji Nirmala Devi","description":"A Life Dedicated to Humanity","publisher":{"@id":"https:\/\/shrimataji.org\/test\/#\/schema\/person\/a1b3419c6585f164aa96da1ff85715d1"},"potentialAction":[{"@type":"SearchAction","target":{"@type":"EntryPoint","urlTemplate":"https:\/\/shrimataji.org\/test\/?s={search_term_string}"},"query-input":{"@type":"PropertyValueSpecification","valueRequired":true,"valueName":"search_term_string"}}],"inLanguage":"en-US"},{"@type":["Person","Organization"],"@id":"https:\/\/shrimataji.org\/test\/#\/schema\/person\/a1b3419c6585f164aa96da1ff85715d1","name":"Nirmala Shrivastava","image":{"@type":"ImageObject","inLanguage":"en-US","@id":"https:\/\/shrimataji.org\/test\/wp-content\/uploads\/2023\/02\/SMO_LOGO-03.svg","url":"https:\/\/shrimataji.org\/test\/wp-content\/uploads\/2023\/02\/SMO_LOGO-03.svg","contentUrl":"https:\/\/shrimataji.org\/test\/wp-content\/uploads\/2023\/02\/SMO_LOGO-03.svg","width":"1024","height":"1024","caption":"Nirmala Shrivastava"},"logo":{"@id":"https:\/\/shrimataji.org\/test\/wp-content\/uploads\/2023\/02\/SMO_LOGO-03.svg"},"sameAs":["https:\/\/shrimataji.org\/test","https:\/\/www.facebook.com\/shrimataji","https:\/\/x.com\/shrimataji","https:\/\/www.youtube.com\/@Shri_Mataji_Nirmala_Devi\/featured"]}]}},"lang":"pl","translations":{"pl":37927,"ur":37691,"en":437,"am":17967,"th":19895,"hu":19442,"sq":18368,"zh":17265,"tr":10136,"pt":10353,"de":10626,"fr":10724,"it":10822,"es":10920,"ja":11217,"ru":11405,"bn":11597,"te":11705,"sw":11828,"he":11976,"el":12267,"sk":12365,"fa":12463,"fi":12561,"bg":13438,"ro":14512,"cs":14705,"nl":16528,"ku":16688,"ar":16864,"be":18575,"kn":18849,"mr":20259,"uk":20551,"ml":20850,"ta":22683,"sv":22956,"gu":28804,"pa":28962,"fil":29402,"da":37710,"nn":38262},"pll_sync_post":[],"_links":{"self":[{"href":"https:\/\/shrimataji.org\/test\/wp-json\/wp\/v2\/pages\/37927","targetHints":{"allow":["GET"]}}],"collection":[{"href":"https:\/\/shrimataji.org\/test\/wp-json\/wp\/v2\/pages"}],"about":[{"href":"https:\/\/shrimataji.org\/test\/wp-json\/wp\/v2\/types\/page"}],"author":[{"embeddable":true,"href":"https:\/\/shrimataji.org\/test\/wp-json\/wp\/v2\/users\/1"}],"replies":[{"embeddable":true,"href":"https:\/\/shrimataji.org\/test\/wp-json\/wp\/v2\/comments?post=37927"}],"version-history":[{"count":0,"href":"https:\/\/shrimataji.org\/test\/wp-json\/wp\/v2\/pages\/37927\/revisions"}],"wp:featuredmedia":[{"embeddable":true,"href":"https:\/\/shrimataji.org\/test\/wp-json\/wp\/v2\/media\/37928"}],"wp:attachment":[{"href":"https:\/\/shrimataji.org\/test\/wp-json\/wp\/v2\/media?parent=37927"}],"curies":[{"name":"wp","href":"https:\/\/api.w.org\/{rel}","templated":true}]}}