{"id":37978,"date":"2022-01-29T10:17:23","date_gmt":"2022-01-29T10:17:23","guid":{"rendered":"https:\/\/test.shrimataji.org\/?page_id=6401"},"modified":"2026-04-22T05:23:11","modified_gmt":"2026-04-22T05:23:11","slug":"kundalini","status":"publish","type":"page","link":"https:\/\/shrimataji.org\/test\/pl\/kundalini\/","title":{"rendered":"Kundalini"},"content":{"rendered":"\n\n\t<h1>Kundalini<\/h1>\n<h2>Ewolucyjna Moc Mi\u0142o\u015bci<\/h2>\n\t<div class=\"su-quote su-quote-style-default\"><div class=\"su-quote-inner su-u-clearfix su-u-trim\">Widzia\u0142am pierwotn\u0105 Kundalini wznosz\u0105c\u0105 si\u0119 jak ogromny piec; piec ten by\u0142 bardzo cichy, lecz mia\u0142 p\u0142on\u0105cy wygl\u0105d &#8211; jak rozgrzany metal, kt\u00f3ry mieni si\u0119 wieloma kolorami. W ten sam spos\u00f3b Kundalini ukaza\u0142a si\u0119 jako wielki piec, mo\u017cna powiedzie\u0107, jak tunel, w kt\u00f3rym znajduj\u0105 si\u0119 instalacje spalaj\u0105ce w\u0119giel do wytwarzania energii elektrycznej; i rozci\u0105ga\u0142a si\u0119 jak teleskop, jedna cz\u0119\u015b\u0107 za drug\u0105, wychodz\u0105c &#8211; strumie\u0144 za strumieniem &#8211; w ten spos\u00f3b.<\/div><\/div>\n\t<h4>Wrodzone duchowe do\u015bwiadczenie \u015ari Matad\u017ai zwi\u0105zane z przebudzeniem Kundalini oraz jej z\u0142o\u017conym dzia\u0142aniem w naszym systemie subtelnym sta\u0142o si\u0119 fundamentem medytacji Sahad\u017aa Jogi, kt\u00f3r\u0105 rozpowszechni\u0142a na ca\u0142ym \u015bwiecie. Jako absolutna mistrzyni i autorytet w tej dziedzinie, szczeg\u00f3\u0142owo opisuje, w jaki spos\u00f3b Kundalini wchodzi w bardzo wczesnym etapie rozwoju p\u0142odowego, jej bosk\u0105 natur\u0119 oraz powody, dla kt\u00f3rych ta pot\u0119\u017cna, boska si\u0142a mi\u0142o\u015bci szanuje nasz\u0105 wolno\u015b\u0107 i nie ingeruje w nasz\u0105 woln\u0105 wol\u0119.<\/h4>\n<p>Tylko nasze czyste pragnienie do\u015bwiadczenia absolutnej prawdy uruchamia w naszej \u015bwiadomo\u015bci przebudzenie tej duchowej mocy i prowadzi nas do samorealizacji.<\/p>\n\t<p>W ka\u017cdym cz\u0142owieku istnieje subtelna, kobieca, archetypowa forma energii duchowej, zlokalizowana w ko\u015bci krzy\u017cowej &#8211; du\u017cej, tr\u00f3jk\u0105tnej ko\u015bci u podstawy kr\u0119gos\u0142upa. Ta energia znana jest w sanskrycie jako Kundalini, co oznacza \u201ezwini\u0119ta&#8221;, poniewa\u017c spoczywa zwini\u0119ta w trzy i p\u00f3\u0142 zwoju. Gdy Kundalini zostaje przebudzona, unosi si\u0119 wzd\u0142u\u017c kr\u0119gos\u0142upa i przechodzi przez nasze centra energetyczne &#8211; <a href=\"https:\/\/shrimataji.org\/test\/pl\/czakry-i-ich-cechy\/\" target=\"_blank\" rel=\"noopener\">czakry<\/a>, wychodz\u0105c przez obszar ciemi\u0105czka, czyli mi\u0119kk\u0105 cz\u0119\u015b\u0107 g\u0142owy u niemowl\u0105t. Gdy Kundalini przechodzi przez ten obszar, odczuwamy j\u0105 jako delikatny, ch\u0142odny powiew, jakby wyp\u0142ywa\u0142a z fontanny. Co ciekawe, nazwa \u201efontanel&#8221; pochodzi od starofrancuskiego s\u0142owa \u201efontanelle&#8221;, kt\u00f3re oznacza \u201ema\u0142\u0105 fontann\u0119&#8221;.<\/p>\n<p>Kundalini jest odbiciem wiecznej mocy Bo\u017cej mi\u0142o\u015bci &#8211; \u017ar\u00f3d\u0142a ca\u0142ego stworzenia. Jest to uniwersalna si\u0142a, kt\u00f3ra my\u015bli, rozumie, koordynuje, wsp\u00f3\u0142dzia\u0142a i rozwija wszystko wed\u0142ug harmonijnego wzorca &#8211; od najmniejszych cz\u0105stek atomowych po jednokom\u00f3rkowe formy \u017cycia.<\/p>\n<figure itemscope itemtype=\"https:\/\/schema.org\/ImageObject\">\n\t\t\t\t<img decoding=\"async\" src=\"https:\/\/shrimataji.org\/test\/wp-content\/uploads\/2023\/02\/1a-Kundalini-01.png\" alt=\"1a-Kundalini-01\" height=\"3426\" width=\"3214\" title=\"1a-Kundalini-01\" onerror=\"this.style.display='none'\" loading=\"lazy\" \/>\n\t<\/figure>\n<figure itemscope itemtype=\"https:\/\/schema.org\/ImageObject\">\n\t\t\t\t<img decoding=\"async\" src=\"https:\/\/shrimataji.org\/test\/wp-content\/uploads\/2023\/02\/Sacrum-1-scaled.jpg\" alt=\"Sacrum\" height=\"2225\" width=\"2560\" title=\"Sacrum\" onerror=\"this.style.display='none'\" loading=\"lazy\" \/>\n\t<\/figure>\n\t<p>\u015ari Matad\u017ai wskaza\u0142a, \u017ce chocia\u017c wiedza o Kundalini by\u0142a utrzymywana w tajemnicy w niekt\u00f3rych tradycjach jogi, takich jak Natha Panthis, istnieje wiele odniesie\u0144 do Kundalini w licznych staro\u017cytnych kulturach i tradycjach. Obejmuj\u0105 one m.in. odniesienia do tr\u00f3jk\u0105tnej ko\u015bci u ko\u0144ca kr\u0119gos\u0142upa, w kt\u00f3rej przebywa Kundalini, zwanej \u201eOs Sacrum&#8221;, co oznacza \u201e\u015bwi\u0119ta ko\u015b\u0107&#8221; i stanowi bezpo\u015brednie t\u0142umaczenie ze starszego greckiego \u201eHieron osteon&#8221;. Istniej\u0105 tak\u017ce odniesienia w kulturze staro\u017cytnego Egiptu, gdzie ko\u015b\u0107 ta by\u0142a uwa\u017cana za \u015bwi\u0119t\u0105 dla Ozyrysa, boga zmartwychwstania i rolnictwa. Wzmiank\u0119 o tej \u015bwi\u0119tej ko\u015bci znajdujemy r\u00f3wnie\u017c w Biblii (Psalm 34:20): \u201eOn strze\u017ce wszystkich jego ko\u015bci, \u017cadna z nich nie jest z\u0142amana&#8221;. Kaduceusz, kt\u00f3ry sta\u0142 si\u0119 symbolem alchemii i farmacji w \u015bredniowiecznej Europie, przedstawia dwa w\u0119\u017ce owijaj\u0105ce si\u0119 siedmiokrotnie wok\u00f3\u0142 laski. Wiele staro\u017cytnych dzie\u0142 sztuki ukazuje form\u0119 trzech i p\u00f3\u0142 zwoju Kundalini. Wszystko to wskazuje, \u017ce na przestrzeni dziej\u00f3w ludzie byli nie\u015bwiadomie prowadzeni przez t\u0119 subteln\u0105 moc.<\/p>\n\t<div class=\"epyt-video-wrapper\"><div  data-ep-a=\"fadeIn\"  style=\"display: block; margin: 0px auto;\"  id=\"_ytid_89539\"  width=\"3840\" height=\"2160\"  data-origwidth=\"3840\" data-origheight=\"2160\" data-facadesrc=\"https:\/\/www.youtube.com\/embed\/d9vKBI_X_QY?enablejsapi=1&autoplay=0&cc_load_policy=0&cc_lang_pref=&iv_load_policy=1&loop=0&rel=0&fs=1&playsinline=1&autohide=2&theme=dark&color=red&controls=1&disablekb=0&\" class=\"__youtube_prefs__ epyt-facade  no-lazyload\" data-epautoplay=\"1\" ><img decoding=\"async\" data-spai-excluded=\"true\" class=\"epyt-facade-poster skip-lazy\" loading=\"lazy\"  alt=\"YouTube player\"  src=\"https:\/\/i.ytimg.com\/vi\/d9vKBI_X_QY\/maxresdefault.jpg\"  \/><button class=\"epyt-facade-play\" aria-label=\"Play\"><svg data-no-lazy=\"1\" height=\"100%\" version=\"1.1\" viewBox=\"0 0 68 48\" width=\"100%\"><path class=\"ytp-large-play-button-bg\" d=\"M66.52,7.74c-0.78-2.93-2.49-5.41-5.42-6.19C55.79,.13,34,0,34,0S12.21,.13,6.9,1.55 C3.97,2.33,2.27,4.81,1.48,7.74C0.06,13.05,0,24,0,24s0.06,10.95,1.48,16.26c0.78,2.93,2.49,5.41,5.42,6.19 C12.21,47.87,34,48,34,48s21.79-0.13,27.1-1.55c2.93-0.78,4.64-3.26,5.42-6.19C67.94,34.95,68,24,68,24S67.94,13.05,66.52,7.74z\" fill=\"#f00\"><\/path><path d=\"M 45,24 27,14 27,34\" fill=\"#fff\"><\/path><\/svg><\/button><\/div><\/div><span itemprop=\"video\" itemscope itemtype=\"http:\/\/schema.org\/VideoObject\"><meta itemprop=\"embedUrl\" content=\"https:\/\/www.youtube.com\/embed\/d9vKBI_X_QY\"><meta itemprop=\"name\" content=\"Kundalini, the pure desire\"><meta itemprop=\"description\" content=\"YouTube video\"><meta itemprop=\"thumbnailUrl\" content=\"https:\/\/i.ytimg.com\/vi\/d9vKBI_X_QY\/0.jpg\"><meta itemprop=\"duration\" content=\"PT3M57S\"><meta itemprop=\"uploadDate\" content=\"2022-11-12T03:31:46Z\"><\/span>\n\t<p>\u015ari Matad\u017ai wyja\u015bni\u0142a wiele b\u0142\u0119dnych przekona\u0144, jakoby przebudzenie Kundalini by\u0142o niebezpieczne lub szkodliwe. Przedstawi\u0142a jasn\u0105 analogi\u0119, ukazuj\u0105c Kundalini jako nasz\u0105 wrodzon\u0105 duchow\u0105 Matk\u0119, kt\u00f3ra towarzyszy nam w podr\u00f3\u017cy \u017cycia przez wiele wciele\u0144 i cierpliwie czeka, a\u017c zapragnniemy samorealizacji. W \u017cadnym naturalnym gatunku na Ziemi matka nie krzywdzi w\u0142asnego dziecka. To w\u0142a\u015bnie matka chroni, piel\u0119gnuje i wspiera dziecko, aby mog\u0142o osi\u0105gn\u0105\u0107 pe\u0142ni\u0119 swojego ewolucyjnego potencja\u0142u.<\/p>\n<h5>\u201eBezkszta\u0142tna, a jednak pe\u0142na, istniej\u0105ca przed niebem i ziemi\u0105. Cicha i nieograniczona, samotna i niezmienna. Przenika wszystko, a jednak nie ustaje. Jest Matk\u0105 wszystkiego pod niebem. Nie znam jej imienia, wi\u0119c nazywam j\u0105 Tao.&#8221;<\/h5>\n<h5>Lao Tzu &#8211; Tao Te King<\/h5>\n<p>To mistyczne do\u015bwiadczenie Kundalini zosta\u0142o opisane przez wielu indyjskich \u015bwi\u0119tych, m.in. Adi \u015aankaraczarja (700 r. n.e.), Kabir (1400 r. n.e.) i D\u017a\u0144ane\u015bwar (1200 r. n.e.).<\/p>\n<p>Energia Kundalini jest zazwyczaj u\u015bpiona. Celem samorealizacji jest jej przebudzenie, aby jej w\u0142a\u015bciwo\u015bci mog\u0142y si\u0119 zamanifestowa\u0107. Mo\u017ce ona zosta\u0107 przebudzona poprzez moc naszego czystego pragnienia &#8211; pragnienia poznania naszego prawdziwego Ja, naszego Ducha. Nasze prawdziwe Ja jest cz\u0119sto przes\u0142oni\u0119te przez nasze my\u015bli i emocje, lecz gdy Kundalini si\u0119 wznosi, spontanicznie wprowadza nas w stan medytacji, pozwalaj\u0105c naszemu czystemu Duchowi zamanifestowa\u0107 si\u0119 w naszej cichej uwadze. Dzi\u0119ki temu mo\u017cemy zdystansowa\u0107 si\u0119 od my\u015bli i emocji, aby do\u015bwiadczy\u0107 czystej rado\u015bci i pokoju, kt\u00f3re odwiecznie istniej\u0105 w ka\u017cdym z nas.<\/p>\n<h5>\u201eOdwracaj\u0105c si\u0119 od materializmu&#8230; wkroczy\u0142em w niebo umys\u0142u i otworzy\u0142em dziesi\u0105t\u0105 bram\u0119. Czakry zwini\u0119tej energii Kundalini zosta\u0142y otwarte i spotka\u0142em mojego Najwy\u017cszego Pana Kr\u00f3la bez l\u0119ku.&#8221;<\/h5>\n<h5>\u015awi\u0119ty Kabir<\/h5>\n<p>Dzia\u0142anie Kundalini mo\u017cna odczu\u0107 w systemie subtelnym, kt\u00f3ry na poziomie fizycznym odpowiada o\u015brodkowemu uk\u0142adowi nerwowemu. Gdy Kundalini si\u0119 wznosi, przechodzi przez czakry odpowiadaj\u0105ce g\u0142\u00f3wnym splotom nerwowym wzd\u0142u\u017c kr\u0119gos\u0142upa. \u015ari Matad\u017ai wyja\u015bni\u0142a, \u017ce nasz\u0105 Kundalini mo\u017cna por\u00f3wna\u0107 do liny z\u0142o\u017conej z milion\u00f3w w\u0142\u00f3kien. Gdy po raz pierwszy otrzymujemy samorealizacj\u0119, tylko jedno lub dwa w\u0142\u00f3kna przechodz\u0105 przez czakry i docieraj\u0105 do Sahasrary na czubku g\u0142owy. Dzi\u0119ki codziennej medytacji coraz wi\u0119cej w\u0142\u00f3kien Kundalini si\u0119 wznosi, wzmacniaj\u0105c nasze po\u0142\u0105czenie z do\u015bwiadczeniem medytacji, kt\u00f3re pog\u0142\u0119bia si\u0119 i staje si\u0119 coraz bardziej g\u0142\u0119bokie oraz b\u0142ogie.<\/p>\n<p>&nbsp;<\/p>\n<div class=\"su-quote su-quote-style-default\"><div class=\"su-quote-inner su-u-clearfix su-u-trim\">Problem polega na tym, jak usun\u0105\u0107 my\u015bl z umys\u0142u. My\u015bli s\u0105 w nim nieustannie&#8230; lecz gdy Kundalini si\u0119 wznosi, my\u015bli te ulegaj\u0105 wyd\u0142u\u017ceniu&#8230; i powstaje pomi\u0119dzy nimi przerwa &#8211; a ta przerwa jest miejscem naszego spokoju. Je\u015bli osi\u0105gniesz ten stan, mo\u017cliwy stanie si\u0119 pok\u00f3j na \u015bwiecie. Samymi transparentami czy okrzykami nie da si\u0119 ustanowi\u0107 pokoju. Pok\u00f3j musi wyp\u0142ywa\u0107 z serc ludzi. W sercach mo\u017ce on zaistnie\u0107 tylko wtedy, gdy ustanowiony zostanie Duch w ich wn\u0119trzu &#8211; tam, gdzie manifestuje si\u0119 b\u0142ogo\u015b\u0107 pokoju. Gdy zaczynasz do\u015bwiadcza\u0107 tej b\u0142ogo\u015bci, nie pragniesz wojen, nie my\u015blisz o nich &#8211; i jest to stan, do kt\u00f3rego ludzko\u015b\u0107 powinna teraz wznie\u015b\u0107 si\u0119 i doj\u015b\u0107.<\/div><\/div>\n\n","protected":false},"excerpt":{"rendered":"<p>Kundalini Ewolucyjna Moc Mi\u0142o\u015bci Wrodzone duchowe do\u015bwiadczenie \u015ari Matad\u017ai zwi\u0105zane z przebudzeniem Kundalini oraz jej z\u0142o\u017conym dzia\u0142aniem w naszym systemie subtelnym sta\u0142o si\u0119 fundamentem medytacji Sahad\u017aa Jogi, kt\u00f3r\u0105 rozpowszechni\u0142a na ca\u0142ym \u015bwiecie. Jako absolutna mistrzyni i autorytet w tej dziedzinie, szczeg\u00f3\u0142owo opisuje, w jaki spos\u00f3b Kundalini wchodzi w bardzo wczesnym etapie rozwoju p\u0142odowego, jej bosk\u0105&hellip; <br \/> <a class=\"read-more\" href=\"https:\/\/shrimataji.org\/test\/pl\/kundalini\/\">Read more<\/a><\/p>\n","protected":false},"author":1,"featured_media":37980,"parent":0,"menu_order":0,"comment_status":"closed","ping_status":"closed","template":"","meta":{"inline_featured_image":false,"footnotes":""},"class_list":["post-37978","page","type-page","status-publish","has-post-thumbnail","hentry"],"yoast_head":"<!-- This site is optimized with the Yoast SEO plugin v27.4 - https:\/\/yoast.com\/product\/yoast-seo-wordpress\/ -->\n<title>Kundalini - TEST - SMND<\/title>\n<meta name=\"robots\" content=\"noindex, follow, max-snippet:-1, max-image-preview:large, max-video-preview:-1\" \/>\n<meta property=\"og:locale\" content=\"en_US\" \/>\n<meta property=\"og:type\" content=\"article\" \/>\n<meta property=\"og:title\" content=\"Kundalini - TEST - SMND\" \/>\n<meta property=\"og:description\" content=\"Kundalini Ewolucyjna Moc Mi\u0142o\u015bci Wrodzone duchowe do\u015bwiadczenie \u015ari Matad\u017ai zwi\u0105zane z przebudzeniem Kundalini oraz jej z\u0142o\u017conym dzia\u0142aniem w naszym systemie subtelnym sta\u0142o si\u0119 fundamentem medytacji Sahad\u017aa Jogi, kt\u00f3r\u0105 rozpowszechni\u0142a na ca\u0142ym \u015bwiecie. Jako absolutna mistrzyni i autorytet w tej dziedzinie, szczeg\u00f3\u0142owo opisuje, w jaki spos\u00f3b Kundalini wchodzi w bardzo wczesnym etapie rozwoju p\u0142odowego, jej bosk\u0105&hellip; Read more\" \/>\n<meta property=\"og:url\" content=\"https:\/\/shrimataji.org\/test\/pl\/kundalini\/\" \/>\n<meta property=\"og:site_name\" content=\"TEST - SMND\" \/>\n<meta property=\"article:publisher\" content=\"https:\/\/www.facebook.com\/shrimataji\" \/>\n<meta property=\"article:modified_time\" content=\"2026-04-22T05:23:11+00:00\" \/>\n<meta property=\"og:image\" content=\"https:\/\/shrimataji.org\/test\/wp-content\/uploads\/2023\/03\/9_Banner-SY-Kundalini-scaled.jpg\" \/>\n\t<meta property=\"og:image:width\" content=\"2560\" \/>\n\t<meta property=\"og:image:height\" content=\"905\" \/>\n\t<meta property=\"og:image:type\" content=\"image\/jpeg\" \/>\n<meta name=\"twitter:card\" content=\"summary_large_image\" \/>\n<meta name=\"twitter:site\" content=\"@shrimataji\" \/>\n<meta name=\"twitter:label1\" content=\"Est. reading time\" \/>\n\t<meta name=\"twitter:data1\" content=\"6 minutes\" \/>\n<script type=\"application\/ld+json\" class=\"yoast-schema-graph\">{\"@context\":\"https:\\\/\\\/schema.org\",\"@graph\":[{\"@type\":\"WebPage\",\"@id\":\"https:\\\/\\\/shrimataji.org\\\/test\\\/pl\\\/kundalini\\\/\",\"url\":\"https:\\\/\\\/shrimataji.org\\\/test\\\/pl\\\/kundalini\\\/\",\"name\":\"Kundalini - TEST - SMND\",\"isPartOf\":{\"@id\":\"https:\\\/\\\/shrimataji.org\\\/test\\\/#website\"},\"primaryImageOfPage\":{\"@id\":\"https:\\\/\\\/shrimataji.org\\\/test\\\/pl\\\/kundalini\\\/#primaryimage\"},\"image\":{\"@id\":\"https:\\\/\\\/shrimataji.org\\\/test\\\/pl\\\/kundalini\\\/#primaryimage\"},\"thumbnailUrl\":\"https:\\\/\\\/shrimataji.org\\\/test\\\/wp-content\\\/uploads\\\/2023\\\/03\\\/9_Banner-SY-Kundalini-scaled.jpg\",\"datePublished\":\"2022-01-29T10:17:23+00:00\",\"dateModified\":\"2026-04-22T05:23:11+00:00\",\"breadcrumb\":{\"@id\":\"https:\\\/\\\/shrimataji.org\\\/test\\\/pl\\\/kundalini\\\/#breadcrumb\"},\"inLanguage\":\"en-US\",\"potentialAction\":[{\"@type\":\"ReadAction\",\"target\":[\"https:\\\/\\\/shrimataji.org\\\/test\\\/pl\\\/kundalini\\\/\"]}]},{\"@type\":\"ImageObject\",\"inLanguage\":\"en-US\",\"@id\":\"https:\\\/\\\/shrimataji.org\\\/test\\\/pl\\\/kundalini\\\/#primaryimage\",\"url\":\"https:\\\/\\\/shrimataji.org\\\/test\\\/wp-content\\\/uploads\\\/2023\\\/03\\\/9_Banner-SY-Kundalini-scaled.jpg\",\"contentUrl\":\"https:\\\/\\\/shrimataji.org\\\/test\\\/wp-content\\\/uploads\\\/2023\\\/03\\\/9_Banner-SY-Kundalini-scaled.jpg\",\"width\":2560,\"height\":905},{\"@type\":\"BreadcrumbList\",\"@id\":\"https:\\\/\\\/shrimataji.org\\\/test\\\/pl\\\/kundalini\\\/#breadcrumb\",\"itemListElement\":[{\"@type\":\"ListItem\",\"position\":1,\"name\":\"Home\",\"item\":\"https:\\\/\\\/shrimataji.org\\\/test\\\/uk\\\/home-en\\\/\"},{\"@type\":\"ListItem\",\"position\":2,\"name\":\"Kundalini\"}]},{\"@type\":\"WebSite\",\"@id\":\"https:\\\/\\\/shrimataji.org\\\/test\\\/#website\",\"url\":\"https:\\\/\\\/shrimataji.org\\\/test\\\/\",\"name\":\"Shri Mataji Nirmala Devi\",\"description\":\"A Life Dedicated to Humanity\",\"publisher\":{\"@id\":\"https:\\\/\\\/shrimataji.org\\\/test\\\/#\\\/schema\\\/person\\\/a1b3419c6585f164aa96da1ff85715d1\"},\"potentialAction\":[{\"@type\":\"SearchAction\",\"target\":{\"@type\":\"EntryPoint\",\"urlTemplate\":\"https:\\\/\\\/shrimataji.org\\\/test\\\/?s={search_term_string}\"},\"query-input\":{\"@type\":\"PropertyValueSpecification\",\"valueRequired\":true,\"valueName\":\"search_term_string\"}}],\"inLanguage\":\"en-US\"},{\"@type\":[\"Person\",\"Organization\"],\"@id\":\"https:\\\/\\\/shrimataji.org\\\/test\\\/#\\\/schema\\\/person\\\/a1b3419c6585f164aa96da1ff85715d1\",\"name\":\"Nirmala Shrivastava\",\"image\":{\"@type\":\"ImageObject\",\"inLanguage\":\"en-US\",\"@id\":\"https:\\\/\\\/shrimataji.org\\\/test\\\/wp-content\\\/uploads\\\/2023\\\/02\\\/SMO_LOGO-03.svg\",\"url\":\"https:\\\/\\\/shrimataji.org\\\/test\\\/wp-content\\\/uploads\\\/2023\\\/02\\\/SMO_LOGO-03.svg\",\"contentUrl\":\"https:\\\/\\\/shrimataji.org\\\/test\\\/wp-content\\\/uploads\\\/2023\\\/02\\\/SMO_LOGO-03.svg\",\"width\":\"1024\",\"height\":\"1024\",\"caption\":\"Nirmala Shrivastava\"},\"logo\":{\"@id\":\"https:\\\/\\\/shrimataji.org\\\/test\\\/wp-content\\\/uploads\\\/2023\\\/02\\\/SMO_LOGO-03.svg\"},\"sameAs\":[\"https:\\\/\\\/shrimataji.org\\\/test\",\"https:\\\/\\\/www.facebook.com\\\/shrimataji\",\"https:\\\/\\\/x.com\\\/shrimataji\",\"https:\\\/\\\/www.youtube.com\\\/@Shri_Mataji_Nirmala_Devi\\\/featured\"]}]}<\/script>\n<!-- \/ Yoast SEO plugin. -->","yoast_head_json":{"title":"Kundalini - TEST - SMND","robots":{"index":"noindex","follow":"follow","max-snippet":"max-snippet:-1","max-image-preview":"max-image-preview:large","max-video-preview":"max-video-preview:-1"},"og_locale":"en_US","og_type":"article","og_title":"Kundalini - TEST - SMND","og_description":"Kundalini Ewolucyjna Moc Mi\u0142o\u015bci Wrodzone duchowe do\u015bwiadczenie \u015ari Matad\u017ai zwi\u0105zane z przebudzeniem Kundalini oraz jej z\u0142o\u017conym dzia\u0142aniem w naszym systemie subtelnym sta\u0142o si\u0119 fundamentem medytacji Sahad\u017aa Jogi, kt\u00f3r\u0105 rozpowszechni\u0142a na ca\u0142ym \u015bwiecie. Jako absolutna mistrzyni i autorytet w tej dziedzinie, szczeg\u00f3\u0142owo opisuje, w jaki spos\u00f3b Kundalini wchodzi w bardzo wczesnym etapie rozwoju p\u0142odowego, jej bosk\u0105&hellip; Read more","og_url":"https:\/\/shrimataji.org\/test\/pl\/kundalini\/","og_site_name":"TEST - SMND","article_publisher":"https:\/\/www.facebook.com\/shrimataji","article_modified_time":"2026-04-22T05:23:11+00:00","og_image":[{"width":2560,"height":905,"url":"https:\/\/shrimataji.org\/test\/wp-content\/uploads\/2023\/03\/9_Banner-SY-Kundalini-scaled.jpg","type":"image\/jpeg"}],"twitter_card":"summary_large_image","twitter_site":"@shrimataji","twitter_misc":{"Est. reading time":"6 minutes"},"schema":{"@context":"https:\/\/schema.org","@graph":[{"@type":"WebPage","@id":"https:\/\/shrimataji.org\/test\/pl\/kundalini\/","url":"https:\/\/shrimataji.org\/test\/pl\/kundalini\/","name":"Kundalini - TEST - SMND","isPartOf":{"@id":"https:\/\/shrimataji.org\/test\/#website"},"primaryImageOfPage":{"@id":"https:\/\/shrimataji.org\/test\/pl\/kundalini\/#primaryimage"},"image":{"@id":"https:\/\/shrimataji.org\/test\/pl\/kundalini\/#primaryimage"},"thumbnailUrl":"https:\/\/shrimataji.org\/test\/wp-content\/uploads\/2023\/03\/9_Banner-SY-Kundalini-scaled.jpg","datePublished":"2022-01-29T10:17:23+00:00","dateModified":"2026-04-22T05:23:11+00:00","breadcrumb":{"@id":"https:\/\/shrimataji.org\/test\/pl\/kundalini\/#breadcrumb"},"inLanguage":"en-US","potentialAction":[{"@type":"ReadAction","target":["https:\/\/shrimataji.org\/test\/pl\/kundalini\/"]}]},{"@type":"ImageObject","inLanguage":"en-US","@id":"https:\/\/shrimataji.org\/test\/pl\/kundalini\/#primaryimage","url":"https:\/\/shrimataji.org\/test\/wp-content\/uploads\/2023\/03\/9_Banner-SY-Kundalini-scaled.jpg","contentUrl":"https:\/\/shrimataji.org\/test\/wp-content\/uploads\/2023\/03\/9_Banner-SY-Kundalini-scaled.jpg","width":2560,"height":905},{"@type":"BreadcrumbList","@id":"https:\/\/shrimataji.org\/test\/pl\/kundalini\/#breadcrumb","itemListElement":[{"@type":"ListItem","position":1,"name":"Home","item":"https:\/\/shrimataji.org\/test\/uk\/home-en\/"},{"@type":"ListItem","position":2,"name":"Kundalini"}]},{"@type":"WebSite","@id":"https:\/\/shrimataji.org\/test\/#website","url":"https:\/\/shrimataji.org\/test\/","name":"Shri Mataji Nirmala Devi","description":"A Life Dedicated to Humanity","publisher":{"@id":"https:\/\/shrimataji.org\/test\/#\/schema\/person\/a1b3419c6585f164aa96da1ff85715d1"},"potentialAction":[{"@type":"SearchAction","target":{"@type":"EntryPoint","urlTemplate":"https:\/\/shrimataji.org\/test\/?s={search_term_string}"},"query-input":{"@type":"PropertyValueSpecification","valueRequired":true,"valueName":"search_term_string"}}],"inLanguage":"en-US"},{"@type":["Person","Organization"],"@id":"https:\/\/shrimataji.org\/test\/#\/schema\/person\/a1b3419c6585f164aa96da1ff85715d1","name":"Nirmala Shrivastava","image":{"@type":"ImageObject","inLanguage":"en-US","@id":"https:\/\/shrimataji.org\/test\/wp-content\/uploads\/2023\/02\/SMO_LOGO-03.svg","url":"https:\/\/shrimataji.org\/test\/wp-content\/uploads\/2023\/02\/SMO_LOGO-03.svg","contentUrl":"https:\/\/shrimataji.org\/test\/wp-content\/uploads\/2023\/02\/SMO_LOGO-03.svg","width":"1024","height":"1024","caption":"Nirmala Shrivastava"},"logo":{"@id":"https:\/\/shrimataji.org\/test\/wp-content\/uploads\/2023\/02\/SMO_LOGO-03.svg"},"sameAs":["https:\/\/shrimataji.org\/test","https:\/\/www.facebook.com\/shrimataji","https:\/\/x.com\/shrimataji","https:\/\/www.youtube.com\/@Shri_Mataji_Nirmala_Devi\/featured"]}]}},"lang":"pl","translations":{"pl":37978,"ur":37453,"en":18633,"fil":29462,"da":37766,"nn":38318},"pll_sync_post":[],"_links":{"self":[{"href":"https:\/\/shrimataji.org\/test\/wp-json\/wp\/v2\/pages\/37978","targetHints":{"allow":["GET"]}}],"collection":[{"href":"https:\/\/shrimataji.org\/test\/wp-json\/wp\/v2\/pages"}],"about":[{"href":"https:\/\/shrimataji.org\/test\/wp-json\/wp\/v2\/types\/page"}],"author":[{"embeddable":true,"href":"https:\/\/shrimataji.org\/test\/wp-json\/wp\/v2\/users\/1"}],"replies":[{"embeddable":true,"href":"https:\/\/shrimataji.org\/test\/wp-json\/wp\/v2\/comments?post=37978"}],"version-history":[{"count":0,"href":"https:\/\/shrimataji.org\/test\/wp-json\/wp\/v2\/pages\/37978\/revisions"}],"wp:featuredmedia":[{"embeddable":true,"href":"https:\/\/shrimataji.org\/test\/wp-json\/wp\/v2\/media\/37980"}],"wp:attachment":[{"href":"https:\/\/shrimataji.org\/test\/wp-json\/wp\/v2\/media?parent=37978"}],"curies":[{"name":"wp","href":"https:\/\/api.w.org\/{rel}","templated":true}]}}