{"id":37983,"date":"2017-08-11T05:00:00","date_gmt":"2017-08-11T05:00:00","guid":{"rendered":"http:\/\/testwordpress.nirmalnagari.org\/smnd\/index.php\/legacy\/"},"modified":"2026-04-14T16:50:28","modified_gmt":"2026-04-14T16:50:28","slug":"dziedzictwo","status":"publish","type":"page","link":"https:\/\/shrimataji.org\/test\/pl\/dziedzictwo\/","title":{"rendered":"Dziedzictwo"},"content":{"rendered":"\n\n\t<h1>Dziedzictwo<\/h1>\n<h2>Transformacja &#8211; od jednostki do spo\u0142ecze\u0144stwa.<\/h2>\n\t<h4>Istniej\u0105 ksi\u0105\u017cki i szko\u0142y, zaj\u0119cia i o\u015brodki zdrowia, akademia sztuki i muzyki, a nawet dom dla potrzebuj\u0105cych, lecz dziedzictwo Shri Mataji jest czym\u015b znacznie wi\u0119cej.<\/h4>\n<p>\u017baden pojedynczy pomnik ani organizacja pozarz\u0105dowa nie s\u0105 w stanie ukaza\u0107 prawdziwego dziedzictwa Shri Mataji Nirmala Devi &#8211; wykracza ono ponad to wszystko.<\/p>\n<p>To, czym \u015ari Matad\u017ai obdarowa\u0142a \u015bwiat, nie jest filozofi\u0105, doktryn\u0105 ani nawet systemem wierze\u0144 &#8211; jest to co\u015b wyj\u0105tkowo niezwyk\u0142ego: samorealizacja. To pierwotne duchowe przebudzenie ma dos\u0142ownie zdolno\u015b\u0107 zmieniania \u015bwiata.<\/p>\n<p>W przeciwie\u0144stwie do wi\u0119kszo\u015bci recept na zmian\u0119, ta zaczyna si\u0119 od intymnej i stopniowo rosn\u0105cej samo\u015bwiadomo\u015bci jednostki. Ta iskra duchowego rozpoznania jest dziedzictwem \u015ari Matad\u017ai dla \u015bwiata.<\/p>\n<p>Poprzez swoj\u0105 dzia\u0142alno\u015b\u0107 stworzy\u0142a globaln\u0105 spo\u0142eczno\u015b\u0107 praktykuj\u0105cych Sahad\u017aa Jog\u0119 w ponad 100 krajach, zjednoczonych pragnieniem przemiany siebie, a tym samym tworzenia mo\u017cliwo\u015bci transformacji na szerszym poziomie.<\/p>\n<figure itemscope itemtype=\"https:\/\/schema.org\/ImageObject\">\n\t\t\t\t<img decoding=\"async\" src=\"https:\/\/shrimataji.org\/test\/wp-content\/uploads\/2024\/11\/EN_shri-mataji-nirmala-devi-in-daglio-italy-7th-july-2007.jpg\" alt=\"Shri Mataji is at Daglio (North Italy, 2007)\" height=\"1800\" width=\"1200\" title=\"EN_shri-mataji-nirmala-devi-in-daglio-italy-7th-july-2007\" onerror=\"this.style.display='none'\" loading=\"lazy\" \/>\n\t\t<figcaption>\u015ari Matad\u017ai w Daglio (p\u00f3\u0142nocne W\u0142ochy, 2007)<\/figcaption>\n\t<\/figure>\n\t<p>Jej wizja nie polega\u0142a na tworzeniu instytucji ani ruch\u00f3w; jej przes\u0142anie by\u0142o skierowane ku jednostce, ku Ja\u017ani. Naucza\u0142a \u015bwiat, \u017ce tylko oparcie si\u0119 na prawdziwej duchowo\u015bci indywidualnej i zbiorowej mo\u017ce rozwi\u0105za\u0107 globalne problemy. Podkre\u015bla\u0142a r\u00f3wnie\u017c wolno\u015b\u0107 jednostki &#8211; w Sahad\u017aa Jodze nie ma dogmat\u00f3w ani doktryn, lecz jedynie o\u015bwiecona \u015bwiadomo\u015b\u0107 tego, co jest w\u0142a\u015bciwe dla rozwoju duchowego.<\/p>\n\t<p>\u201eAby wyposa\u017cy\u0107 ich w narz\u0119dzia pozwalaj\u0105ce im samodzielnie rozwi\u0105zywa\u0107 w\u0142asne problemy, oto, co musz\u0119 zrobi\u0107&#8230; Musisz by\u0107 swoim w\u0142asnym lekarzem. Musisz by\u0107 swoim w\u0142asnym guru&#8221;.<\/p>\n<p>Wywo\u0142uj\u0105c namacaln\u0105 przemian\u0119 w jednostce poprzez przebudzenie Kundalini i nast\u0119puj\u0105c\u0105 po nim medytacj\u0119, nauczy\u0142a \u015bwiat, jak d\u0105\u017cy\u0107 do wy\u017cszego celu ni\u017c jedynie materialny sukces czy w\u0142adza. \u201eMusimy osi\u0105gn\u0105\u0107 wewn\u0119trzny pok\u00f3j&#8221; &#8211; radzi\u0142a. \u201eSpr\u00f3buj medytowa\u0107. Medytuj, aby dotrze\u0107 do swojego wn\u0119trza. To wn\u0119trze jest bezkresnym oceanem b\u0142ogo\u015bci!&#8221;<\/p>\n\t<div class=\"su-quote su-quote-style-default\"><div class=\"su-quote-inner su-u-clearfix su-u-trim\">Musimy ukaza\u0107 rezultaty przebudzenia Kundalini&#8230; To jest dla ca\u0142ego \u015bwiata. Taka jest moja wizja.<\/div><\/div>\n\t<p>Jej dziedzictwo transformacji poprzez samorealizacj\u0119 nadal dotyka \u017cycia milion\u00f3w ludzi, kt\u00f3rzy dzi\u0119ki praktyce medytacji Sahad\u017aa Jogi osi\u0105gaj\u0105 prawdziwy wewn\u0119trzny pok\u00f3j oraz absolutn\u0105 wolno\u015b\u0107 \u017cycia w harmonii ze sob\u0105 nawzajem i z Matk\u0105 Natur\u0105.<\/p>\n\n","protected":false},"excerpt":{"rendered":"<p>Dziedzictwo Transformacja &#8211; od jednostki do spo\u0142ecze\u0144stwa. Istniej\u0105 ksi\u0105\u017cki i szko\u0142y, zaj\u0119cia i o\u015brodki zdrowia, akademia sztuki i muzyki, a nawet dom dla potrzebuj\u0105cych, lecz dziedzictwo Shri Mataji jest czym\u015b znacznie wi\u0119cej. \u017baden pojedynczy pomnik ani organizacja pozarz\u0105dowa nie s\u0105 w stanie ukaza\u0107 prawdziwego dziedzictwa Shri Mataji Nirmala Devi &#8211; wykracza ono ponad to wszystko.&hellip; <br \/> <a class=\"read-more\" href=\"https:\/\/shrimataji.org\/test\/pl\/dziedzictwo\/\">Read more<\/a><\/p>\n","protected":false},"author":1,"featured_media":37984,"parent":0,"menu_order":0,"comment_status":"closed","ping_status":"closed","template":"","meta":{"inline_featured_image":false,"footnotes":""},"class_list":["post-37983","page","type-page","status-publish","has-post-thumbnail","hentry"],"yoast_head":"<!-- This site is optimized with the Yoast SEO plugin v27.4 - https:\/\/yoast.com\/product\/yoast-seo-wordpress\/ -->\n<title>Dziedzictwo - TEST - SMND<\/title>\n<meta name=\"robots\" content=\"noindex, follow, max-snippet:-1, max-image-preview:large, max-video-preview:-1\" \/>\n<meta property=\"og:locale\" content=\"en_US\" \/>\n<meta property=\"og:type\" content=\"article\" \/>\n<meta property=\"og:title\" content=\"Dziedzictwo - TEST - SMND\" \/>\n<meta property=\"og:description\" content=\"Dziedzictwo Transformacja &#8211; od jednostki do spo\u0142ecze\u0144stwa. Istniej\u0105 ksi\u0105\u017cki i szko\u0142y, zaj\u0119cia i o\u015brodki zdrowia, akademia sztuki i muzyki, a nawet dom dla potrzebuj\u0105cych, lecz dziedzictwo Shri Mataji jest czym\u015b znacznie wi\u0119cej. \u017baden pojedynczy pomnik ani organizacja pozarz\u0105dowa nie s\u0105 w stanie ukaza\u0107 prawdziwego dziedzictwa Shri Mataji Nirmala Devi &#8211; wykracza ono ponad to wszystko.&hellip; Read more\" \/>\n<meta property=\"og:url\" content=\"https:\/\/shrimataji.org\/test\/pl\/dziedzictwo\/\" \/>\n<meta property=\"og:site_name\" content=\"TEST - SMND\" \/>\n<meta property=\"article:publisher\" content=\"https:\/\/www.facebook.com\/shrimataji\" \/>\n<meta property=\"article:modified_time\" content=\"2026-04-14T16:50:28+00:00\" \/>\n<meta property=\"og:image\" content=\"https:\/\/shrimataji.org\/test\/wp-content\/uploads\/2024\/05\/teaching.jpg\" \/>\n\t<meta property=\"og:image:width\" content=\"1021\" \/>\n\t<meta property=\"og:image:height\" content=\"360\" \/>\n\t<meta property=\"og:image:type\" content=\"image\/jpeg\" \/>\n<meta name=\"twitter:card\" content=\"summary_large_image\" \/>\n<meta name=\"twitter:site\" content=\"@shrimataji\" \/>\n<script type=\"application\/ld+json\" class=\"yoast-schema-graph\">{\"@context\":\"https:\\\/\\\/schema.org\",\"@graph\":[{\"@type\":\"WebPage\",\"@id\":\"https:\\\/\\\/shrimataji.org\\\/test\\\/pl\\\/dziedzictwo\\\/\",\"url\":\"https:\\\/\\\/shrimataji.org\\\/test\\\/pl\\\/dziedzictwo\\\/\",\"name\":\"Dziedzictwo - TEST - SMND\",\"isPartOf\":{\"@id\":\"https:\\\/\\\/shrimataji.org\\\/test\\\/#website\"},\"primaryImageOfPage\":{\"@id\":\"https:\\\/\\\/shrimataji.org\\\/test\\\/pl\\\/dziedzictwo\\\/#primaryimage\"},\"image\":{\"@id\":\"https:\\\/\\\/shrimataji.org\\\/test\\\/pl\\\/dziedzictwo\\\/#primaryimage\"},\"thumbnailUrl\":\"https:\\\/\\\/shrimataji.org\\\/test\\\/wp-content\\\/uploads\\\/2024\\\/05\\\/teaching.jpg\",\"datePublished\":\"2017-08-11T05:00:00+00:00\",\"dateModified\":\"2026-04-14T16:50:28+00:00\",\"breadcrumb\":{\"@id\":\"https:\\\/\\\/shrimataji.org\\\/test\\\/pl\\\/dziedzictwo\\\/#breadcrumb\"},\"inLanguage\":\"en-US\",\"potentialAction\":[{\"@type\":\"ReadAction\",\"target\":[\"https:\\\/\\\/shrimataji.org\\\/test\\\/pl\\\/dziedzictwo\\\/\"]}]},{\"@type\":\"ImageObject\",\"inLanguage\":\"en-US\",\"@id\":\"https:\\\/\\\/shrimataji.org\\\/test\\\/pl\\\/dziedzictwo\\\/#primaryimage\",\"url\":\"https:\\\/\\\/shrimataji.org\\\/test\\\/wp-content\\\/uploads\\\/2024\\\/05\\\/teaching.jpg\",\"contentUrl\":\"https:\\\/\\\/shrimataji.org\\\/test\\\/wp-content\\\/uploads\\\/2024\\\/05\\\/teaching.jpg\",\"width\":1021,\"height\":360},{\"@type\":\"BreadcrumbList\",\"@id\":\"https:\\\/\\\/shrimataji.org\\\/test\\\/pl\\\/dziedzictwo\\\/#breadcrumb\",\"itemListElement\":[{\"@type\":\"ListItem\",\"position\":1,\"name\":\"Home\",\"item\":\"https:\\\/\\\/shrimataji.org\\\/test\\\/uk\\\/home-en\\\/\"},{\"@type\":\"ListItem\",\"position\":2,\"name\":\"Dziedzictwo\"}]},{\"@type\":\"WebSite\",\"@id\":\"https:\\\/\\\/shrimataji.org\\\/test\\\/#website\",\"url\":\"https:\\\/\\\/shrimataji.org\\\/test\\\/\",\"name\":\"Shri Mataji Nirmala Devi\",\"description\":\"A Life Dedicated to Humanity\",\"publisher\":{\"@id\":\"https:\\\/\\\/shrimataji.org\\\/test\\\/#\\\/schema\\\/person\\\/a1b3419c6585f164aa96da1ff85715d1\"},\"potentialAction\":[{\"@type\":\"SearchAction\",\"target\":{\"@type\":\"EntryPoint\",\"urlTemplate\":\"https:\\\/\\\/shrimataji.org\\\/test\\\/?s={search_term_string}\"},\"query-input\":{\"@type\":\"PropertyValueSpecification\",\"valueRequired\":true,\"valueName\":\"search_term_string\"}}],\"inLanguage\":\"en-US\"},{\"@type\":[\"Person\",\"Organization\"],\"@id\":\"https:\\\/\\\/shrimataji.org\\\/test\\\/#\\\/schema\\\/person\\\/a1b3419c6585f164aa96da1ff85715d1\",\"name\":\"Nirmala Shrivastava\",\"image\":{\"@type\":\"ImageObject\",\"inLanguage\":\"en-US\",\"@id\":\"https:\\\/\\\/shrimataji.org\\\/test\\\/wp-content\\\/uploads\\\/2023\\\/02\\\/SMO_LOGO-03.svg\",\"url\":\"https:\\\/\\\/shrimataji.org\\\/test\\\/wp-content\\\/uploads\\\/2023\\\/02\\\/SMO_LOGO-03.svg\",\"contentUrl\":\"https:\\\/\\\/shrimataji.org\\\/test\\\/wp-content\\\/uploads\\\/2023\\\/02\\\/SMO_LOGO-03.svg\",\"width\":\"1024\",\"height\":\"1024\",\"caption\":\"Nirmala Shrivastava\"},\"logo\":{\"@id\":\"https:\\\/\\\/shrimataji.org\\\/test\\\/wp-content\\\/uploads\\\/2023\\\/02\\\/SMO_LOGO-03.svg\"},\"sameAs\":[\"https:\\\/\\\/shrimataji.org\\\/test\",\"https:\\\/\\\/www.facebook.com\\\/shrimataji\",\"https:\\\/\\\/x.com\\\/shrimataji\",\"https:\\\/\\\/www.youtube.com\\\/@Shri_Mataji_Nirmala_Devi\\\/featured\"]}]}<\/script>\n<!-- \/ Yoast SEO plugin. -->","yoast_head_json":{"title":"Dziedzictwo - TEST - SMND","robots":{"index":"noindex","follow":"follow","max-snippet":"max-snippet:-1","max-image-preview":"max-image-preview:large","max-video-preview":"max-video-preview:-1"},"og_locale":"en_US","og_type":"article","og_title":"Dziedzictwo - TEST - SMND","og_description":"Dziedzictwo Transformacja &#8211; od jednostki do spo\u0142ecze\u0144stwa. Istniej\u0105 ksi\u0105\u017cki i szko\u0142y, zaj\u0119cia i o\u015brodki zdrowia, akademia sztuki i muzyki, a nawet dom dla potrzebuj\u0105cych, lecz dziedzictwo Shri Mataji jest czym\u015b znacznie wi\u0119cej. \u017baden pojedynczy pomnik ani organizacja pozarz\u0105dowa nie s\u0105 w stanie ukaza\u0107 prawdziwego dziedzictwa Shri Mataji Nirmala Devi &#8211; wykracza ono ponad to wszystko.&hellip; Read more","og_url":"https:\/\/shrimataji.org\/test\/pl\/dziedzictwo\/","og_site_name":"TEST - SMND","article_publisher":"https:\/\/www.facebook.com\/shrimataji","article_modified_time":"2026-04-14T16:50:28+00:00","og_image":[{"width":1021,"height":360,"url":"https:\/\/shrimataji.org\/test\/wp-content\/uploads\/2024\/05\/teaching.jpg","type":"image\/jpeg"}],"twitter_card":"summary_large_image","twitter_site":"@shrimataji","schema":{"@context":"https:\/\/schema.org","@graph":[{"@type":"WebPage","@id":"https:\/\/shrimataji.org\/test\/pl\/dziedzictwo\/","url":"https:\/\/shrimataji.org\/test\/pl\/dziedzictwo\/","name":"Dziedzictwo - TEST - SMND","isPartOf":{"@id":"https:\/\/shrimataji.org\/test\/#website"},"primaryImageOfPage":{"@id":"https:\/\/shrimataji.org\/test\/pl\/dziedzictwo\/#primaryimage"},"image":{"@id":"https:\/\/shrimataji.org\/test\/pl\/dziedzictwo\/#primaryimage"},"thumbnailUrl":"https:\/\/shrimataji.org\/test\/wp-content\/uploads\/2024\/05\/teaching.jpg","datePublished":"2017-08-11T05:00:00+00:00","dateModified":"2026-04-14T16:50:28+00:00","breadcrumb":{"@id":"https:\/\/shrimataji.org\/test\/pl\/dziedzictwo\/#breadcrumb"},"inLanguage":"en-US","potentialAction":[{"@type":"ReadAction","target":["https:\/\/shrimataji.org\/test\/pl\/dziedzictwo\/"]}]},{"@type":"ImageObject","inLanguage":"en-US","@id":"https:\/\/shrimataji.org\/test\/pl\/dziedzictwo\/#primaryimage","url":"https:\/\/shrimataji.org\/test\/wp-content\/uploads\/2024\/05\/teaching.jpg","contentUrl":"https:\/\/shrimataji.org\/test\/wp-content\/uploads\/2024\/05\/teaching.jpg","width":1021,"height":360},{"@type":"BreadcrumbList","@id":"https:\/\/shrimataji.org\/test\/pl\/dziedzictwo\/#breadcrumb","itemListElement":[{"@type":"ListItem","position":1,"name":"Home","item":"https:\/\/shrimataji.org\/test\/uk\/home-en\/"},{"@type":"ListItem","position":2,"name":"Dziedzictwo"}]},{"@type":"WebSite","@id":"https:\/\/shrimataji.org\/test\/#website","url":"https:\/\/shrimataji.org\/test\/","name":"Shri Mataji Nirmala Devi","description":"A Life Dedicated to Humanity","publisher":{"@id":"https:\/\/shrimataji.org\/test\/#\/schema\/person\/a1b3419c6585f164aa96da1ff85715d1"},"potentialAction":[{"@type":"SearchAction","target":{"@type":"EntryPoint","urlTemplate":"https:\/\/shrimataji.org\/test\/?s={search_term_string}"},"query-input":{"@type":"PropertyValueSpecification","valueRequired":true,"valueName":"search_term_string"}}],"inLanguage":"en-US"},{"@type":["Person","Organization"],"@id":"https:\/\/shrimataji.org\/test\/#\/schema\/person\/a1b3419c6585f164aa96da1ff85715d1","name":"Nirmala Shrivastava","image":{"@type":"ImageObject","inLanguage":"en-US","@id":"https:\/\/shrimataji.org\/test\/wp-content\/uploads\/2023\/02\/SMO_LOGO-03.svg","url":"https:\/\/shrimataji.org\/test\/wp-content\/uploads\/2023\/02\/SMO_LOGO-03.svg","contentUrl":"https:\/\/shrimataji.org\/test\/wp-content\/uploads\/2023\/02\/SMO_LOGO-03.svg","width":"1024","height":"1024","caption":"Nirmala Shrivastava"},"logo":{"@id":"https:\/\/shrimataji.org\/test\/wp-content\/uploads\/2023\/02\/SMO_LOGO-03.svg"},"sameAs":["https:\/\/shrimataji.org\/test","https:\/\/www.facebook.com\/shrimataji","https:\/\/x.com\/shrimataji","https:\/\/www.youtube.com\/@Shri_Mataji_Nirmala_Devi\/featured"]}]}},"lang":"pl","translations":{"pl":37983,"ur":37458,"en":409,"am":18030,"th":19988,"hu":19511,"sq":18431,"zh":17328,"tr":10179,"pt":10391,"de":10665,"fr":10763,"it":10861,"es":10958,"ja":11255,"ru":11443,"bn":11635,"te":11743,"sw":11866,"he":12014,"el":12306,"sk":12404,"fa":12502,"fi":12600,"bg":13486,"ro":14561,"cs":14754,"nl":16591,"ku":16751,"ar":16927,"be":18638,"kn":18912,"mr":20352,"uk":20646,"ml":20941,"ta":22749,"sv":23020,"gu":28863,"pa":29023,"fil":29468,"da":37771,"nn":38323},"pll_sync_post":[],"_links":{"self":[{"href":"https:\/\/shrimataji.org\/test\/wp-json\/wp\/v2\/pages\/37983","targetHints":{"allow":["GET"]}}],"collection":[{"href":"https:\/\/shrimataji.org\/test\/wp-json\/wp\/v2\/pages"}],"about":[{"href":"https:\/\/shrimataji.org\/test\/wp-json\/wp\/v2\/types\/page"}],"author":[{"embeddable":true,"href":"https:\/\/shrimataji.org\/test\/wp-json\/wp\/v2\/users\/1"}],"replies":[{"embeddable":true,"href":"https:\/\/shrimataji.org\/test\/wp-json\/wp\/v2\/comments?post=37983"}],"version-history":[{"count":0,"href":"https:\/\/shrimataji.org\/test\/wp-json\/wp\/v2\/pages\/37983\/revisions"}],"wp:featuredmedia":[{"embeddable":true,"href":"https:\/\/shrimataji.org\/test\/wp-json\/wp\/v2\/media\/37984"}],"wp:attachment":[{"href":"https:\/\/shrimataji.org\/test\/wp-json\/wp\/v2\/media?parent=37983"}],"curies":[{"name":"wp","href":"https:\/\/api.w.org\/{rel}","templated":true}]}}