{"id":38012,"date":"2022-01-23T03:06:21","date_gmt":"2022-01-23T03:06:21","guid":{"rendered":"https:\/\/test.shrimataji.org\/?page_id=6275"},"modified":"2026-04-22T16:59:47","modified_gmt":"2026-04-22T16:59:47","slug":"medytacja-sahadza-joga","status":"publish","type":"page","link":"https:\/\/shrimataji.org\/test\/pl\/medytacja-sahadza-joga\/","title":{"rendered":"Medytacja Sahad\u017aa Joga"},"content":{"rendered":"\n\n\t<h1>Medytacja Sahad\u017aa Joga<\/h1>\n<h2>Si\u0142a wewn\u0119trznej ciszy<\/h2>\n<div class=\"su-quote su-quote-style-default\"><div class=\"su-quote-inner su-u-clearfix su-u-trim\"> Nie mo\u017cesz medytowa\u0107, musisz by\u0107 w medytacji. Stajesz si\u0119 medytuj\u0105cy. Ca\u0142y czas jeste\u015b w medytacji. <\/div><\/div>\n\t<h4>Medytacja to s\u0142owo, kt\u00f3re definiowano i interpretowano na niezliczone sposoby &#8211; od g\u0142\u0119bokiej refleksji nad jakim\u015b tematem po ciche siedzenie z zamkni\u0119tymi oczami i skupion\u0105 uwag\u0105.<\/h4>\n<p>Medytacja w Sahad\u017aa Jodze opiera si\u0119 na <a href=\"https:\/\/shrimataji.org\/test\/pl\/doswiadcz-swojej-samorealizacji\/\" target=\"_blank\" rel=\"noopener\">samorealizacji<\/a>, w kt\u00f3rej <a href=\"https:\/\/shrimataji.org\/test\/pl\/kundalini\/\" target=\"_blank\" rel=\"noopener\">Kundalini<\/a> (subtelna energia wewn\u0119trzna) praktykuj\u0105cego zostaje przebudzona, co prowadzi do stanu znanego jako Nirwi\u0107ar Samadhi (\u015bwiadomo\u015b\u0107 bez my\u015bli). W tym stanie umys\u0142 ca\u0142kowicie uwalnia si\u0119 od wzburzonych fal my\u015bli i emocji, uspokajaj\u0105c si\u0119 niczym spokojne jezioro, pozostaj\u0105c w pe\u0142ni \u015bwiadomym<a href=\"#citation-note-1\"><sup>[1a]<\/sup><\/a> b\u0142ogiej wewn\u0119trznej rado\u015bci <a href=\"https:\/\/shrimataji.org\/test\/pl\/atma\/\" target=\"_blank\" rel=\"noopener\">Atmy<\/a> (wiecznego, wszechobecnego Ducha).<\/p>\n<figure itemscope itemtype=\"https:\/\/schema.org\/ImageObject\">\n\t\t\t\t<img decoding=\"async\" src=\"https:\/\/shrimataji.org\/test\/wp-content\/uploads\/2026\/04\/pl-Subtle-System-01-scaled.png\" alt=\"pl-Subtle System-01\" height=\"2560\" width=\"2504\" title=\"pl-Subtle System-01\" onerror=\"this.style.display='none'\" loading=\"lazy\" \/>\n\t<\/figure>\n\t<p>W miar\u0119 jak kolejne pasma Kundalini wznosz\u0105 si\u0119 przez kr\u0119gos\u0142up i o\u015bwiecaj\u0105 <a href=\"https:\/\/shrimataji.org\/test\/pl\/czakry-i-ich-cechy\/\" target=\"_blank\" rel=\"noopener\">czakry<\/a> (centra energetyczne) i <a href=\"https:\/\/shrimataji.org\/test\/pl\/nadi-i-trzy-usposobienia\/\" target=\"_blank\" rel=\"noopener\">nadi<\/a> (kana\u0142y energetyczne), praktykuj\u0105cy z \u0142atwo\u015bci\u0105 u\u015bwiadamia sobie wewn\u0119trzny stan swojego subtelnego systemu i odczuwa ch\u0142odny powiew otulaj\u0105cy ca\u0142e cia\u0142o, szczeg\u00f3lnie w okolicy ciemi\u0105czka g\u0142owy i na d\u0142oniach. Po zaledwie kilku tygodniach praktyki mo\u017cna nie tylko opanowa\u0107 \u015bwiadomo\u015b\u0107 w\u0142asnego subtelnego systemu, ale tak\u017ce rozwin\u0105\u0107 wystarczaj\u0105c\u0105 wra\u017cliwo\u015b\u0107, aby wyczuwa\u0107 energie otoczenia, a nawet stan subtelnego systemu os\u00f3b w pobli\u017cu.<\/p>\n\t\t<img decoding=\"async\" data-spai-excluded=\"true\" loading=\"lazy\"  alt=\"YouTube player\"  src=\"https:\/\/i.ytimg.com\/vi\/RA3QEktjJ-Y\/maxresdefault.jpg\"  \/><button aria-label=\"Play\"><\/button><meta itemprop=\"embedUrl\" content=\"https:\/\/www.youtube.com\/embed\/RA3QEktjJ-Y\"\/><meta itemprop=\"name\" content=\"Sahaja Yoga\"\/><meta itemprop=\"description\" content=\"YouTube video\"\/><meta itemprop=\"thumbnailUrl\" content=\"https:\/\/i.ytimg.com\/vi\/RA3QEktjJ-Y\/0.jpg\"\/><meta itemprop=\"duration\" content=\"PT5M52S\"\/><meta itemprop=\"uploadDate\" content=\"2023-01-16T05:39:09Z\"\/>\t\n\t<p>Praktyka medytacji w Sahad\u017aa Jodze jest prosta i mo\u017cna j\u0105 wykonywa\u0107 w domu lub w biurze, samodzielnie lub z innymi. Shri Mataji podkre\u015bla\u0142a, \u017ce izolowanie si\u0119 od spo\u0142ecze\u0144stwa w celu osi\u0105gni\u0119cia duchowego o\u015bwiecenia jest niepotrzebne. Podstaw\u0105 tej techniki jest przebudzenie tej energii, kt\u00f3ra istnieje w ka\u017cdym, i koncentruje si\u0119 na indywidualnym wyborze jej podj\u0119cia i praktykowania. Jest to do\u015bwiadczenie <a href=\"https:\/\/shrimataji.org\/test\/pl\/medytacja-bez-wysilku\/\" target=\"_blank\" rel=\"noopener\">medytacji bez wysi\u0142ku<\/a>, a nie jakiekolwiek \u0107wiczenie uwa\u017cno\u015bci czy koncentracji.<\/p>\n\t<div class=\"su-quote su-quote-style-default\"><div class=\"su-quote-inner su-u-clearfix su-u-trim\">Je\u015bli nie wk\u0142adasz w to \u017cadnego wysi\u0142ku, medytacja b\u0119dzie dzia\u0142a\u0107 najlepiej. <\/div><\/div>\n\t<p>Badania medyczne przeprowadzone w Australii i Indiach wykaza\u0142y, \u017ce mechanizmy uzdrawiania organizmu aktywuj\u0105 si\u0119, gdy medytujemy w stanie \u015bwiadomo\u015bci bez my\u015bli, ale nie wtedy, gdy stosujemy jedynie metody relaksacyjne, takie jak g\u0142\u0119bokie oddychanie lub wizualizacja.<\/p>\n<p>Metody relaksacyjne s\u0105 skuteczne w zmniejszaniu stresu, ale nie wykaza\u0142y wymiernych rezultat\u00f3w medycznych, w przeciwie\u0144stwie do medytacji Sahad\u017aa Jogi.<a href=\"#citation-note-1\"><sup>[1b]<\/sup><\/a><\/p>\n\t\t<iframe loading=\"lazy\" title=\"Meditation Study Finds Improvement\" width=\"1920\" height=\"1080\" src=\"https:\/\/www.youtube.com\/embed\/itvKZ5WxrFs?feature=oembed\" frameborder=\"0\" allow=\"accelerometer; autoplay; clipboard-write; encrypted-media; gyroscope; picture-in-picture; web-share\" referrerpolicy=\"strict-origin-when-cross-origin\" allowfullscreen><\/iframe>\t\n\t<p>Unikaln\u0105 cech\u0105 medytacji Sahad\u017aa Jogi jest to, \u017ce nie oferuje ona jednej, narzuconej drogi do duchowo\u015bci. Nie ma w niej ogranicze\u0144 dietetycznych ani zobowi\u0105za\u0144 religijnych. Ka\u017cdy praktykuj\u0105cy ma mo\u017cliwo\u015b\u0107 wyboru w\u0142asnej \u015bcie\u017cki, tempa post\u0119pu i cel\u00f3w duchowych. Nikt nie jest zmuszany do pod\u0105\u017cania jak\u0105kolwiek \u015bcie\u017ck\u0105, nie ma ustalonego punktu wej\u015bcia, a ka\u017cda samodzielnie wybrana droga jest w pe\u0142ni elastyczna &#8211; to \u017cywy proces, kt\u00f3ry mo\u017cna dostosowa\u0107 do konkretnych potrzeb lub okoliczno\u015bci. <a href=\"#citation-note-2\"><sup>[2]<\/sup><\/a><\/p>\n\t<p>Na ca\u0142ym \u015bwiecie powsta\u0142y <a href=\"https:\/\/shrimataji.org\/test\/pl\/wspolna-medytacja\/\" target=\"_blank\" rel=\"noopener\">centra medytacyjne Sahad\u017aa Jogi<\/a>, w kt\u00f3rych ta technika (wprowadzona przez Shri Mataji) jest nauczana bezp\u0142atnie.<\/p>\n\t<hr \/>\n<p><strong>1a. <a href=\"#citation-ref-1\">^<\/a> 1b. <a href=\"#citation-ref-1a\">^<\/a><a name=\"citation-note-1\"><\/a> <a name=\"citation-note-1\"><\/a> Dr Ramesh Manocha, \u201eCzy medytacja ma okre\u015blony wp\u0142yw?: Systematyczna eksperymentalna ocena definicji zorientowanej na cisz\u0119 umys\u0142u&#8221; (University of NSW, Australia 2008); e-book: \u201e<a href=\"https:\/\/www.sahajbooks.org\/collection\/silence-your-mind\">Silence Your Mind<\/a>&#8221; wydany przez: Hachette Australia 2013; <a href=\"https:\/\/researchingmeditation.org\/\">Badania nad medytacj\u0105 &#8211; naukowe badanie medytacji<\/a><\/strong><\/p>\n<p><strong>2. <a href=\"#citation-ref-2\">^<\/a> <a name=\"citation-note-2\"><\/a>Nigel T. Powell, \u201e<a href=\"https:\/\/www.sahajbooks.org\/collection\/SAHAJA-YOGA-MEDITATION\">Medytacja Sahaja Yoga<\/a>&#8220;, Londyn: Corvalis Publishing 2005.<\/strong><\/p>\n\n","protected":false},"excerpt":{"rendered":"<p>Medytacja Sahad\u017aa Joga Si\u0142a wewn\u0119trznej ciszy Medytacja to s\u0142owo, kt\u00f3re definiowano i interpretowano na niezliczone sposoby &#8211; od g\u0142\u0119bokiej refleksji nad jakim\u015b tematem po ciche siedzenie z zamkni\u0119tymi oczami i skupion\u0105 uwag\u0105. Medytacja w Sahad\u017aa Jodze opiera si\u0119 na samorealizacji, w kt\u00f3rej Kundalini (subtelna energia wewn\u0119trzna) praktykuj\u0105cego zostaje przebudzona, co prowadzi do stanu znanego jako&hellip; <br \/> <a class=\"read-more\" href=\"https:\/\/shrimataji.org\/test\/pl\/medytacja-sahadza-joga\/\">Read more<\/a><\/p>\n","protected":false},"author":1,"featured_media":38013,"parent":0,"menu_order":0,"comment_status":"closed","ping_status":"closed","template":"","meta":{"inline_featured_image":false,"footnotes":""},"class_list":["post-38012","page","type-page","status-publish","has-post-thumbnail","hentry"],"yoast_head":"<!-- This site is optimized with the Yoast SEO plugin v27.4 - https:\/\/yoast.com\/product\/yoast-seo-wordpress\/ -->\n<title>Medytacja Sahad\u017aa Joga - TEST - SMND<\/title>\n<meta name=\"robots\" content=\"noindex, follow, max-snippet:-1, max-image-preview:large, max-video-preview:-1\" \/>\n<meta property=\"og:locale\" content=\"en_US\" \/>\n<meta property=\"og:type\" content=\"article\" \/>\n<meta property=\"og:title\" content=\"Medytacja Sahad\u017aa Joga - TEST - SMND\" \/>\n<meta property=\"og:description\" content=\"Medytacja Sahad\u017aa Joga Si\u0142a wewn\u0119trznej ciszy Medytacja to s\u0142owo, kt\u00f3re definiowano i interpretowano na niezliczone sposoby &#8211; od g\u0142\u0119bokiej refleksji nad jakim\u015b tematem po ciche siedzenie z zamkni\u0119tymi oczami i skupion\u0105 uwag\u0105. Medytacja w Sahad\u017aa Jodze opiera si\u0119 na samorealizacji, w kt\u00f3rej Kundalini (subtelna energia wewn\u0119trzna) praktykuj\u0105cego zostaje przebudzona, co prowadzi do stanu znanego jako&hellip; Read more\" \/>\n<meta property=\"og:url\" content=\"https:\/\/shrimataji.org\/test\/pl\/medytacja-sahadza-joga\/\" \/>\n<meta property=\"og:site_name\" content=\"TEST - SMND\" \/>\n<meta property=\"article:publisher\" content=\"https:\/\/www.facebook.com\/shrimataji\" \/>\n<meta property=\"article:modified_time\" content=\"2026-04-22T16:59:47+00:00\" \/>\n<meta property=\"og:image\" content=\"https:\/\/shrimataji.org\/test\/wp-content\/uploads\/2023\/03\/4_Banner-SY-SYMedit-scaled.jpg\" \/>\n\t<meta property=\"og:image:width\" content=\"2560\" \/>\n\t<meta property=\"og:image:height\" content=\"905\" \/>\n\t<meta property=\"og:image:type\" content=\"image\/jpeg\" \/>\n<meta name=\"twitter:card\" content=\"summary_large_image\" \/>\n<meta name=\"twitter:site\" content=\"@shrimataji\" \/>\n<meta name=\"twitter:label1\" content=\"Est. reading time\" \/>\n\t<meta name=\"twitter:data1\" content=\"3 minutes\" \/>\n<script type=\"application\/ld+json\" class=\"yoast-schema-graph\">{\"@context\":\"https:\\\/\\\/schema.org\",\"@graph\":[{\"@type\":\"WebPage\",\"@id\":\"https:\\\/\\\/shrimataji.org\\\/test\\\/pl\\\/medytacja-sahadza-joga\\\/\",\"url\":\"https:\\\/\\\/shrimataji.org\\\/test\\\/pl\\\/medytacja-sahadza-joga\\\/\",\"name\":\"Medytacja Sahad\u017aa Joga - TEST - SMND\",\"isPartOf\":{\"@id\":\"https:\\\/\\\/shrimataji.org\\\/test\\\/#website\"},\"primaryImageOfPage\":{\"@id\":\"https:\\\/\\\/shrimataji.org\\\/test\\\/pl\\\/medytacja-sahadza-joga\\\/#primaryimage\"},\"image\":{\"@id\":\"https:\\\/\\\/shrimataji.org\\\/test\\\/pl\\\/medytacja-sahadza-joga\\\/#primaryimage\"},\"thumbnailUrl\":\"https:\\\/\\\/shrimataji.org\\\/test\\\/wp-content\\\/uploads\\\/2023\\\/03\\\/4_Banner-SY-SYMedit-scaled.jpg\",\"datePublished\":\"2022-01-23T03:06:21+00:00\",\"dateModified\":\"2026-04-22T16:59:47+00:00\",\"breadcrumb\":{\"@id\":\"https:\\\/\\\/shrimataji.org\\\/test\\\/pl\\\/medytacja-sahadza-joga\\\/#breadcrumb\"},\"inLanguage\":\"en-US\",\"potentialAction\":[{\"@type\":\"ReadAction\",\"target\":[\"https:\\\/\\\/shrimataji.org\\\/test\\\/pl\\\/medytacja-sahadza-joga\\\/\"]}]},{\"@type\":\"ImageObject\",\"inLanguage\":\"en-US\",\"@id\":\"https:\\\/\\\/shrimataji.org\\\/test\\\/pl\\\/medytacja-sahadza-joga\\\/#primaryimage\",\"url\":\"https:\\\/\\\/shrimataji.org\\\/test\\\/wp-content\\\/uploads\\\/2023\\\/03\\\/4_Banner-SY-SYMedit-scaled.jpg\",\"contentUrl\":\"https:\\\/\\\/shrimataji.org\\\/test\\\/wp-content\\\/uploads\\\/2023\\\/03\\\/4_Banner-SY-SYMedit-scaled.jpg\",\"width\":2560,\"height\":905},{\"@type\":\"BreadcrumbList\",\"@id\":\"https:\\\/\\\/shrimataji.org\\\/test\\\/pl\\\/medytacja-sahadza-joga\\\/#breadcrumb\",\"itemListElement\":[{\"@type\":\"ListItem\",\"position\":1,\"name\":\"Home\",\"item\":\"https:\\\/\\\/shrimataji.org\\\/test\\\/uk\\\/home-en\\\/\"},{\"@type\":\"ListItem\",\"position\":2,\"name\":\"Medytacja Sahad\u017aa Joga\"}]},{\"@type\":\"WebSite\",\"@id\":\"https:\\\/\\\/shrimataji.org\\\/test\\\/#website\",\"url\":\"https:\\\/\\\/shrimataji.org\\\/test\\\/\",\"name\":\"Shri Mataji Nirmala Devi\",\"description\":\"A Life Dedicated to Humanity\",\"publisher\":{\"@id\":\"https:\\\/\\\/shrimataji.org\\\/test\\\/#\\\/schema\\\/person\\\/a1b3419c6585f164aa96da1ff85715d1\"},\"potentialAction\":[{\"@type\":\"SearchAction\",\"target\":{\"@type\":\"EntryPoint\",\"urlTemplate\":\"https:\\\/\\\/shrimataji.org\\\/test\\\/?s={search_term_string}\"},\"query-input\":{\"@type\":\"PropertyValueSpecification\",\"valueRequired\":true,\"valueName\":\"search_term_string\"}}],\"inLanguage\":\"en-US\"},{\"@type\":[\"Person\",\"Organization\"],\"@id\":\"https:\\\/\\\/shrimataji.org\\\/test\\\/#\\\/schema\\\/person\\\/a1b3419c6585f164aa96da1ff85715d1\",\"name\":\"Nirmala Shrivastava\",\"image\":{\"@type\":\"ImageObject\",\"inLanguage\":\"en-US\",\"@id\":\"https:\\\/\\\/shrimataji.org\\\/test\\\/wp-content\\\/uploads\\\/2023\\\/02\\\/SMO_LOGO-03.svg\",\"url\":\"https:\\\/\\\/shrimataji.org\\\/test\\\/wp-content\\\/uploads\\\/2023\\\/02\\\/SMO_LOGO-03.svg\",\"contentUrl\":\"https:\\\/\\\/shrimataji.org\\\/test\\\/wp-content\\\/uploads\\\/2023\\\/02\\\/SMO_LOGO-03.svg\",\"width\":\"1024\",\"height\":\"1024\",\"caption\":\"Nirmala Shrivastava\"},\"logo\":{\"@id\":\"https:\\\/\\\/shrimataji.org\\\/test\\\/wp-content\\\/uploads\\\/2023\\\/02\\\/SMO_LOGO-03.svg\"},\"sameAs\":[\"https:\\\/\\\/shrimataji.org\\\/test\",\"https:\\\/\\\/www.facebook.com\\\/shrimataji\",\"https:\\\/\\\/x.com\\\/shrimataji\",\"https:\\\/\\\/www.youtube.com\\\/@Shri_Mataji_Nirmala_Devi\\\/featured\"]}]}<\/script>\n<!-- \/ Yoast SEO plugin. -->","yoast_head_json":{"title":"Medytacja Sahad\u017aa Joga - TEST - SMND","robots":{"index":"noindex","follow":"follow","max-snippet":"max-snippet:-1","max-image-preview":"max-image-preview:large","max-video-preview":"max-video-preview:-1"},"og_locale":"en_US","og_type":"article","og_title":"Medytacja Sahad\u017aa Joga - TEST - SMND","og_description":"Medytacja Sahad\u017aa Joga Si\u0142a wewn\u0119trznej ciszy Medytacja to s\u0142owo, kt\u00f3re definiowano i interpretowano na niezliczone sposoby &#8211; od g\u0142\u0119bokiej refleksji nad jakim\u015b tematem po ciche siedzenie z zamkni\u0119tymi oczami i skupion\u0105 uwag\u0105. Medytacja w Sahad\u017aa Jodze opiera si\u0119 na samorealizacji, w kt\u00f3rej Kundalini (subtelna energia wewn\u0119trzna) praktykuj\u0105cego zostaje przebudzona, co prowadzi do stanu znanego jako&hellip; Read more","og_url":"https:\/\/shrimataji.org\/test\/pl\/medytacja-sahadza-joga\/","og_site_name":"TEST - SMND","article_publisher":"https:\/\/www.facebook.com\/shrimataji","article_modified_time":"2026-04-22T16:59:47+00:00","og_image":[{"width":2560,"height":905,"url":"https:\/\/shrimataji.org\/test\/wp-content\/uploads\/2023\/03\/4_Banner-SY-SYMedit-scaled.jpg","type":"image\/jpeg"}],"twitter_card":"summary_large_image","twitter_site":"@shrimataji","twitter_misc":{"Est. reading time":"3 minutes"},"schema":{"@context":"https:\/\/schema.org","@graph":[{"@type":"WebPage","@id":"https:\/\/shrimataji.org\/test\/pl\/medytacja-sahadza-joga\/","url":"https:\/\/shrimataji.org\/test\/pl\/medytacja-sahadza-joga\/","name":"Medytacja Sahad\u017aa Joga - TEST - SMND","isPartOf":{"@id":"https:\/\/shrimataji.org\/test\/#website"},"primaryImageOfPage":{"@id":"https:\/\/shrimataji.org\/test\/pl\/medytacja-sahadza-joga\/#primaryimage"},"image":{"@id":"https:\/\/shrimataji.org\/test\/pl\/medytacja-sahadza-joga\/#primaryimage"},"thumbnailUrl":"https:\/\/shrimataji.org\/test\/wp-content\/uploads\/2023\/03\/4_Banner-SY-SYMedit-scaled.jpg","datePublished":"2022-01-23T03:06:21+00:00","dateModified":"2026-04-22T16:59:47+00:00","breadcrumb":{"@id":"https:\/\/shrimataji.org\/test\/pl\/medytacja-sahadza-joga\/#breadcrumb"},"inLanguage":"en-US","potentialAction":[{"@type":"ReadAction","target":["https:\/\/shrimataji.org\/test\/pl\/medytacja-sahadza-joga\/"]}]},{"@type":"ImageObject","inLanguage":"en-US","@id":"https:\/\/shrimataji.org\/test\/pl\/medytacja-sahadza-joga\/#primaryimage","url":"https:\/\/shrimataji.org\/test\/wp-content\/uploads\/2023\/03\/4_Banner-SY-SYMedit-scaled.jpg","contentUrl":"https:\/\/shrimataji.org\/test\/wp-content\/uploads\/2023\/03\/4_Banner-SY-SYMedit-scaled.jpg","width":2560,"height":905},{"@type":"BreadcrumbList","@id":"https:\/\/shrimataji.org\/test\/pl\/medytacja-sahadza-joga\/#breadcrumb","itemListElement":[{"@type":"ListItem","position":1,"name":"Home","item":"https:\/\/shrimataji.org\/test\/uk\/home-en\/"},{"@type":"ListItem","position":2,"name":"Medytacja Sahad\u017aa Joga"}]},{"@type":"WebSite","@id":"https:\/\/shrimataji.org\/test\/#website","url":"https:\/\/shrimataji.org\/test\/","name":"Shri Mataji Nirmala Devi","description":"A Life Dedicated to Humanity","publisher":{"@id":"https:\/\/shrimataji.org\/test\/#\/schema\/person\/a1b3419c6585f164aa96da1ff85715d1"},"potentialAction":[{"@type":"SearchAction","target":{"@type":"EntryPoint","urlTemplate":"https:\/\/shrimataji.org\/test\/?s={search_term_string}"},"query-input":{"@type":"PropertyValueSpecification","valueRequired":true,"valueName":"search_term_string"}}],"inLanguage":"en-US"},{"@type":["Person","Organization"],"@id":"https:\/\/shrimataji.org\/test\/#\/schema\/person\/a1b3419c6585f164aa96da1ff85715d1","name":"Nirmala Shrivastava","image":{"@type":"ImageObject","inLanguage":"en-US","@id":"https:\/\/shrimataji.org\/test\/wp-content\/uploads\/2023\/02\/SMO_LOGO-03.svg","url":"https:\/\/shrimataji.org\/test\/wp-content\/uploads\/2023\/02\/SMO_LOGO-03.svg","contentUrl":"https:\/\/shrimataji.org\/test\/wp-content\/uploads\/2023\/02\/SMO_LOGO-03.svg","width":"1024","height":"1024","caption":"Nirmala Shrivastava"},"logo":{"@id":"https:\/\/shrimataji.org\/test\/wp-content\/uploads\/2023\/02\/SMO_LOGO-03.svg"},"sameAs":["https:\/\/shrimataji.org\/test","https:\/\/www.facebook.com\/shrimataji","https:\/\/x.com\/shrimataji","https:\/\/www.youtube.com\/@Shri_Mataji_Nirmala_Devi\/featured"]}]}},"lang":"pl","translations":{"pl":38012,"ur":37492,"en":7044,"am":18067,"th":20046,"hu":19555,"sq":18468,"zh":17365,"hi":8368,"tr":10204,"pt":10414,"de":10688,"fr":10786,"it":10884,"es":10981,"ja":11279,"ru":11467,"bn":11658,"te":11766,"sw":11889,"he":12037,"el":12329,"sk":12427,"fa":12525,"fi":12623,"bg":13411,"ro":14485,"cs":14678,"nl":16628,"ku":16788,"ar":16964,"be":18675,"kn":18949,"mr":20410,"uk":20704,"ml":20999,"ta":22786,"sv":23056,"gu":28896,"pa":29056,"fil":29504,"sd":31006,"da":37802,"nn":38354},"pll_sync_post":[],"_links":{"self":[{"href":"https:\/\/shrimataji.org\/test\/wp-json\/wp\/v2\/pages\/38012","targetHints":{"allow":["GET"]}}],"collection":[{"href":"https:\/\/shrimataji.org\/test\/wp-json\/wp\/v2\/pages"}],"about":[{"href":"https:\/\/shrimataji.org\/test\/wp-json\/wp\/v2\/types\/page"}],"author":[{"embeddable":true,"href":"https:\/\/shrimataji.org\/test\/wp-json\/wp\/v2\/users\/1"}],"replies":[{"embeddable":true,"href":"https:\/\/shrimataji.org\/test\/wp-json\/wp\/v2\/comments?post=38012"}],"version-history":[{"count":0,"href":"https:\/\/shrimataji.org\/test\/wp-json\/wp\/v2\/pages\/38012\/revisions"}],"wp:featuredmedia":[{"embeddable":true,"href":"https:\/\/shrimataji.org\/test\/wp-json\/wp\/v2\/media\/38013"}],"wp:attachment":[{"href":"https:\/\/shrimataji.org\/test\/wp-json\/wp\/v2\/media?parent=38012"}],"curies":[{"name":"wp","href":"https:\/\/api.w.org\/{rel}","templated":true}]}}