{"id":38014,"date":"2022-03-05T08:01:33","date_gmt":"2022-03-05T08:01:33","guid":{"rendered":"https:\/\/test.shrimataji.org\/?page_id=6500"},"modified":"2026-04-22T05:43:10","modified_gmt":"2026-04-22T05:43:10","slug":"czakra-sahasrara","status":"publish","type":"page","link":"https:\/\/shrimataji.org\/test\/pl\/czakra-sahasrara\/","title":{"rendered":"Czakra Sahasrara"},"content":{"rendered":"\n\n\t<h1>Czakra Sahasrara<\/h1>\n<h2>Integracja<\/h2>\n<h4>Czakra Sahasrara (co oznacza \u201etysi\u0105c&#8221;) znajduje si\u0119 na czubku naszej g\u0142owy i symbolizuje kulminacj\u0119 naszej ewolucyjnej podr\u00f3\u017cy jako Homo sapiens. Gatunek ludzki, kt\u00f3ry pojawi\u0142 si\u0119 pod koniec 4,8 miliarda lat \u017cycia na Ziemi, dominuje nad planet\u0105 dzi\u0119ki jednej przewadze &#8211; naszemu m\u00f3zgowi. Jaki jest jednak cel naszego ludzkiego \u017cycia? Czy chodzi jedynie o wykorzystywanie tego m\u00f3zgu do zdobywania iluzorycznej w\u0142adzy lub pieni\u0119dzy, albo do zaspokajania ograniczonej ciekawo\u015bci naukowej w badaniu tajemnic stworzenia, ewolucji i przemian materii w niesko\u0144czonym polu przestrzeni i czasu? A mo\u017ce istnieje wy\u017cszy cel naszego \u017cycia, kt\u00f3ry tylko nieliczni byli w stanie urzeczywistni\u0107?<\/h4>\n<p>Poprzez nasz\u0105 samorealizacj\u0119, kt\u00f3ra zachodzi, gdy <a href=\"https:\/\/shrimataji.org\/test\/pl\/kundalini\/\" target=\"_blank\" rel=\"noopener\">Kundalini<\/a> przebija Brahmarandr\u0119 (opisywan\u0105 w indyjskich pismach jako otw\u00f3r w koronie g\u0142owy) w obszarze limbicznym otoczonym przez czakr\u0119 Sahasrara, nasza \u015bwiadomo\u015b\u0107 wkracza w nowy wymiar percepcji &#8211; wykraczaj\u0105cy poza aktywno\u015b\u0107 umys\u0142u i my\u015bli. Czakra ta daje nam bezpo\u015bredni\u0105, absolutn\u0105 percepcj\u0119 rzeczywisto\u015bci w naszym o\u015brodkowym uk\u0142adzie nerwowym i pozwala bez wysi\u0142ku osi\u0105gn\u0105\u0107 stan \u015bwiadomo\u015bci bez w\u0105tpliwo\u015bci, znany jako Nirvikalpa Samadhi.<\/p>\n<p>Podstawow\u0105 cech\u0105 czakry Sahasrara jest integracja oraz poczucie jedno\u015bci ze wszystkimi elementami wszech\u015bwiata. To poprzez Sahasrar\u0119 do\u015bwiadczamy po\u0142\u0105czenia z wszechobecn\u0105 energi\u0105 duchow\u0105, z absolutn\u0105 Prawd\u0105. Sahasrara reprezentuje nasz ostateczny cel. Aby w pe\u0142ni zrozumie\u0107 sens i cel \u017cycia, musimy wej\u015b\u0107 w wy\u017csze stany \u015bwiadomo\u015bci, kt\u00f3re s\u0105 nieod\u0142\u0105czn\u0105 cz\u0119\u015bci\u0105 mocy, kt\u00f3ra nas stworzy\u0142a.<\/p>\n<p>Si\u00f3dmy o\u015brodek integruje moce i w\u0142a\u015bciwo\u015bci ca\u0142ego subtelnego systemu, sk\u0142adaj\u0105cego si\u0119 z tysi\u0119cy <a href=\"https:\/\/shrimataji.org\/test\/pl\/nadi-i-trzy-usposobienia\/\" target=\"_blank\" rel=\"noopener\">nadi<\/a> i czakr. Funkcjonowanie wszystkich czakr jest kontrolowane przez ich odpowiednie o\u015brodki w Sahasrarze. Podobnie jak m\u00f3zg &#8211; centrum sterowania o\u015brodkowego uk\u0142adu nerwowego, gdzie informacje s\u0105 przetwarzane &#8211; Sahasrara oddzia\u0142uje na ca\u0142y subtelny system w spos\u00f3b nadrz\u0119dny i koordynuj\u0105cy.<\/p>\n\t\t<iframe loading=\"lazy\" title=\"Sahasrara Chakra\" width=\"1920\" height=\"1080\" src=\"https:\/\/www.youtube.com\/embed\/9L26slNEfCY?feature=oembed\" frameborder=\"0\" allow=\"accelerometer; autoplay; clipboard-write; encrypted-media; gyroscope; picture-in-picture; web-share\" allowfullscreen><\/iframe>\t\n<figure itemscope itemtype=\"https:\/\/schema.org\/ImageObject\">\n\t\t\t\t<img decoding=\"async\" src=\"https:\/\/shrimataji.org\/test\/wp-content\/uploads\/2024\/11\/EN_Sahasrara_Handsketch_1.jpg\" alt=\"Original drawing by Shri Mataji\" height=\"589\" width=\"1001\" title=\"EN_Sahasrara_Handsketch_1\" onerror=\"this.style.display='none'\" loading=\"lazy\" \/>\n\t\t<figcaption>Oryginalny rysunek autorstwa \u015ari Matad\u017ai<\/figcaption>\n\t<\/figure>\n\t<strong>Lokalizacja<\/strong>:<strong><br \/>\n<\/strong>Twoja czakra Sahasrary znajduje si\u0119 w uk\u0142adzie limbicznym m\u00f3zgu. Wibracje czakry Sahasrary mo\u017cesz odczuwa\u0107 w \u015brodku d\u0142oni.\n<strong>Cechy:<\/strong><br \/>\nTo poprzez czakr\u0119 Sahasrary mo\u017cesz po\u0142\u0105czy\u0107 si\u0119 z moc\u0105, kt\u00f3ra ci\u0119 stworzy\u0142a. Dzi\u0119ki temu mo\u017cesz odkry\u0107 sens swojego \u017cycia. Reprezentuje ona ostateczny cel &#8211; urzeczywistnienie nieba na ziemi.\n<p><strong>Cechy czakry Sahasrara obejmuj\u0105:<\/strong><\/p>\n\u2022 Poczucie jedno\u015bci ze wszech\u015bwiatem (integracja)<br \/>\n\u2022 Stan \u015bwiadomo\u015bci bez my\u015bli (mentalna cisza)<br \/>\n\u2022 \u015awiadomo\u015b\u0107 bez w\u0105tpliwo\u015bci &#8211; bezpo\u015brednie odczuwanie boskiej energii\n<figure itemscope itemtype=\"https:\/\/schema.org\/ImageObject\">\n\t\t\t\t<img decoding=\"async\" src=\"https:\/\/shrimataji.org\/test\/wp-content\/uploads\/2023\/02\/7-Sahasrara-01-1.png\" alt=\"7-Sahasrara-01\" height=\"3426\" width=\"3214\" title=\"7-Sahasrara-01\" onerror=\"this.style.display='none'\" loading=\"lazy\" \/>\n\t<\/figure>\n\t<p>Ka\u017cda z sze\u015bciu g\u0142\u00f3wnych czakr &#8211; od czakry Muladhara do czakry Ad\u017a\u0144a &#8211; ma swoje odzwierciedlenie w m\u00f3zgu. Kiedy praktykujesz Sahad\u017aa Jog\u0119, Kundalini wznosi si\u0119, przechodzi przez wszystkie czakry i osadza si\u0119 w obszarze limbicznym. Proces ten nazywany jest Duchowym O\u015bwieceniem.<\/p>\n<p>Czakra Sahasrara znajduje si\u0119 w pustej przestrzeni w obszarze limbicznym, otoczonej tysi\u0105cem nerw\u00f3w. Gdy energia Kundalini wnika do Sahasrary podczas medytacji, wszystkie te nerwy zaczynaj\u0105 dzia\u0142a\u0107 jednocze\u015bnie. Energia ta manifestuje si\u0119 nast\u0119pnie przez czubek g\u0142owy i \u0142\u0105czy si\u0119 z Bosk\u0105 Energi\u0105 wszech\u015bwiata.<\/p>\n<strong>Do\u015bwiadczenie i korzy\u015bci:<\/strong><br \/>\nGdy energia Kundalini przebija czubek g\u0142owy (obszar ciemi\u0105czka), jednoczy indywidualn\u0105 \u015bwiadomo\u015b\u0107 (Atm\u0119) ze \u015bwiadomo\u015bci\u0105 uniwersaln\u0105 (Paramatma). Mo\u017ce to by\u0107 odczuwane jako silne pulsowanie na czubku g\u0142owy, po kt\u00f3rym pojawia si\u0119 uczucie rozpuszczenia oraz ch\u0142odne wibracje. Dzi\u0119ki temu do\u015bwiadczeniu uzyskujesz nowy wymiar \u015bwiadomo\u015bci, kt\u00f3ry pozwala lepiej rozr\u00f3\u017cnia\u0107 prawd\u0119 &#8211; odr\u00f3\u017cnia\u0107 dobro od z\u0142a, w\u0142a\u015bciwe od niew\u0142a\u015bciwego i prawd\u0119 od fa\u0142szu.\n<p>Po nawi\u0105zaniu po\u0142\u0105czenia Kundalini z Bosk\u0105 Energi\u0105 nie jeste\u015b ju\u017c poch\u0142oni\u0119ty przesz\u0142o\u015bci\u0105 ani przysz\u0142o\u015bci\u0105. Do\u015bwiadczasz prawdziwej wewn\u0119trznej rado\u015bci. Twoja \u015bwiadomo\u015b\u0107 jednoczy si\u0119 z bosko\u015bci\u0105, a poziom fizyczny, intelektualny, emocjonalny i duchowy staje si\u0119 jedno\u015bci\u0105.<\/p>\n<p>Mo\u017cesz dzia\u0142a\u0107 w pe\u0142nej harmonii, bez zamieszania i sprzeczno\u015bci. Pojawia si\u0119 g\u0142\u0119boki spok\u00f3j i rado\u015b\u0107, a w\u0142a\u015bciwe dzia\u0142ania staj\u0105 si\u0119 intuicyjnie oczywiste. Zamiast wierzy\u0107 &#8211; zaczynasz bezpo\u015brednio do\u015bwiadcza\u0107 i by\u0107 pewnym istnienia bosko\u015bci. Wraz z praktyk\u0105 medytacji ta \u015bwiadomo\u015b\u0107 staje si\u0119 coraz silniejsza.<\/p>\n<strong>Samoocena:<\/strong><br \/>\nJe\u015bli czakra Sahasrara jest zablokowana lub niezr\u00f3wnowa\u017cona, mo\u017cesz mie\u0107 trudno\u015bci z odczuwaniem wibracji lub do\u015bwiadcza\u0107 w\u0105tpliwo\u015bci co do rzeczywisto\u015bci duchowej. Regularna praktyka medytacji w Sahad\u017aa Jodze stopniowo oczyszcza wszystkie czakry i prowadzi do r\u00f3wnowagi Sahasrary. Wymagany jest jedynie otwarty umys\u0142 i wytrwa\u0142o\u015b\u0107.\n<p><strong>Przyczyny nier\u00f3wnowagi:<\/strong><\/p>\n<ul>\n<li>W\u0105tpliwo\u015bci wobec siebie<\/li>\n<li>Skrajny ateizm<\/li>\n<li>Popadanie w skrajno\u015bci<\/li>\n<\/ul>\n<strong>How to Balance:<\/strong><br \/>\nPo\u0142\u00f3\u017c praw\u0105 d\u0142o\u0144 na czubku g\u0142owy i powoli obracaj j\u0105 zgodnie z ruchem wskaz\u00f3wek zegara, m\u00f3wi\u0105c: \u201ePozw\u00f3l mi do\u015bwiadczy\u0107 stanu medytacji&#8221;.\n<p>Je\u015bli pocz\u0105tkowo nie odczuwasz wibracji, nie traktuj tego jako powodu do zw\u0105tpienia. Wiele os\u00f3b potrzebuje czasu, aby je poczu\u0107 lub potwierdzi\u0107 swoje po\u0142\u0105czenie z energi\u0105 Kundalini. B\u0105d\u017a cierpliwy i kontynuuj praktyk\u0119 &#8211; to wa\u017cny krok w utrzymaniu czakry Sahasrara otwartej i wolnej od blokad.<\/p>\n\n","protected":false},"excerpt":{"rendered":"<p>Czakra Sahasrara Integracja Czakra Sahasrara (co oznacza \u201etysi\u0105c&#8221;) znajduje si\u0119 na czubku naszej g\u0142owy i symbolizuje kulminacj\u0119 naszej ewolucyjnej podr\u00f3\u017cy jako Homo sapiens. Gatunek ludzki, kt\u00f3ry pojawi\u0142 si\u0119 pod koniec 4,8 miliarda lat \u017cycia na Ziemi, dominuje nad planet\u0105 dzi\u0119ki jednej przewadze &#8211; naszemu m\u00f3zgowi. Jaki jest jednak cel naszego ludzkiego \u017cycia? Czy chodzi jedynie&hellip; <br \/> <a class=\"read-more\" href=\"https:\/\/shrimataji.org\/test\/pl\/czakra-sahasrara\/\">Read more<\/a><\/p>\n","protected":false},"author":1,"featured_media":38015,"parent":0,"menu_order":0,"comment_status":"closed","ping_status":"closed","template":"","meta":{"inline_featured_image":false,"footnotes":""},"class_list":["post-38014","page","type-page","status-publish","has-post-thumbnail","hentry"],"yoast_head":"<!-- This site is optimized with the Yoast SEO plugin v27.4 - https:\/\/yoast.com\/product\/yoast-seo-wordpress\/ -->\n<title>Czakra Sahasrara - TEST - SMND<\/title>\n<meta name=\"robots\" content=\"noindex, follow, max-snippet:-1, max-image-preview:large, max-video-preview:-1\" \/>\n<meta property=\"og:locale\" content=\"en_US\" \/>\n<meta property=\"og:type\" content=\"article\" \/>\n<meta property=\"og:title\" content=\"Czakra Sahasrara - TEST - SMND\" \/>\n<meta property=\"og:description\" content=\"Czakra Sahasrara Integracja Czakra Sahasrara (co oznacza \u201etysi\u0105c&#8221;) znajduje si\u0119 na czubku naszej g\u0142owy i symbolizuje kulminacj\u0119 naszej ewolucyjnej podr\u00f3\u017cy jako Homo sapiens. Gatunek ludzki, kt\u00f3ry pojawi\u0142 si\u0119 pod koniec 4,8 miliarda lat \u017cycia na Ziemi, dominuje nad planet\u0105 dzi\u0119ki jednej przewadze &#8211; naszemu m\u00f3zgowi. Jaki jest jednak cel naszego ludzkiego \u017cycia? Czy chodzi jedynie&hellip; Read more\" \/>\n<meta property=\"og:url\" content=\"https:\/\/shrimataji.org\/test\/pl\/czakra-sahasrara\/\" \/>\n<meta property=\"og:site_name\" content=\"TEST - SMND\" \/>\n<meta property=\"article:publisher\" content=\"https:\/\/www.facebook.com\/shrimataji\" \/>\n<meta property=\"article:modified_time\" content=\"2026-04-22T05:43:10+00:00\" \/>\n<meta property=\"og:image\" content=\"https:\/\/shrimataji.org\/test\/wp-content\/uploads\/2023\/03\/22_Banner-SY-Chakra-sahas-scaled.jpg\" \/>\n\t<meta property=\"og:image:width\" content=\"2560\" \/>\n\t<meta property=\"og:image:height\" content=\"905\" \/>\n\t<meta property=\"og:image:type\" content=\"image\/jpeg\" \/>\n<meta name=\"twitter:card\" content=\"summary_large_image\" \/>\n<meta name=\"twitter:site\" content=\"@shrimataji\" \/>\n<script type=\"application\/ld+json\" class=\"yoast-schema-graph\">{\"@context\":\"https:\\\/\\\/schema.org\",\"@graph\":[{\"@type\":\"WebPage\",\"@id\":\"https:\\\/\\\/shrimataji.org\\\/test\\\/pl\\\/czakra-sahasrara\\\/\",\"url\":\"https:\\\/\\\/shrimataji.org\\\/test\\\/pl\\\/czakra-sahasrara\\\/\",\"name\":\"Czakra Sahasrara - TEST - SMND\",\"isPartOf\":{\"@id\":\"https:\\\/\\\/shrimataji.org\\\/test\\\/#website\"},\"primaryImageOfPage\":{\"@id\":\"https:\\\/\\\/shrimataji.org\\\/test\\\/pl\\\/czakra-sahasrara\\\/#primaryimage\"},\"image\":{\"@id\":\"https:\\\/\\\/shrimataji.org\\\/test\\\/pl\\\/czakra-sahasrara\\\/#primaryimage\"},\"thumbnailUrl\":\"https:\\\/\\\/shrimataji.org\\\/test\\\/wp-content\\\/uploads\\\/2023\\\/03\\\/22_Banner-SY-Chakra-sahas-scaled.jpg\",\"datePublished\":\"2022-03-05T08:01:33+00:00\",\"dateModified\":\"2026-04-22T05:43:10+00:00\",\"breadcrumb\":{\"@id\":\"https:\\\/\\\/shrimataji.org\\\/test\\\/pl\\\/czakra-sahasrara\\\/#breadcrumb\"},\"inLanguage\":\"en-US\",\"potentialAction\":[{\"@type\":\"ReadAction\",\"target\":[\"https:\\\/\\\/shrimataji.org\\\/test\\\/pl\\\/czakra-sahasrara\\\/\"]}]},{\"@type\":\"ImageObject\",\"inLanguage\":\"en-US\",\"@id\":\"https:\\\/\\\/shrimataji.org\\\/test\\\/pl\\\/czakra-sahasrara\\\/#primaryimage\",\"url\":\"https:\\\/\\\/shrimataji.org\\\/test\\\/wp-content\\\/uploads\\\/2023\\\/03\\\/22_Banner-SY-Chakra-sahas-scaled.jpg\",\"contentUrl\":\"https:\\\/\\\/shrimataji.org\\\/test\\\/wp-content\\\/uploads\\\/2023\\\/03\\\/22_Banner-SY-Chakra-sahas-scaled.jpg\",\"width\":2560,\"height\":905},{\"@type\":\"BreadcrumbList\",\"@id\":\"https:\\\/\\\/shrimataji.org\\\/test\\\/pl\\\/czakra-sahasrara\\\/#breadcrumb\",\"itemListElement\":[{\"@type\":\"ListItem\",\"position\":1,\"name\":\"Home\",\"item\":\"https:\\\/\\\/shrimataji.org\\\/test\\\/uk\\\/home-en\\\/\"},{\"@type\":\"ListItem\",\"position\":2,\"name\":\"Czakra Sahasrara\"}]},{\"@type\":\"WebSite\",\"@id\":\"https:\\\/\\\/shrimataji.org\\\/test\\\/#website\",\"url\":\"https:\\\/\\\/shrimataji.org\\\/test\\\/\",\"name\":\"Shri Mataji Nirmala Devi\",\"description\":\"A Life Dedicated to Humanity\",\"publisher\":{\"@id\":\"https:\\\/\\\/shrimataji.org\\\/test\\\/#\\\/schema\\\/person\\\/a1b3419c6585f164aa96da1ff85715d1\"},\"potentialAction\":[{\"@type\":\"SearchAction\",\"target\":{\"@type\":\"EntryPoint\",\"urlTemplate\":\"https:\\\/\\\/shrimataji.org\\\/test\\\/?s={search_term_string}\"},\"query-input\":{\"@type\":\"PropertyValueSpecification\",\"valueRequired\":true,\"valueName\":\"search_term_string\"}}],\"inLanguage\":\"en-US\"},{\"@type\":[\"Person\",\"Organization\"],\"@id\":\"https:\\\/\\\/shrimataji.org\\\/test\\\/#\\\/schema\\\/person\\\/a1b3419c6585f164aa96da1ff85715d1\",\"name\":\"Nirmala Shrivastava\",\"image\":{\"@type\":\"ImageObject\",\"inLanguage\":\"en-US\",\"@id\":\"https:\\\/\\\/shrimataji.org\\\/test\\\/wp-content\\\/uploads\\\/2023\\\/02\\\/SMO_LOGO-03.svg\",\"url\":\"https:\\\/\\\/shrimataji.org\\\/test\\\/wp-content\\\/uploads\\\/2023\\\/02\\\/SMO_LOGO-03.svg\",\"contentUrl\":\"https:\\\/\\\/shrimataji.org\\\/test\\\/wp-content\\\/uploads\\\/2023\\\/02\\\/SMO_LOGO-03.svg\",\"width\":\"1024\",\"height\":\"1024\",\"caption\":\"Nirmala Shrivastava\"},\"logo\":{\"@id\":\"https:\\\/\\\/shrimataji.org\\\/test\\\/wp-content\\\/uploads\\\/2023\\\/02\\\/SMO_LOGO-03.svg\"},\"sameAs\":[\"https:\\\/\\\/shrimataji.org\\\/test\",\"https:\\\/\\\/www.facebook.com\\\/shrimataji\",\"https:\\\/\\\/x.com\\\/shrimataji\",\"https:\\\/\\\/www.youtube.com\\\/@Shri_Mataji_Nirmala_Devi\\\/featured\"]}]}<\/script>\n<!-- \/ Yoast SEO plugin. -->","yoast_head_json":{"title":"Czakra Sahasrara - TEST - SMND","robots":{"index":"noindex","follow":"follow","max-snippet":"max-snippet:-1","max-image-preview":"max-image-preview:large","max-video-preview":"max-video-preview:-1"},"og_locale":"en_US","og_type":"article","og_title":"Czakra Sahasrara - TEST - SMND","og_description":"Czakra Sahasrara Integracja Czakra Sahasrara (co oznacza \u201etysi\u0105c&#8221;) znajduje si\u0119 na czubku naszej g\u0142owy i symbolizuje kulminacj\u0119 naszej ewolucyjnej podr\u00f3\u017cy jako Homo sapiens. Gatunek ludzki, kt\u00f3ry pojawi\u0142 si\u0119 pod koniec 4,8 miliarda lat \u017cycia na Ziemi, dominuje nad planet\u0105 dzi\u0119ki jednej przewadze &#8211; naszemu m\u00f3zgowi. Jaki jest jednak cel naszego ludzkiego \u017cycia? Czy chodzi jedynie&hellip; Read more","og_url":"https:\/\/shrimataji.org\/test\/pl\/czakra-sahasrara\/","og_site_name":"TEST - SMND","article_publisher":"https:\/\/www.facebook.com\/shrimataji","article_modified_time":"2026-04-22T05:43:10+00:00","og_image":[{"width":2560,"height":905,"url":"https:\/\/shrimataji.org\/test\/wp-content\/uploads\/2023\/03\/22_Banner-SY-Chakra-sahas-scaled.jpg","type":"image\/jpeg"}],"twitter_card":"summary_large_image","twitter_site":"@shrimataji","schema":{"@context":"https:\/\/schema.org","@graph":[{"@type":"WebPage","@id":"https:\/\/shrimataji.org\/test\/pl\/czakra-sahasrara\/","url":"https:\/\/shrimataji.org\/test\/pl\/czakra-sahasrara\/","name":"Czakra Sahasrara - TEST - SMND","isPartOf":{"@id":"https:\/\/shrimataji.org\/test\/#website"},"primaryImageOfPage":{"@id":"https:\/\/shrimataji.org\/test\/pl\/czakra-sahasrara\/#primaryimage"},"image":{"@id":"https:\/\/shrimataji.org\/test\/pl\/czakra-sahasrara\/#primaryimage"},"thumbnailUrl":"https:\/\/shrimataji.org\/test\/wp-content\/uploads\/2023\/03\/22_Banner-SY-Chakra-sahas-scaled.jpg","datePublished":"2022-03-05T08:01:33+00:00","dateModified":"2026-04-22T05:43:10+00:00","breadcrumb":{"@id":"https:\/\/shrimataji.org\/test\/pl\/czakra-sahasrara\/#breadcrumb"},"inLanguage":"en-US","potentialAction":[{"@type":"ReadAction","target":["https:\/\/shrimataji.org\/test\/pl\/czakra-sahasrara\/"]}]},{"@type":"ImageObject","inLanguage":"en-US","@id":"https:\/\/shrimataji.org\/test\/pl\/czakra-sahasrara\/#primaryimage","url":"https:\/\/shrimataji.org\/test\/wp-content\/uploads\/2023\/03\/22_Banner-SY-Chakra-sahas-scaled.jpg","contentUrl":"https:\/\/shrimataji.org\/test\/wp-content\/uploads\/2023\/03\/22_Banner-SY-Chakra-sahas-scaled.jpg","width":2560,"height":905},{"@type":"BreadcrumbList","@id":"https:\/\/shrimataji.org\/test\/pl\/czakra-sahasrara\/#breadcrumb","itemListElement":[{"@type":"ListItem","position":1,"name":"Home","item":"https:\/\/shrimataji.org\/test\/uk\/home-en\/"},{"@type":"ListItem","position":2,"name":"Czakra Sahasrara"}]},{"@type":"WebSite","@id":"https:\/\/shrimataji.org\/test\/#website","url":"https:\/\/shrimataji.org\/test\/","name":"Shri Mataji Nirmala Devi","description":"A Life Dedicated to Humanity","publisher":{"@id":"https:\/\/shrimataji.org\/test\/#\/schema\/person\/a1b3419c6585f164aa96da1ff85715d1"},"potentialAction":[{"@type":"SearchAction","target":{"@type":"EntryPoint","urlTemplate":"https:\/\/shrimataji.org\/test\/?s={search_term_string}"},"query-input":{"@type":"PropertyValueSpecification","valueRequired":true,"valueName":"search_term_string"}}],"inLanguage":"en-US"},{"@type":["Person","Organization"],"@id":"https:\/\/shrimataji.org\/test\/#\/schema\/person\/a1b3419c6585f164aa96da1ff85715d1","name":"Nirmala Shrivastava","image":{"@type":"ImageObject","inLanguage":"en-US","@id":"https:\/\/shrimataji.org\/test\/wp-content\/uploads\/2023\/02\/SMO_LOGO-03.svg","url":"https:\/\/shrimataji.org\/test\/wp-content\/uploads\/2023\/02\/SMO_LOGO-03.svg","contentUrl":"https:\/\/shrimataji.org\/test\/wp-content\/uploads\/2023\/02\/SMO_LOGO-03.svg","width":"1024","height":"1024","caption":"Nirmala Shrivastava"},"logo":{"@id":"https:\/\/shrimataji.org\/test\/wp-content\/uploads\/2023\/02\/SMO_LOGO-03.svg"},"sameAs":["https:\/\/shrimataji.org\/test","https:\/\/www.facebook.com\/shrimataji","https:\/\/x.com\/shrimataji","https:\/\/www.youtube.com\/@Shri_Mataji_Nirmala_Devi\/featured"]}]}},"lang":"pl","translations":{"pl":38014,"ur":37494,"en":6500,"am":18069,"th":20049,"hu":19557,"sq":18470,"zh":17367,"hi":8335,"tr":10205,"pt":10415,"de":10689,"fr":10787,"it":10885,"es":10982,"ja":11280,"ru":11468,"bn":11659,"te":11767,"sw":11890,"he":12038,"el":12330,"sk":12428,"fa":12526,"fi":12624,"bg":13364,"ro":14438,"cs":14631,"nl":16630,"ku":16790,"ar":16966,"be":18677,"kn":18951,"mr":20413,"uk":20707,"ml":21002,"ta":22788,"sv":23058,"gu":28898,"pa":29058,"fil":29506,"da":37804,"nn":38356},"pll_sync_post":[],"_links":{"self":[{"href":"https:\/\/shrimataji.org\/test\/wp-json\/wp\/v2\/pages\/38014","targetHints":{"allow":["GET"]}}],"collection":[{"href":"https:\/\/shrimataji.org\/test\/wp-json\/wp\/v2\/pages"}],"about":[{"href":"https:\/\/shrimataji.org\/test\/wp-json\/wp\/v2\/types\/page"}],"author":[{"embeddable":true,"href":"https:\/\/shrimataji.org\/test\/wp-json\/wp\/v2\/users\/1"}],"replies":[{"embeddable":true,"href":"https:\/\/shrimataji.org\/test\/wp-json\/wp\/v2\/comments?post=38014"}],"version-history":[{"count":0,"href":"https:\/\/shrimataji.org\/test\/wp-json\/wp\/v2\/pages\/38014\/revisions"}],"wp:featuredmedia":[{"embeddable":true,"href":"https:\/\/shrimataji.org\/test\/wp-json\/wp\/v2\/media\/38015"}],"wp:attachment":[{"href":"https:\/\/shrimataji.org\/test\/wp-json\/wp\/v2\/media?parent=38014"}],"curies":[{"name":"wp","href":"https:\/\/api.w.org\/{rel}","templated":true}]}}