{"id":38020,"date":"2018-07-10T06:54:46","date_gmt":"2018-07-10T06:54:46","guid":{"rendered":"http:\/\/testwordpress.nirmalnagari.org\/smnd\/index.php\/self-realization\/"},"modified":"2026-04-22T16:37:54","modified_gmt":"2026-04-22T16:37:54","slug":"samorealizacja-i-medytacja","status":"publish","type":"page","link":"https:\/\/shrimataji.org\/test\/pl\/samorealizacja-i-medytacja\/","title":{"rendered":"Samorealizacja i medytacja"},"content":{"rendered":"\n\n\t<h1>Samorealizacja i medytacja<\/h1>\n<h2>Wyj\u0105tkowe, spontaniczne urzeczywistnienie waszej prawdziwej istoty<\/h2>\n\t<div class=\"su-quote su-quote-style-default\"><div class=\"su-quote-inner su-u-clearfix su-u-trim\"> Samorealizacja jest pierwszym do\u015bwiadczeniem rzeczywisto\u015bci <\/div><\/div>\n\t<h4>\u015ari Matad\u017ai wykorzysta\u0142a staro\u017cytny proces przebudzenia <a href=\"https:\/\/shrimataji.org\/test\/pl\/kundalini\/\" target=\"_blank\" rel=\"noopener\">Kundalini<\/a> (co w sanskrycie oznacza \u201ezwini\u0119ta&#8221;) jako fundament <a href=\"https:\/\/shrimataji.org\/test\/pl\/medytacja-sahadza-joga\/\" target=\"_blank\" rel=\"noopener\">medytacji Sahad\u017aa Joga<\/a>. W przesz\u0142o\u015bci przebudzenie tej wewn\u0119trznej energii duchowej by\u0142o osi\u0105gane jedynie przez nielicznych, poprzez d\u0142ugotrwa\u0142e wysi\u0142ki oczyszczenia i ascezy.<\/h4>\n<p>\u015ari Matad\u017ai odkry\u0142a spontaniczn\u0105 metod\u0119 masowego przebudzenia tej energii, kt\u00f3ra nie wymaga \u017cadnej wcze\u015bniejszej wiedzy ani praktyki duchowej. To przebudzenie nazywane jest samorealizacj\u0105. Mo\u017ce ono by\u0107 nast\u0119pnie \u0142atwo przekazywane innym &#8211; bez konieczno\u015bci p\u0142acenia, zdobywania dyplom\u00f3w czy stawania si\u0119 czyim\u015b uczniem. Mo\u017cna to por\u00f3wna\u0107 do \u015bwiecy, kt\u00f3ra ju\u017c zapalona mo\u017ce zapali\u0107 kolejn\u0105.<\/p>\n<p>\u015ari Matad\u017ai wyja\u015bnia\u0142a, \u017ce medytacja bez samorealizacji jest jak pr\u00f3ba prowadzenia samochodu bez uruchomienia silnika. Nie mo\u017cna nigdzie dotrze\u0107, jedynie kr\u0119c\u0105c kierownic\u0105 czy naciskaj\u0105c peda\u0142 gazu. Podobnie wszelkie wysi\u0142ki medytacyjne pozostaj\u0105 bezowocne, dop\u00f3ki nie urzeczywistnimy swojej prawdziwej istoty poprzez przebudzenie Kundalini i nie do\u015bwiadczymy stanu w\u0142asnego <a href=\"https:\/\/shrimataji.org\/test\/pl\/wiedza-o-korzeniach-system-subtelny\/\" target=\"_blank\" rel=\"noopener\">subtelnego systemu<\/a>.<\/p>\n\t\t<iframe loading=\"lazy\" title=\"What is Self Realization\" width=\"1920\" height=\"1080\" src=\"https:\/\/www.youtube.com\/embed\/tqh9lhTVoTQ?feature=oembed\" frameborder=\"0\" allow=\"accelerometer; autoplay; clipboard-write; encrypted-media; gyroscope; picture-in-picture; web-share\" referrerpolicy=\"strict-origin-when-cross-origin\" allowfullscreen><\/iframe>\t\n<p>Poprzez samorealizacj\u0119 cz\u0142owiek staje si\u0119 \u015bwiadomy Kundalini (subtelnej energii wewn\u0119trznej), kt\u00f3ra znajduje si\u0119 w ka\u017cdym cz\u0142owieku u podstawy kr\u0119gos\u0142upa. Ta energia by\u0142a znana w wielu staro\u017cytnych kulturach i nazywana r\u00f3\u017cnymi imionami. Staro\u017cytni Grecy nazwali ko\u015b\u0107, b\u0119d\u0105c\u0105 naczyniem tej energii, \u201eOs Sacrum&#8221; (czyli \u201e\u015bwi\u0119ta ko\u015b\u0107&#8221;). Po przebudzeniu ta dobroczynna, opieku\u0144cza energia wznosi si\u0119 przez system subtelny, dotyka i o\u015bwieca nasze prawdziwe wewn\u0119trzne Ja (<a href=\"https:\/\/shrimataji.org\/test\/pl\/atma\/\" target=\"_blank\" rel=\"noopener\">Atm\u0119<\/a>), znajduj\u0105ce si\u0119 w sercu, a nast\u0119pnie wydobywa si\u0119 na szczycie g\u0142owy w obszarze ciemi\u0105czka, unosz\u0105c nasz\u0105 uwag\u0119 do wznios\u0142ego, bezwysi\u0142kowego stanu cichej medytacji.<\/p>\n<p>Mo\u017cna rzeczywi\u015bcie odczu\u0107 energi\u0119 Kundalini jako ch\u0142odny powiew nad g\u0142ow\u0105, a tak\u017ce na d\u0142oniach. Ta energia, podtrzymywana poprzez praktyk\u0119 medytacji Sahad\u017aa Joga, dzia\u0142a uzdrawiaj\u0105co i r\u00f3wnowa\u017c\u0105co na nasz system. U\u0142atwia r\u00f3wnie\u017c osi\u0105gni\u0119cie stanu znanego jako <a href=\"https:\/\/shrimataji.org\/test\/pl\/slowniczek\/#ThoughtlessAwareness\" target=\"_blank\" rel=\"noopener\">\u015bwiadomo\u015b\u0107 bez my\u015bli<\/a> <a href=\"#citation-note-1\"><sup>[1]<\/sup><\/a>, w kt\u00f3rym umys\u0142 pozostaje w spoczynku, a jednocze\u015bnie zachowujemy pe\u0142n\u0105 \u015bwiadomo\u015b\u0107 otoczenia. Tym, co wyr\u00f3\u017cnia medytacj\u0119 Sahad\u017aa Joga spo\u015br\u00f3d innych form staro\u017cytnej jogi, jest fakt, \u017ce dawniej poszukiwacze musieli przez wiele lat oczyszcza\u0107 sw\u00f3j subtelny system pod przewodnictwem mistrza, aby osi\u0105gn\u0105\u0107 samorealizacj\u0119. \u015ari Matad\u017ai odwr\u00f3ci\u0142a ten proces &#8211; najpierw daje do\u015bwiadczenie o\u015bwiecenia subtelnego systemu, a dopiero potem umo\u017cliwia pe\u0142ne zanurzenie si\u0119 w medytacji.<\/p>\n<p>Dzi\u0119ki swojej prostocie i dost\u0119pno\u015bci setki tysi\u0119cy ludzi otrzyma\u0142y samorealizacj\u0119 poprzez Sahad\u017aa Joga. Centra medytacyjne w ponad 100 krajach oferuj\u0105 nieustannie bezp\u0142atne kursy oraz wsparcie dla praktykuj\u0105cych t\u0119 prost\u0105, a zarazem skuteczn\u0105 metod\u0119 medytacji. Zosta\u0142a ona r\u00f3wnie\u017c wprowadzona w korporacjach, szko\u0142ach, szpitalach, wi\u0119zieniach i wielu innych instytucjach, przynosz\u0105c pozytywne rezultaty.<\/p>\n<p>Do\u015bwiadczenie samorealizacji poprzez Sahad\u017aa Jog\u0119 przynosi znacz\u0105ce korzy\u015bci tym, kt\u00f3rzy po\u015bwi\u0119caj\u0105 cho\u0107by niewielk\u0105 ilo\u015b\u0107 czasu na codzienn\u0105 medytacj\u0119. Redukuje stres i zm\u0119czenie, przywraca r\u00f3wnowag\u0119 emocjonaln\u0105 oraz daje poczucie spokoju i wewn\u0119trznego spe\u0142nienia, nawet w najbardziej burzliwych okoliczno\u015bciach.<\/p>\n<p>W rzeczywisto\u015bci do\u015bwiadczenie samorealizacji jest tak proste i bezwysi\u0142kowe, \u017ce mo\u017cna je osi\u0105gn\u0105\u0107 nawet w zaciszu w\u0142asnego domu lub biura &#8211; wsz\u0119dzie tam, gdzie mamy dost\u0119p do Internetu.<\/p>\n<p>Zapraszamy naszych czytelnik\u00f3w do <a href=\"https:\/\/shrimataji.org\/test\/pl\/doswiadcz-swojej-samorealizacji\/\" target=\"_blank\" rel=\"noopener\">do\u015bwiadczenia samorealizacji<\/a> i rozpocz\u0119cia nowej, wewn\u0119trznej podr\u00f3\u017cy ku pokojowi, harmonii i r\u00f3wnowadze.<\/p>\n<div class=\"su-quote su-quote-style-default\"><div class=\"su-quote-inner su-u-clearfix su-u-trim\"> Pojawia si\u0119 teraz pytanie, kt\u00f3re wiele os\u00f3b mi zadaje: \u201eMatko, je\u015bli to jest tak proste, dlaczego wcze\u015bniej by\u0142o to trudne?&#8221; To nigdy nie by\u0142o trudne. Kto\u015b zapyta\u0142 guru \u015aiwad\u017aiego Maharad\u017ca, Ramdasa Swamiego: \u201eIle czasu zajmuje przebudzenie Kundalini?&#8221; Odpowiedzia\u0142: \u201eTat kshan&#8221; &#8211; czyli w tej samej chwili. Potrzebna jest jednak osoba, kt\u00f3ra mo\u017ce da\u0107, oraz taka, kt\u00f3ra potrafi przyj\u0105\u0107. Dawniej mog\u0142o by\u0107 wielu, kt\u00f3rzy mogli dawa\u0107, ale bardzo niewielu by\u0142o gotowych przyj\u0105\u0107. Dzisiaj s\u0105 tysi\u0105ce ludzi gotowych przyj\u0105\u0107 &#8211; dlatego sta\u0142o si\u0119 to \u0142atwiejsze.<\/div><\/div>\n\t<hr \/>\n<h3>1. <a href=\"#citation-ref-1\">^<\/a> <a name=\"citation-note-1\"><\/a>Dr Ramesh Manocha, \u201eCzy medytacja ma okre\u015blony wp\u0142yw?: Systematyczna eksperymentalna ocena definicji zorientowanej na cisz\u0119 umys\u0142u&#8221; (University of NSW, Australia 2008); e-book: \u201e<a href=\"https:\/\/www.beyondthemind.com\/\">Silence Your Mind<\/a>&#8220;, wydany przez Hachette Australia 2013.<\/h3>\n\n","protected":false},"excerpt":{"rendered":"<p>Samorealizacja i medytacja Wyj\u0105tkowe, spontaniczne urzeczywistnienie waszej prawdziwej istoty \u015ari Matad\u017ai wykorzysta\u0142a staro\u017cytny proces przebudzenia Kundalini (co w sanskrycie oznacza \u201ezwini\u0119ta&#8221;) jako fundament medytacji Sahad\u017aa Joga. W przesz\u0142o\u015bci przebudzenie tej wewn\u0119trznej energii duchowej by\u0142o osi\u0105gane jedynie przez nielicznych, poprzez d\u0142ugotrwa\u0142e wysi\u0142ki oczyszczenia i ascezy. \u015ari Matad\u017ai odkry\u0142a spontaniczn\u0105 metod\u0119 masowego przebudzenia tej energii, kt\u00f3ra nie&hellip; <br \/> <a class=\"read-more\" href=\"https:\/\/shrimataji.org\/test\/pl\/samorealizacja-i-medytacja\/\">Read more<\/a><\/p>\n","protected":false},"author":1,"featured_media":38021,"parent":0,"menu_order":0,"comment_status":"closed","ping_status":"closed","template":"","meta":{"inline_featured_image":false,"footnotes":""},"class_list":["post-38020","page","type-page","status-publish","has-post-thumbnail","hentry"],"yoast_head":"<!-- This site is optimized with the Yoast SEO plugin v27.4 - https:\/\/yoast.com\/product\/yoast-seo-wordpress\/ -->\n<title>Samorealizacja i medytacja - TEST - SMND<\/title>\n<meta name=\"robots\" content=\"noindex, follow, max-snippet:-1, max-image-preview:large, max-video-preview:-1\" \/>\n<meta property=\"og:locale\" content=\"en_US\" \/>\n<meta property=\"og:type\" content=\"article\" \/>\n<meta property=\"og:title\" content=\"Samorealizacja i medytacja - TEST - SMND\" \/>\n<meta property=\"og:description\" content=\"Samorealizacja i medytacja Wyj\u0105tkowe, spontaniczne urzeczywistnienie waszej prawdziwej istoty \u015ari Matad\u017ai wykorzysta\u0142a staro\u017cytny proces przebudzenia Kundalini (co w sanskrycie oznacza \u201ezwini\u0119ta&#8221;) jako fundament medytacji Sahad\u017aa Joga. W przesz\u0142o\u015bci przebudzenie tej wewn\u0119trznej energii duchowej by\u0142o osi\u0105gane jedynie przez nielicznych, poprzez d\u0142ugotrwa\u0142e wysi\u0142ki oczyszczenia i ascezy. \u015ari Matad\u017ai odkry\u0142a spontaniczn\u0105 metod\u0119 masowego przebudzenia tej energii, kt\u00f3ra nie&hellip; Read more\" \/>\n<meta property=\"og:url\" content=\"https:\/\/shrimataji.org\/test\/pl\/samorealizacja-i-medytacja\/\" \/>\n<meta property=\"og:site_name\" content=\"TEST - SMND\" \/>\n<meta property=\"article:publisher\" content=\"https:\/\/www.facebook.com\/shrimataji\" \/>\n<meta property=\"article:modified_time\" content=\"2026-04-22T16:37:54+00:00\" \/>\n<meta property=\"og:image\" content=\"https:\/\/shrimataji.org\/test\/wp-content\/uploads\/2023\/03\/2_Banner-SelfRealisation-scaled.jpg\" \/>\n\t<meta property=\"og:image:width\" content=\"2560\" \/>\n\t<meta property=\"og:image:height\" content=\"905\" \/>\n\t<meta property=\"og:image:type\" content=\"image\/jpeg\" \/>\n<meta name=\"twitter:card\" content=\"summary_large_image\" \/>\n<meta name=\"twitter:site\" content=\"@shrimataji\" \/>\n<meta name=\"twitter:label1\" content=\"Est. reading time\" \/>\n\t<meta name=\"twitter:data1\" content=\"4 minutes\" \/>\n<script type=\"application\/ld+json\" class=\"yoast-schema-graph\">{\"@context\":\"https:\\\/\\\/schema.org\",\"@graph\":[{\"@type\":\"WebPage\",\"@id\":\"https:\\\/\\\/shrimataji.org\\\/test\\\/pl\\\/samorealizacja-i-medytacja\\\/\",\"url\":\"https:\\\/\\\/shrimataji.org\\\/test\\\/pl\\\/samorealizacja-i-medytacja\\\/\",\"name\":\"Samorealizacja i medytacja - TEST - SMND\",\"isPartOf\":{\"@id\":\"https:\\\/\\\/shrimataji.org\\\/test\\\/#website\"},\"primaryImageOfPage\":{\"@id\":\"https:\\\/\\\/shrimataji.org\\\/test\\\/pl\\\/samorealizacja-i-medytacja\\\/#primaryimage\"},\"image\":{\"@id\":\"https:\\\/\\\/shrimataji.org\\\/test\\\/pl\\\/samorealizacja-i-medytacja\\\/#primaryimage\"},\"thumbnailUrl\":\"https:\\\/\\\/shrimataji.org\\\/test\\\/wp-content\\\/uploads\\\/2023\\\/03\\\/2_Banner-SelfRealisation-scaled.jpg\",\"datePublished\":\"2018-07-10T06:54:46+00:00\",\"dateModified\":\"2026-04-22T16:37:54+00:00\",\"breadcrumb\":{\"@id\":\"https:\\\/\\\/shrimataji.org\\\/test\\\/pl\\\/samorealizacja-i-medytacja\\\/#breadcrumb\"},\"inLanguage\":\"en-US\",\"potentialAction\":[{\"@type\":\"ReadAction\",\"target\":[\"https:\\\/\\\/shrimataji.org\\\/test\\\/pl\\\/samorealizacja-i-medytacja\\\/\"]}]},{\"@type\":\"ImageObject\",\"inLanguage\":\"en-US\",\"@id\":\"https:\\\/\\\/shrimataji.org\\\/test\\\/pl\\\/samorealizacja-i-medytacja\\\/#primaryimage\",\"url\":\"https:\\\/\\\/shrimataji.org\\\/test\\\/wp-content\\\/uploads\\\/2023\\\/03\\\/2_Banner-SelfRealisation-scaled.jpg\",\"contentUrl\":\"https:\\\/\\\/shrimataji.org\\\/test\\\/wp-content\\\/uploads\\\/2023\\\/03\\\/2_Banner-SelfRealisation-scaled.jpg\",\"width\":2560,\"height\":905},{\"@type\":\"BreadcrumbList\",\"@id\":\"https:\\\/\\\/shrimataji.org\\\/test\\\/pl\\\/samorealizacja-i-medytacja\\\/#breadcrumb\",\"itemListElement\":[{\"@type\":\"ListItem\",\"position\":1,\"name\":\"Home\",\"item\":\"https:\\\/\\\/shrimataji.org\\\/test\\\/uk\\\/home-en\\\/\"},{\"@type\":\"ListItem\",\"position\":2,\"name\":\"Samorealizacja i medytacja\"}]},{\"@type\":\"WebSite\",\"@id\":\"https:\\\/\\\/shrimataji.org\\\/test\\\/#website\",\"url\":\"https:\\\/\\\/shrimataji.org\\\/test\\\/\",\"name\":\"Shri Mataji Nirmala Devi\",\"description\":\"A Life Dedicated to Humanity\",\"publisher\":{\"@id\":\"https:\\\/\\\/shrimataji.org\\\/test\\\/#\\\/schema\\\/person\\\/a1b3419c6585f164aa96da1ff85715d1\"},\"potentialAction\":[{\"@type\":\"SearchAction\",\"target\":{\"@type\":\"EntryPoint\",\"urlTemplate\":\"https:\\\/\\\/shrimataji.org\\\/test\\\/?s={search_term_string}\"},\"query-input\":{\"@type\":\"PropertyValueSpecification\",\"valueRequired\":true,\"valueName\":\"search_term_string\"}}],\"inLanguage\":\"en-US\"},{\"@type\":[\"Person\",\"Organization\"],\"@id\":\"https:\\\/\\\/shrimataji.org\\\/test\\\/#\\\/schema\\\/person\\\/a1b3419c6585f164aa96da1ff85715d1\",\"name\":\"Nirmala Shrivastava\",\"image\":{\"@type\":\"ImageObject\",\"inLanguage\":\"en-US\",\"@id\":\"https:\\\/\\\/shrimataji.org\\\/test\\\/wp-content\\\/uploads\\\/2023\\\/02\\\/SMO_LOGO-03.svg\",\"url\":\"https:\\\/\\\/shrimataji.org\\\/test\\\/wp-content\\\/uploads\\\/2023\\\/02\\\/SMO_LOGO-03.svg\",\"contentUrl\":\"https:\\\/\\\/shrimataji.org\\\/test\\\/wp-content\\\/uploads\\\/2023\\\/02\\\/SMO_LOGO-03.svg\",\"width\":\"1024\",\"height\":\"1024\",\"caption\":\"Nirmala Shrivastava\"},\"logo\":{\"@id\":\"https:\\\/\\\/shrimataji.org\\\/test\\\/wp-content\\\/uploads\\\/2023\\\/02\\\/SMO_LOGO-03.svg\"},\"sameAs\":[\"https:\\\/\\\/shrimataji.org\\\/test\",\"https:\\\/\\\/www.facebook.com\\\/shrimataji\",\"https:\\\/\\\/x.com\\\/shrimataji\",\"https:\\\/\\\/www.youtube.com\\\/@Shri_Mataji_Nirmala_Devi\\\/featured\"]}]}<\/script>\n<!-- \/ Yoast SEO plugin. -->","yoast_head_json":{"title":"Samorealizacja i medytacja - TEST - SMND","robots":{"index":"noindex","follow":"follow","max-snippet":"max-snippet:-1","max-image-preview":"max-image-preview:large","max-video-preview":"max-video-preview:-1"},"og_locale":"en_US","og_type":"article","og_title":"Samorealizacja i medytacja - TEST - SMND","og_description":"Samorealizacja i medytacja Wyj\u0105tkowe, spontaniczne urzeczywistnienie waszej prawdziwej istoty \u015ari Matad\u017ai wykorzysta\u0142a staro\u017cytny proces przebudzenia Kundalini (co w sanskrycie oznacza \u201ezwini\u0119ta&#8221;) jako fundament medytacji Sahad\u017aa Joga. W przesz\u0142o\u015bci przebudzenie tej wewn\u0119trznej energii duchowej by\u0142o osi\u0105gane jedynie przez nielicznych, poprzez d\u0142ugotrwa\u0142e wysi\u0142ki oczyszczenia i ascezy. \u015ari Matad\u017ai odkry\u0142a spontaniczn\u0105 metod\u0119 masowego przebudzenia tej energii, kt\u00f3ra nie&hellip; Read more","og_url":"https:\/\/shrimataji.org\/test\/pl\/samorealizacja-i-medytacja\/","og_site_name":"TEST - SMND","article_publisher":"https:\/\/www.facebook.com\/shrimataji","article_modified_time":"2026-04-22T16:37:54+00:00","og_image":[{"width":2560,"height":905,"url":"https:\/\/shrimataji.org\/test\/wp-content\/uploads\/2023\/03\/2_Banner-SelfRealisation-scaled.jpg","type":"image\/jpeg"}],"twitter_card":"summary_large_image","twitter_site":"@shrimataji","twitter_misc":{"Est. reading time":"4 minutes"},"schema":{"@context":"https:\/\/schema.org","@graph":[{"@type":"WebPage","@id":"https:\/\/shrimataji.org\/test\/pl\/samorealizacja-i-medytacja\/","url":"https:\/\/shrimataji.org\/test\/pl\/samorealizacja-i-medytacja\/","name":"Samorealizacja i medytacja - TEST - SMND","isPartOf":{"@id":"https:\/\/shrimataji.org\/test\/#website"},"primaryImageOfPage":{"@id":"https:\/\/shrimataji.org\/test\/pl\/samorealizacja-i-medytacja\/#primaryimage"},"image":{"@id":"https:\/\/shrimataji.org\/test\/pl\/samorealizacja-i-medytacja\/#primaryimage"},"thumbnailUrl":"https:\/\/shrimataji.org\/test\/wp-content\/uploads\/2023\/03\/2_Banner-SelfRealisation-scaled.jpg","datePublished":"2018-07-10T06:54:46+00:00","dateModified":"2026-04-22T16:37:54+00:00","breadcrumb":{"@id":"https:\/\/shrimataji.org\/test\/pl\/samorealizacja-i-medytacja\/#breadcrumb"},"inLanguage":"en-US","potentialAction":[{"@type":"ReadAction","target":["https:\/\/shrimataji.org\/test\/pl\/samorealizacja-i-medytacja\/"]}]},{"@type":"ImageObject","inLanguage":"en-US","@id":"https:\/\/shrimataji.org\/test\/pl\/samorealizacja-i-medytacja\/#primaryimage","url":"https:\/\/shrimataji.org\/test\/wp-content\/uploads\/2023\/03\/2_Banner-SelfRealisation-scaled.jpg","contentUrl":"https:\/\/shrimataji.org\/test\/wp-content\/uploads\/2023\/03\/2_Banner-SelfRealisation-scaled.jpg","width":2560,"height":905},{"@type":"BreadcrumbList","@id":"https:\/\/shrimataji.org\/test\/pl\/samorealizacja-i-medytacja\/#breadcrumb","itemListElement":[{"@type":"ListItem","position":1,"name":"Home","item":"https:\/\/shrimataji.org\/test\/uk\/home-en\/"},{"@type":"ListItem","position":2,"name":"Samorealizacja i medytacja"}]},{"@type":"WebSite","@id":"https:\/\/shrimataji.org\/test\/#website","url":"https:\/\/shrimataji.org\/test\/","name":"Shri Mataji Nirmala Devi","description":"A Life Dedicated to Humanity","publisher":{"@id":"https:\/\/shrimataji.org\/test\/#\/schema\/person\/a1b3419c6585f164aa96da1ff85715d1"},"potentialAction":[{"@type":"SearchAction","target":{"@type":"EntryPoint","urlTemplate":"https:\/\/shrimataji.org\/test\/?s={search_term_string}"},"query-input":{"@type":"PropertyValueSpecification","valueRequired":true,"valueName":"search_term_string"}}],"inLanguage":"en-US"},{"@type":["Person","Organization"],"@id":"https:\/\/shrimataji.org\/test\/#\/schema\/person\/a1b3419c6585f164aa96da1ff85715d1","name":"Nirmala Shrivastava","image":{"@type":"ImageObject","inLanguage":"en-US","@id":"https:\/\/shrimataji.org\/test\/wp-content\/uploads\/2023\/02\/SMO_LOGO-03.svg","url":"https:\/\/shrimataji.org\/test\/wp-content\/uploads\/2023\/02\/SMO_LOGO-03.svg","contentUrl":"https:\/\/shrimataji.org\/test\/wp-content\/uploads\/2023\/02\/SMO_LOGO-03.svg","width":"1024","height":"1024","caption":"Nirmala Shrivastava"},"logo":{"@id":"https:\/\/shrimataji.org\/test\/wp-content\/uploads\/2023\/02\/SMO_LOGO-03.svg"},"sameAs":["https:\/\/shrimataji.org\/test","https:\/\/www.facebook.com\/shrimataji","https:\/\/x.com\/shrimataji","https:\/\/www.youtube.com\/@Shri_Mataji_Nirmala_Devi\/featured"]}]}},"lang":"pl","translations":{"pl":38020,"ur":37500,"en":410,"pa":25916,"gu":25519,"th":20058,"hu":19564,"sq":18476,"zh":17373,"hi":8373,"tr":10209,"pt":10419,"de":10693,"fr":10791,"it":10889,"es":10986,"ja":11284,"ru":11472,"bn":11663,"te":11771,"sw":11894,"he":12042,"el":12334,"sk":12432,"fa":12530,"fi":12628,"bg":13461,"ro":14533,"cs":14726,"nl":16636,"ku":16796,"ar":16972,"be":18683,"kn":18957,"mr":20422,"uk":20716,"ml":21011,"ta":22794,"sv":23064,"bs":27294,"fil":29512,"sd":31008,"da":37810,"nn":38362},"pll_sync_post":[],"_links":{"self":[{"href":"https:\/\/shrimataji.org\/test\/wp-json\/wp\/v2\/pages\/38020","targetHints":{"allow":["GET"]}}],"collection":[{"href":"https:\/\/shrimataji.org\/test\/wp-json\/wp\/v2\/pages"}],"about":[{"href":"https:\/\/shrimataji.org\/test\/wp-json\/wp\/v2\/types\/page"}],"author":[{"embeddable":true,"href":"https:\/\/shrimataji.org\/test\/wp-json\/wp\/v2\/users\/1"}],"replies":[{"embeddable":true,"href":"https:\/\/shrimataji.org\/test\/wp-json\/wp\/v2\/comments?post=38020"}],"version-history":[{"count":0,"href":"https:\/\/shrimataji.org\/test\/wp-json\/wp\/v2\/pages\/38020\/revisions"}],"wp:featuredmedia":[{"embeddable":true,"href":"https:\/\/shrimataji.org\/test\/wp-json\/wp\/v2\/media\/38021"}],"wp:attachment":[{"href":"https:\/\/shrimataji.org\/test\/wp-json\/wp\/v2\/media?parent=38020"}],"curies":[{"name":"wp","href":"https:\/\/api.w.org\/{rel}","templated":true}]}}