{"id":38033,"date":"2012-10-02T12:00:00","date_gmt":"2012-10-02T12:00:00","guid":{"rendered":"http:\/\/testwordpress.nirmalnagari.org\/smnd\/index.php\/that-absolute-truth\/"},"modified":"2026-04-15T09:04:01","modified_gmt":"2026-04-15T09:04:01","slug":"ta-absolutna-prawda","status":"publish","type":"page","link":"https:\/\/shrimataji.org\/test\/pl\/ta-absolutna-prawda\/","title":{"rendered":"Ta absolutna prawda"},"content":{"rendered":"\n\n\t<h1>Ta absolutna prawda<\/h1>\n<h2>Fragment programu publicznego na Wydziale Religioznawstwa<br \/>\nUniwersytetu w Sydney, Australia, 15 marca 1990 r.<\/h2>\n\t<p>Ju\u017c na samym pocz\u0105tku musimy zrozumie\u0107 jedno: prawda jest taka, jaka jest. Nie mo\u017cemy jej zorganizowa\u0107, uporz\u0105dkowa\u0107 ani poj\u0105\u0107 naszym ludzkim umys\u0142em. Ona po prostu jest, by\u0142a i b\u0119dzie. Istota wszystkich religii, sprowadzona do jednego zdania, brzmi: poszukuj tego, co wieczne, a to, co przemijaj\u0105ce, traktuj ze zrozumieniem.<\/p>\n<figure itemscope itemtype=\"https:\/\/schema.org\/ImageObject\">\n\t\t\t\t<img decoding=\"async\" src=\"https:\/\/shrimataji.org\/test\/wp-content\/uploads\/2018\/07\/media_originals\/images\/shri-mataji-portraits\/shri-mataji-while-touring-india-1981-to-1982-1024x728.jpg\" alt=\"shri-mataji-while-touring-india-1981-to-1982\" height=\"728\" width=\"1024\" height=\"728\" width=\"1024\" title=\"shri-mataji-while-touring-india-1981-to-1982\" onerror=\"this.style.display='none'\" loading=\"lazy\" \/>\n\t<\/figure>\n\t<p>Pierwsza cz\u0119\u015b\u0107 jest trudniejsza: poszukiwanie tego, co wieczne. Wieczne jest prawd\u0105 &#8211; ale czym jest prawda? Kiedy do was m\u00f3wi\u0119, wiem, \u017ce jeste\u015bcie lud\u017ami wykszta\u0142conymi i \u015bwiadomymi. Prosz\u0119 wi\u0119c, aby\u015bcie zachowali otwarty umys\u0142 i naukowe podej\u015bcie &#8211; sprawd\u017acie sami, czy to, co m\u00f3wi\u0119, jest prawd\u0105. Do\u015bwiadczcie tego i potraktujcie te s\u0142owa jak hipotez\u0119. A je\u015bli oka\u017ce si\u0119 prawd\u0105, powinni\u015bmy j\u0105 uczciwie przyj\u0105\u0107.<\/p>\n<p>S\u0105 dwie rzeczy, kt\u00f3rych mo\u017cemy nie przyjmowa\u0107, a jednak istniej\u0105. Jedn\u0105 z nich jest to, \u017ce ca\u0142y wszech\u015bwiat, ca\u0142e stworzenie, jest przenikni\u0119te, podtrzymywane i otaczane opiek\u0105 przez wszechprzenikaj\u0105c\u0105 Moc Bo\u017cej Mi\u0142o\u015bci. W dzisiejszych czasach nawet wypowiedzenie imienia Boga bywa trudne. W sanskrycie nazywa si\u0119 to Paramaczajtania, w Koranie &#8211; Ruh, a w Biblii &#8211; wszechprzenikaj\u0105c\u0105 Moc\u0105 Bo\u017cej Mi\u0142o\u015bci lub Bosko\u015bci. To, co nazywamy duchowo\u015bci\u0105, jest jej esencj\u0105. To jest pierwsza prawda.<\/p>\n\t<p>A druga prawda jest taka, \u017ce nie jeste\u015bmy tym cia\u0142em, tym umys\u0142em, emocjami, ego ani my\u015blami. Ponad tym wszystkim jeste\u015bmy Duchem &#8211; czystym Duchem. Te dwie prawdy zosta\u0142y przekazane we wszystkich religiach, niezale\u017cnie od formy, w jakiej je wyra\u017cano.<\/p>\n<p>W dawnych czasach, gdy poszukiwania rozpocz\u0119\u0142y si\u0119 w Indiach &#8211; kraj ten mia\u0142 pewne szczeg\u00f3lne warunki w por\u00f3wnaniu z innymi. Przede wszystkim klimat pozwala\u0142 \u017cy\u0107 w naturze bez wi\u0119kszych trudno\u015bci. Podczas gdy na Zachodzie ludzie rozwijali si\u0119 na zewn\u0105trz, jak ga\u0142\u0119zie drzewa, w Indiach zwr\u00f3cono si\u0119 ku wn\u0119trzu &#8211; ku korzeniom. I ju\u017c dawno temu odkryto Sahad\u017aa Jog\u0119.<\/p>\n<p>To nie jest nic wsp\u00f3\u0142czesnego &#8211; to staro\u017cytna, uznana metoda osi\u0105gni\u0119cia jedno\u015bci z Bosko\u015bci\u0105, czyli jogi. Sahad\u017aa oznacza \u201eurodzony z tob\u0105&#8221; &#8211; saha znaczy \u201ez&#8221;, a ja \u201eurodzony&#8221;. Oznacza to, \u017ce ka\u017cdy z nas rodzi si\u0119 z prawem do zjednoczenia z Bosk\u0105 Moc\u0105.<\/p>\n\t<p>Ale Sahad\u017aa oznacza tak\u017ce \u201espontaniczny&#8221;, poniewa\u017c to \u017cywa si\u0142a dokonuje tego procesu. W ka\u017cdym z nas dzia\u0142a \u017cywa energia, kt\u00f3ra doprowadzi\u0142a nas od poziomu ameby do istoty ludzkiej. I istnieje jeszcze subtelna, u\u015bpiona moc, kt\u00f3ra ma nas po\u0142\u0105czy\u0107 z Bosko\u015bci\u0105. To jest prawdziwe znaczenie s\u0142owa joga. Ka\u017cdy cz\u0142owiek ma prawo do tego zjednoczenia z wszechprzenikaj\u0105c\u0105 Moc\u0105. Jest to kolejny, prze\u0142omowy etap naszej ewolucji.<\/p>\n<p>Na poziomie ludzkim, jak wiemy, \u017cyjemy w \u015bwiecie wzgl\u0119dnym. Jedni m\u00f3wi\u0105, \u017ce co\u015b jest dobre, inni &#8211; \u017ce co\u015b innego. Trwa nieustanny sp\u00f3r. Ale je\u015bli istnieje prawda absolutna, nie mo\u017ce by\u0107 co do niej dw\u00f3ch opinii. Dlatego z pokor\u0105 powinni\u015bmy przyj\u0105\u0107, \u017ce jeszcze nie osi\u0105gn\u0119li\u015bmy tej absolutnej prawdy, kt\u00f3ra potwierdza istnienie Boga, tej wszechprzenikaj\u0105cej Mocy oraz prawdziwo\u015b\u0107 nauk wielkich prorok\u00f3w i wciele\u0144.<\/p>\n\t<p><img loading=\"lazy\" decoding=\"async\" src=\"https:\/\/shrimataji.org\/test\/wp-content\/uploads\/2018\/07\/media_originals\/images\/shri-mataji-portraits\/shri-mataji-nirmala-devi-portrait.jpg\" alt=\"\" width=\"906\" height=\"598\" \/><\/p>\n\t<p>Oczywi\u015bcie religie ulega\u0142y zniekszta\u0142ceniom i odchyleniom na skutek ludzkiej ingerencji i mog\u0142y sprawia\u0107 wra\u017cenie odmiennych. W rzeczywisto\u015bci by\u0142y jak kwiaty na Drzewie \u017bycia, pojawiaj\u0105ce si\u0119 w r\u00f3\u017cnych czasach &#8211; zgodnie z okresem, co w sanskrycie okre\u015bla si\u0119 jako samayachaa. Ka\u017cde objawienie mia\u0142o sw\u00f3j czas, lecz wszystkie wyrasta\u0142y z jednego Drzewa \u017bycia. Jednak ludzie zacz\u0119li je zrywa\u0107 i m\u00f3wi\u0107: \u201eTo jest moje&#8221;, \u201eTo jest moje&#8221;, a potem walczy\u0107 o martwe ju\u017c kwiaty. I tak powsta\u0142 problem, kt\u00f3ry widzimy dzisiaj.<\/p>\n\t<div class=\"su-quote su-quote-style-default\"><div class=\"su-quote-inner su-u-clearfix su-u-trim\"> Nie potrzebujecie \u015blepej wiary w nic. \u015alepa wiara prowadzi do fanatyzmu. Nie powinni\u015bcie jej mie\u0107 &#8211; powinni\u015bcie do\u015bwiadcza\u0107.<\/div><\/div>\n\t<p>Nie by\u0142o nic z\u0142ego ani w \u015bwi\u0119tych, ani w prorokach, ani w wcieleniach. Wszyscy czynili to, co by\u0142o dla nas najlepsze, i na r\u00f3\u017cnych etapach naszej ewolucji starali si\u0119 wskaza\u0107 w\u0142a\u015bciw\u0105 drog\u0119. Jednak najcz\u0119\u015bciej zwracali uwag\u0119 na sprawy przemijaj\u0105ce &#8211; jak nie ulega\u0107 ulotnym przyjemno\u015bciom \u017cycia, lecz poszukiwa\u0107 tego, co wieczne&#8230;<\/p>\n\n","protected":false},"excerpt":{"rendered":"<p>Ta absolutna prawda Fragment programu publicznego na Wydziale Religioznawstwa Uniwersytetu w Sydney, Australia, 15 marca 1990 r. Ju\u017c na samym pocz\u0105tku musimy zrozumie\u0107 jedno: prawda jest taka, jaka jest. Nie mo\u017cemy jej zorganizowa\u0107, uporz\u0105dkowa\u0107 ani poj\u0105\u0107 naszym ludzkim umys\u0142em. Ona po prostu jest, by\u0142a i b\u0119dzie. Istota wszystkich religii, sprowadzona do jednego zdania, brzmi: poszukuj&hellip; <br \/> <a class=\"read-more\" href=\"https:\/\/shrimataji.org\/test\/pl\/ta-absolutna-prawda\/\">Read more<\/a><\/p>\n","protected":false},"author":1,"featured_media":38034,"parent":0,"menu_order":0,"comment_status":"closed","ping_status":"closed","template":"","meta":{"inline_featured_image":false,"footnotes":""},"class_list":["post-38033","page","type-page","status-publish","has-post-thumbnail","hentry"],"yoast_head":"<!-- This site is optimized with the Yoast SEO plugin v27.4 - https:\/\/yoast.com\/product\/yoast-seo-wordpress\/ -->\n<title>Ta absolutna prawda - TEST - SMND<\/title>\n<meta name=\"robots\" content=\"noindex, follow, max-snippet:-1, max-image-preview:large, max-video-preview:-1\" \/>\n<meta property=\"og:locale\" content=\"en_US\" \/>\n<meta property=\"og:type\" content=\"article\" \/>\n<meta property=\"og:title\" content=\"Ta absolutna prawda - TEST - SMND\" \/>\n<meta property=\"og:description\" content=\"Ta absolutna prawda Fragment programu publicznego na Wydziale Religioznawstwa Uniwersytetu w Sydney, Australia, 15 marca 1990 r. Ju\u017c na samym pocz\u0105tku musimy zrozumie\u0107 jedno: prawda jest taka, jaka jest. Nie mo\u017cemy jej zorganizowa\u0107, uporz\u0105dkowa\u0107 ani poj\u0105\u0107 naszym ludzkim umys\u0142em. Ona po prostu jest, by\u0142a i b\u0119dzie. Istota wszystkich religii, sprowadzona do jednego zdania, brzmi: poszukuj&hellip; Read more\" \/>\n<meta property=\"og:url\" content=\"https:\/\/shrimataji.org\/test\/pl\/ta-absolutna-prawda\/\" \/>\n<meta property=\"og:site_name\" content=\"TEST - SMND\" \/>\n<meta property=\"article:publisher\" content=\"https:\/\/www.facebook.com\/shrimataji\" \/>\n<meta property=\"article:modified_time\" content=\"2026-04-15T09:04:01+00:00\" \/>\n<meta property=\"og:image\" content=\"https:\/\/shrimataji.org\/test\/wp-content\/uploads\/2018\/07\/media_originals\/images\/headers-general\/pink-flower-soft.jpg\" \/>\n\t<meta property=\"og:image:width\" content=\"990\" \/>\n\t<meta property=\"og:image:height\" content=\"350\" \/>\n\t<meta property=\"og:image:type\" content=\"image\/jpeg\" \/>\n<meta name=\"twitter:card\" content=\"summary_large_image\" \/>\n<meta name=\"twitter:site\" content=\"@shrimataji\" \/>\n<script type=\"application\/ld+json\" class=\"yoast-schema-graph\">{\"@context\":\"https:\\\/\\\/schema.org\",\"@graph\":[{\"@type\":\"WebPage\",\"@id\":\"https:\\\/\\\/shrimataji.org\\\/test\\\/pl\\\/ta-absolutna-prawda\\\/\",\"url\":\"https:\\\/\\\/shrimataji.org\\\/test\\\/pl\\\/ta-absolutna-prawda\\\/\",\"name\":\"Ta absolutna prawda - TEST - SMND\",\"isPartOf\":{\"@id\":\"https:\\\/\\\/shrimataji.org\\\/test\\\/#website\"},\"primaryImageOfPage\":{\"@id\":\"https:\\\/\\\/shrimataji.org\\\/test\\\/pl\\\/ta-absolutna-prawda\\\/#primaryimage\"},\"image\":{\"@id\":\"https:\\\/\\\/shrimataji.org\\\/test\\\/pl\\\/ta-absolutna-prawda\\\/#primaryimage\"},\"thumbnailUrl\":\"https:\\\/\\\/shrimataji.org\\\/test\\\/wp-content\\\/uploads\\\/2018\\\/07\\\/media_originals\\\/images\\\/headers-general\\\/pink-flower-soft.jpg\",\"datePublished\":\"2012-10-02T12:00:00+00:00\",\"dateModified\":\"2026-04-15T09:04:01+00:00\",\"breadcrumb\":{\"@id\":\"https:\\\/\\\/shrimataji.org\\\/test\\\/pl\\\/ta-absolutna-prawda\\\/#breadcrumb\"},\"inLanguage\":\"en-US\",\"potentialAction\":[{\"@type\":\"ReadAction\",\"target\":[\"https:\\\/\\\/shrimataji.org\\\/test\\\/pl\\\/ta-absolutna-prawda\\\/\"]}]},{\"@type\":\"ImageObject\",\"inLanguage\":\"en-US\",\"@id\":\"https:\\\/\\\/shrimataji.org\\\/test\\\/pl\\\/ta-absolutna-prawda\\\/#primaryimage\",\"url\":\"https:\\\/\\\/shrimataji.org\\\/test\\\/wp-content\\\/uploads\\\/2018\\\/07\\\/media_originals\\\/images\\\/headers-general\\\/pink-flower-soft.jpg\",\"contentUrl\":\"https:\\\/\\\/shrimataji.org\\\/test\\\/wp-content\\\/uploads\\\/2018\\\/07\\\/media_originals\\\/images\\\/headers-general\\\/pink-flower-soft.jpg\",\"width\":990,\"height\":350},{\"@type\":\"BreadcrumbList\",\"@id\":\"https:\\\/\\\/shrimataji.org\\\/test\\\/pl\\\/ta-absolutna-prawda\\\/#breadcrumb\",\"itemListElement\":[{\"@type\":\"ListItem\",\"position\":1,\"name\":\"Home\",\"item\":\"https:\\\/\\\/shrimataji.org\\\/test\\\/uk\\\/home-en\\\/\"},{\"@type\":\"ListItem\",\"position\":2,\"name\":\"Ta absolutna prawda\"}]},{\"@type\":\"WebSite\",\"@id\":\"https:\\\/\\\/shrimataji.org\\\/test\\\/#website\",\"url\":\"https:\\\/\\\/shrimataji.org\\\/test\\\/\",\"name\":\"Shri Mataji Nirmala Devi\",\"description\":\"A Life Dedicated to Humanity\",\"publisher\":{\"@id\":\"https:\\\/\\\/shrimataji.org\\\/test\\\/#\\\/schema\\\/person\\\/a1b3419c6585f164aa96da1ff85715d1\"},\"potentialAction\":[{\"@type\":\"SearchAction\",\"target\":{\"@type\":\"EntryPoint\",\"urlTemplate\":\"https:\\\/\\\/shrimataji.org\\\/test\\\/?s={search_term_string}\"},\"query-input\":{\"@type\":\"PropertyValueSpecification\",\"valueRequired\":true,\"valueName\":\"search_term_string\"}}],\"inLanguage\":\"en-US\"},{\"@type\":[\"Person\",\"Organization\"],\"@id\":\"https:\\\/\\\/shrimataji.org\\\/test\\\/#\\\/schema\\\/person\\\/a1b3419c6585f164aa96da1ff85715d1\",\"name\":\"Nirmala Shrivastava\",\"image\":{\"@type\":\"ImageObject\",\"inLanguage\":\"en-US\",\"@id\":\"https:\\\/\\\/shrimataji.org\\\/test\\\/wp-content\\\/uploads\\\/2023\\\/02\\\/SMO_LOGO-03.svg\",\"url\":\"https:\\\/\\\/shrimataji.org\\\/test\\\/wp-content\\\/uploads\\\/2023\\\/02\\\/SMO_LOGO-03.svg\",\"contentUrl\":\"https:\\\/\\\/shrimataji.org\\\/test\\\/wp-content\\\/uploads\\\/2023\\\/02\\\/SMO_LOGO-03.svg\",\"width\":\"1024\",\"height\":\"1024\",\"caption\":\"Nirmala Shrivastava\"},\"logo\":{\"@id\":\"https:\\\/\\\/shrimataji.org\\\/test\\\/wp-content\\\/uploads\\\/2023\\\/02\\\/SMO_LOGO-03.svg\"},\"sameAs\":[\"https:\\\/\\\/shrimataji.org\\\/test\",\"https:\\\/\\\/www.facebook.com\\\/shrimataji\",\"https:\\\/\\\/x.com\\\/shrimataji\",\"https:\\\/\\\/www.youtube.com\\\/@Shri_Mataji_Nirmala_Devi\\\/featured\"]}]}<\/script>\n<!-- \/ Yoast SEO plugin. -->","yoast_head_json":{"title":"Ta absolutna prawda - TEST - SMND","robots":{"index":"noindex","follow":"follow","max-snippet":"max-snippet:-1","max-image-preview":"max-image-preview:large","max-video-preview":"max-video-preview:-1"},"og_locale":"en_US","og_type":"article","og_title":"Ta absolutna prawda - TEST - SMND","og_description":"Ta absolutna prawda Fragment programu publicznego na Wydziale Religioznawstwa Uniwersytetu w Sydney, Australia, 15 marca 1990 r. Ju\u017c na samym pocz\u0105tku musimy zrozumie\u0107 jedno: prawda jest taka, jaka jest. Nie mo\u017cemy jej zorganizowa\u0107, uporz\u0105dkowa\u0107 ani poj\u0105\u0107 naszym ludzkim umys\u0142em. Ona po prostu jest, by\u0142a i b\u0119dzie. Istota wszystkich religii, sprowadzona do jednego zdania, brzmi: poszukuj&hellip; Read more","og_url":"https:\/\/shrimataji.org\/test\/pl\/ta-absolutna-prawda\/","og_site_name":"TEST - SMND","article_publisher":"https:\/\/www.facebook.com\/shrimataji","article_modified_time":"2026-04-15T09:04:01+00:00","og_image":[{"width":990,"height":350,"url":"https:\/\/shrimataji.org\/test\/wp-content\/uploads\/2018\/07\/media_originals\/images\/headers-general\/pink-flower-soft.jpg","type":"image\/jpeg"}],"twitter_card":"summary_large_image","twitter_site":"@shrimataji","schema":{"@context":"https:\/\/schema.org","@graph":[{"@type":"WebPage","@id":"https:\/\/shrimataji.org\/test\/pl\/ta-absolutna-prawda\/","url":"https:\/\/shrimataji.org\/test\/pl\/ta-absolutna-prawda\/","name":"Ta absolutna prawda - TEST - SMND","isPartOf":{"@id":"https:\/\/shrimataji.org\/test\/#website"},"primaryImageOfPage":{"@id":"https:\/\/shrimataji.org\/test\/pl\/ta-absolutna-prawda\/#primaryimage"},"image":{"@id":"https:\/\/shrimataji.org\/test\/pl\/ta-absolutna-prawda\/#primaryimage"},"thumbnailUrl":"https:\/\/shrimataji.org\/test\/wp-content\/uploads\/2018\/07\/media_originals\/images\/headers-general\/pink-flower-soft.jpg","datePublished":"2012-10-02T12:00:00+00:00","dateModified":"2026-04-15T09:04:01+00:00","breadcrumb":{"@id":"https:\/\/shrimataji.org\/test\/pl\/ta-absolutna-prawda\/#breadcrumb"},"inLanguage":"en-US","potentialAction":[{"@type":"ReadAction","target":["https:\/\/shrimataji.org\/test\/pl\/ta-absolutna-prawda\/"]}]},{"@type":"ImageObject","inLanguage":"en-US","@id":"https:\/\/shrimataji.org\/test\/pl\/ta-absolutna-prawda\/#primaryimage","url":"https:\/\/shrimataji.org\/test\/wp-content\/uploads\/2018\/07\/media_originals\/images\/headers-general\/pink-flower-soft.jpg","contentUrl":"https:\/\/shrimataji.org\/test\/wp-content\/uploads\/2018\/07\/media_originals\/images\/headers-general\/pink-flower-soft.jpg","width":990,"height":350},{"@type":"BreadcrumbList","@id":"https:\/\/shrimataji.org\/test\/pl\/ta-absolutna-prawda\/#breadcrumb","itemListElement":[{"@type":"ListItem","position":1,"name":"Home","item":"https:\/\/shrimataji.org\/test\/uk\/home-en\/"},{"@type":"ListItem","position":2,"name":"Ta absolutna prawda"}]},{"@type":"WebSite","@id":"https:\/\/shrimataji.org\/test\/#website","url":"https:\/\/shrimataji.org\/test\/","name":"Shri Mataji Nirmala Devi","description":"A Life Dedicated to Humanity","publisher":{"@id":"https:\/\/shrimataji.org\/test\/#\/schema\/person\/a1b3419c6585f164aa96da1ff85715d1"},"potentialAction":[{"@type":"SearchAction","target":{"@type":"EntryPoint","urlTemplate":"https:\/\/shrimataji.org\/test\/?s={search_term_string}"},"query-input":{"@type":"PropertyValueSpecification","valueRequired":true,"valueName":"search_term_string"}}],"inLanguage":"en-US"},{"@type":["Person","Organization"],"@id":"https:\/\/shrimataji.org\/test\/#\/schema\/person\/a1b3419c6585f164aa96da1ff85715d1","name":"Nirmala Shrivastava","image":{"@type":"ImageObject","inLanguage":"en-US","@id":"https:\/\/shrimataji.org\/test\/wp-content\/uploads\/2023\/02\/SMO_LOGO-03.svg","url":"https:\/\/shrimataji.org\/test\/wp-content\/uploads\/2023\/02\/SMO_LOGO-03.svg","contentUrl":"https:\/\/shrimataji.org\/test\/wp-content\/uploads\/2023\/02\/SMO_LOGO-03.svg","width":"1024","height":"1024","caption":"Nirmala Shrivastava"},"logo":{"@id":"https:\/\/shrimataji.org\/test\/wp-content\/uploads\/2023\/02\/SMO_LOGO-03.svg"},"sameAs":["https:\/\/shrimataji.org\/test","https:\/\/www.facebook.com\/shrimataji","https:\/\/x.com\/shrimataji","https:\/\/www.youtube.com\/@Shri_Mataji_Nirmala_Devi\/featured"]}]}},"lang":"pl","translations":{"pl":38033,"ur":37515,"en":430,"am":18090,"th":20081,"hu":19580,"ar":16986,"sq":18491,"zh":17388,"tr":10219,"pt":10427,"de":10701,"fr":10799,"it":10897,"es":10994,"ja":11292,"ru":11480,"bn":11671,"te":11779,"sw":11902,"he":12050,"el":12342,"sk":12440,"fa":12538,"fi":12636,"bg":13496,"ro":14571,"cs":14764,"nl":16650,"ku":16810,"be":18698,"kn":18972,"mr":20445,"uk":20738,"ml":21033,"ta":22809,"sv":23078,"gu":28913,"pa":29073,"fil":29527,"da":37823,"nn":38375},"pll_sync_post":[],"_links":{"self":[{"href":"https:\/\/shrimataji.org\/test\/wp-json\/wp\/v2\/pages\/38033","targetHints":{"allow":["GET"]}}],"collection":[{"href":"https:\/\/shrimataji.org\/test\/wp-json\/wp\/v2\/pages"}],"about":[{"href":"https:\/\/shrimataji.org\/test\/wp-json\/wp\/v2\/types\/page"}],"author":[{"embeddable":true,"href":"https:\/\/shrimataji.org\/test\/wp-json\/wp\/v2\/users\/1"}],"replies":[{"embeddable":true,"href":"https:\/\/shrimataji.org\/test\/wp-json\/wp\/v2\/comments?post=38033"}],"version-history":[{"count":0,"href":"https:\/\/shrimataji.org\/test\/wp-json\/wp\/v2\/pages\/38033\/revisions"}],"wp:featuredmedia":[{"embeddable":true,"href":"https:\/\/shrimataji.org\/test\/wp-json\/wp\/v2\/media\/38034"}],"wp:attachment":[{"href":"https:\/\/shrimataji.org\/test\/wp-json\/wp\/v2\/media?parent=38033"}],"curies":[{"name":"wp","href":"https:\/\/api.w.org\/{rel}","templated":true}]}}