{"id":38043,"date":"2018-07-10T06:54:54","date_gmt":"2018-07-10T06:54:54","guid":{"rendered":"http:\/\/testwordpress.nirmalnagari.org\/smnd\/index.php\/thoughtless-awareness\/"},"modified":"2026-04-15T09:26:50","modified_gmt":"2026-04-15T09:26:50","slug":"stan-swiadomosci-bez-mysli","status":"publish","type":"page","link":"https:\/\/shrimataji.org\/test\/pl\/stan-swiadomosci-bez-mysli\/","title":{"rendered":"Stan \u015bwiadomo\u015bci bez my\u015bli"},"content":{"rendered":"\n\n\t<h1>Stan \u015bwiadomo\u015bci bez my\u015bli<\/h1>\n<h2>Fragmenty wskaz\u00f3wek udzielonych 27 marca 1994 r., 5 lipca 1998 r. oraz podczas Mi\u0119dzynarodowego Seminarium w 1994 r.<\/h2>\n\t<p>Jeste\u015b \u015bwiadomy, a jednocze\u015bnie wolny od my\u015bli. To jest stan, w kt\u00f3rym jeste\u015b w tera\u017aniejszo\u015bci i trwasz w spokoju. To w\u0142a\u015bnie w tym stanie rozwijasz si\u0119 duchowo.<\/p>\n\t<p>\u015awiadomo\u015b\u0107 bez my\u015bli to pierwszy, pi\u0119kny stan, kt\u00f3ry nale\u017cy osi\u0105gn\u0105\u0107. Przynosi on spok\u00f3j oraz stan \u015bwiadka, dzi\u0119ki kt\u00f3remu mo\u017cesz cieszy\u0107 si\u0119 dramatem \u017cycia i r\u00f3\u017cnorodno\u015bci\u0105 ludzi, jednocze\u015bnie wzrastaj\u0105c wewn\u0119trznie.<\/p>\n<p>Cieszysz si\u0119 wszystkim, co zosta\u0142o pi\u0119knie stworzone. Nie analizujesz tego, nie reagujesz. Twoj\u0105 jedyn\u0105 reakcj\u0105 jest rado\u015b\u0107 &#8211; odczucie pi\u0119kna. Nie zastanawiasz si\u0119, kto to stworzy\u0142 ani ile to kosztuje &#8211; nic z tych rzeczy. Stajesz si\u0119 wolny od my\u015bli. \u015awiadomo\u015b\u0107 bez my\u015bli to nic innego jak obfite, p\u0142yn\u0105ce odczucie rado\u015bci &#8211; rado\u015bci, kt\u00f3ra nie jest ani szcz\u0119\u015bciem, ani smutkiem, lecz czym\u015b jedynym w swoim rodzaju.<\/p>\n<p>Nie da si\u0119 tego opisa\u0107 s\u0142owami, lecz mo\u017cna to g\u0142\u0119boko poczu\u0107 w sobie &#8211; t\u0119 rado\u015b\u0107 bycia Ja\u017ani\u0105. Gdy stajesz si\u0119 wolny od my\u015bli, zaczynasz widzie\u0107 i odczuwa\u0107 rzeczywisto\u015b\u0107.<\/p>\n\t<p><img loading=\"lazy\" decoding=\"async\" src=\"https:\/\/shrimataji.org\/test\/wp-content\/uploads\/2018\/07\/media_originals\/images\/flowers\/rose-flower-yellow-by-vera-subkus-201x300.jpg\" alt=\"\" width=\"201\" height=\"300\" \/><\/p>\n\n","protected":false},"excerpt":{"rendered":"<p>Stan \u015bwiadomo\u015bci bez my\u015bli Fragmenty wskaz\u00f3wek udzielonych 27 marca 1994 r., 5 lipca 1998 r. oraz podczas Mi\u0119dzynarodowego Seminarium w 1994 r. Jeste\u015b \u015bwiadomy, a jednocze\u015bnie wolny od my\u015bli. To jest stan, w kt\u00f3rym jeste\u015b w tera\u017aniejszo\u015bci i trwasz w spokoju. To w\u0142a\u015bnie w tym stanie rozwijasz si\u0119 duchowo. \u015awiadomo\u015b\u0107 bez my\u015bli to pierwszy, pi\u0119kny&hellip; <br \/> <a class=\"read-more\" href=\"https:\/\/shrimataji.org\/test\/pl\/stan-swiadomosci-bez-mysli\/\">Read more<\/a><\/p>\n","protected":false},"author":1,"featured_media":38044,"parent":0,"menu_order":0,"comment_status":"closed","ping_status":"closed","template":"","meta":{"inline_featured_image":false,"footnotes":""},"class_list":["post-38043","page","type-page","status-publish","has-post-thumbnail","hentry"],"yoast_head":"<!-- This site is optimized with the Yoast SEO plugin v27.4 - https:\/\/yoast.com\/product\/yoast-seo-wordpress\/ -->\n<title>Stan \u015bwiadomo\u015bci bez my\u015bli - TEST - SMND<\/title>\n<meta name=\"robots\" content=\"noindex, follow, max-snippet:-1, max-image-preview:large, max-video-preview:-1\" \/>\n<meta property=\"og:locale\" content=\"en_US\" \/>\n<meta property=\"og:type\" content=\"article\" \/>\n<meta property=\"og:title\" content=\"Stan \u015bwiadomo\u015bci bez my\u015bli - TEST - SMND\" \/>\n<meta property=\"og:description\" content=\"Stan \u015bwiadomo\u015bci bez my\u015bli Fragmenty wskaz\u00f3wek udzielonych 27 marca 1994 r., 5 lipca 1998 r. oraz podczas Mi\u0119dzynarodowego Seminarium w 1994 r. Jeste\u015b \u015bwiadomy, a jednocze\u015bnie wolny od my\u015bli. To jest stan, w kt\u00f3rym jeste\u015b w tera\u017aniejszo\u015bci i trwasz w spokoju. To w\u0142a\u015bnie w tym stanie rozwijasz si\u0119 duchowo. \u015awiadomo\u015b\u0107 bez my\u015bli to pierwszy, pi\u0119kny&hellip; Read more\" \/>\n<meta property=\"og:url\" content=\"https:\/\/shrimataji.org\/test\/pl\/stan-swiadomosci-bez-mysli\/\" \/>\n<meta property=\"og:site_name\" content=\"TEST - SMND\" \/>\n<meta property=\"article:publisher\" content=\"https:\/\/www.facebook.com\/shrimataji\" \/>\n<meta property=\"article:modified_time\" content=\"2026-04-15T09:26:50+00:00\" \/>\n<meta property=\"og:image\" content=\"https:\/\/shrimataji.org\/test\/wp-content\/uploads\/2018\/07\/media_originals\/images\/headers-general\/thoughtless-awareness-is-peace-and-joy.jpg\" \/>\n\t<meta property=\"og:image:width\" content=\"990\" \/>\n\t<meta property=\"og:image:height\" content=\"350\" \/>\n\t<meta property=\"og:image:type\" content=\"image\/jpeg\" \/>\n<meta name=\"twitter:card\" content=\"summary_large_image\" \/>\n<meta name=\"twitter:site\" content=\"@shrimataji\" \/>\n<script type=\"application\/ld+json\" class=\"yoast-schema-graph\">{\"@context\":\"https:\\\/\\\/schema.org\",\"@graph\":[{\"@type\":\"WebPage\",\"@id\":\"https:\\\/\\\/shrimataji.org\\\/test\\\/pl\\\/stan-swiadomosci-bez-mysli\\\/\",\"url\":\"https:\\\/\\\/shrimataji.org\\\/test\\\/pl\\\/stan-swiadomosci-bez-mysli\\\/\",\"name\":\"Stan \u015bwiadomo\u015bci bez my\u015bli - TEST - SMND\",\"isPartOf\":{\"@id\":\"https:\\\/\\\/shrimataji.org\\\/test\\\/#website\"},\"primaryImageOfPage\":{\"@id\":\"https:\\\/\\\/shrimataji.org\\\/test\\\/pl\\\/stan-swiadomosci-bez-mysli\\\/#primaryimage\"},\"image\":{\"@id\":\"https:\\\/\\\/shrimataji.org\\\/test\\\/pl\\\/stan-swiadomosci-bez-mysli\\\/#primaryimage\"},\"thumbnailUrl\":\"https:\\\/\\\/shrimataji.org\\\/test\\\/wp-content\\\/uploads\\\/2018\\\/07\\\/media_originals\\\/images\\\/headers-general\\\/thoughtless-awareness-is-peace-and-joy.jpg\",\"datePublished\":\"2018-07-10T06:54:54+00:00\",\"dateModified\":\"2026-04-15T09:26:50+00:00\",\"breadcrumb\":{\"@id\":\"https:\\\/\\\/shrimataji.org\\\/test\\\/pl\\\/stan-swiadomosci-bez-mysli\\\/#breadcrumb\"},\"inLanguage\":\"en-US\",\"potentialAction\":[{\"@type\":\"ReadAction\",\"target\":[\"https:\\\/\\\/shrimataji.org\\\/test\\\/pl\\\/stan-swiadomosci-bez-mysli\\\/\"]}]},{\"@type\":\"ImageObject\",\"inLanguage\":\"en-US\",\"@id\":\"https:\\\/\\\/shrimataji.org\\\/test\\\/pl\\\/stan-swiadomosci-bez-mysli\\\/#primaryimage\",\"url\":\"https:\\\/\\\/shrimataji.org\\\/test\\\/wp-content\\\/uploads\\\/2018\\\/07\\\/media_originals\\\/images\\\/headers-general\\\/thoughtless-awareness-is-peace-and-joy.jpg\",\"contentUrl\":\"https:\\\/\\\/shrimataji.org\\\/test\\\/wp-content\\\/uploads\\\/2018\\\/07\\\/media_originals\\\/images\\\/headers-general\\\/thoughtless-awareness-is-peace-and-joy.jpg\",\"width\":990,\"height\":350},{\"@type\":\"BreadcrumbList\",\"@id\":\"https:\\\/\\\/shrimataji.org\\\/test\\\/pl\\\/stan-swiadomosci-bez-mysli\\\/#breadcrumb\",\"itemListElement\":[{\"@type\":\"ListItem\",\"position\":1,\"name\":\"Home\",\"item\":\"https:\\\/\\\/shrimataji.org\\\/test\\\/uk\\\/home-en\\\/\"},{\"@type\":\"ListItem\",\"position\":2,\"name\":\"Stan \u015bwiadomo\u015bci bez my\u015bli\"}]},{\"@type\":\"WebSite\",\"@id\":\"https:\\\/\\\/shrimataji.org\\\/test\\\/#website\",\"url\":\"https:\\\/\\\/shrimataji.org\\\/test\\\/\",\"name\":\"Shri Mataji Nirmala Devi\",\"description\":\"A Life Dedicated to Humanity\",\"publisher\":{\"@id\":\"https:\\\/\\\/shrimataji.org\\\/test\\\/#\\\/schema\\\/person\\\/a1b3419c6585f164aa96da1ff85715d1\"},\"potentialAction\":[{\"@type\":\"SearchAction\",\"target\":{\"@type\":\"EntryPoint\",\"urlTemplate\":\"https:\\\/\\\/shrimataji.org\\\/test\\\/?s={search_term_string}\"},\"query-input\":{\"@type\":\"PropertyValueSpecification\",\"valueRequired\":true,\"valueName\":\"search_term_string\"}}],\"inLanguage\":\"en-US\"},{\"@type\":[\"Person\",\"Organization\"],\"@id\":\"https:\\\/\\\/shrimataji.org\\\/test\\\/#\\\/schema\\\/person\\\/a1b3419c6585f164aa96da1ff85715d1\",\"name\":\"Nirmala Shrivastava\",\"image\":{\"@type\":\"ImageObject\",\"inLanguage\":\"en-US\",\"@id\":\"https:\\\/\\\/shrimataji.org\\\/test\\\/wp-content\\\/uploads\\\/2023\\\/02\\\/SMO_LOGO-03.svg\",\"url\":\"https:\\\/\\\/shrimataji.org\\\/test\\\/wp-content\\\/uploads\\\/2023\\\/02\\\/SMO_LOGO-03.svg\",\"contentUrl\":\"https:\\\/\\\/shrimataji.org\\\/test\\\/wp-content\\\/uploads\\\/2023\\\/02\\\/SMO_LOGO-03.svg\",\"width\":\"1024\",\"height\":\"1024\",\"caption\":\"Nirmala Shrivastava\"},\"logo\":{\"@id\":\"https:\\\/\\\/shrimataji.org\\\/test\\\/wp-content\\\/uploads\\\/2023\\\/02\\\/SMO_LOGO-03.svg\"},\"sameAs\":[\"https:\\\/\\\/shrimataji.org\\\/test\",\"https:\\\/\\\/www.facebook.com\\\/shrimataji\",\"https:\\\/\\\/x.com\\\/shrimataji\",\"https:\\\/\\\/www.youtube.com\\\/@Shri_Mataji_Nirmala_Devi\\\/featured\"]}]}<\/script>\n<!-- \/ Yoast SEO plugin. -->","yoast_head_json":{"title":"Stan \u015bwiadomo\u015bci bez my\u015bli - TEST - SMND","robots":{"index":"noindex","follow":"follow","max-snippet":"max-snippet:-1","max-image-preview":"max-image-preview:large","max-video-preview":"max-video-preview:-1"},"og_locale":"en_US","og_type":"article","og_title":"Stan \u015bwiadomo\u015bci bez my\u015bli - TEST - SMND","og_description":"Stan \u015bwiadomo\u015bci bez my\u015bli Fragmenty wskaz\u00f3wek udzielonych 27 marca 1994 r., 5 lipca 1998 r. oraz podczas Mi\u0119dzynarodowego Seminarium w 1994 r. Jeste\u015b \u015bwiadomy, a jednocze\u015bnie wolny od my\u015bli. To jest stan, w kt\u00f3rym jeste\u015b w tera\u017aniejszo\u015bci i trwasz w spokoju. To w\u0142a\u015bnie w tym stanie rozwijasz si\u0119 duchowo. \u015awiadomo\u015b\u0107 bez my\u015bli to pierwszy, pi\u0119kny&hellip; Read more","og_url":"https:\/\/shrimataji.org\/test\/pl\/stan-swiadomosci-bez-mysli\/","og_site_name":"TEST - SMND","article_publisher":"https:\/\/www.facebook.com\/shrimataji","article_modified_time":"2026-04-15T09:26:50+00:00","og_image":[{"width":990,"height":350,"url":"https:\/\/shrimataji.org\/test\/wp-content\/uploads\/2018\/07\/media_originals\/images\/headers-general\/thoughtless-awareness-is-peace-and-joy.jpg","type":"image\/jpeg"}],"twitter_card":"summary_large_image","twitter_site":"@shrimataji","schema":{"@context":"https:\/\/schema.org","@graph":[{"@type":"WebPage","@id":"https:\/\/shrimataji.org\/test\/pl\/stan-swiadomosci-bez-mysli\/","url":"https:\/\/shrimataji.org\/test\/pl\/stan-swiadomosci-bez-mysli\/","name":"Stan \u015bwiadomo\u015bci bez my\u015bli - TEST - SMND","isPartOf":{"@id":"https:\/\/shrimataji.org\/test\/#website"},"primaryImageOfPage":{"@id":"https:\/\/shrimataji.org\/test\/pl\/stan-swiadomosci-bez-mysli\/#primaryimage"},"image":{"@id":"https:\/\/shrimataji.org\/test\/pl\/stan-swiadomosci-bez-mysli\/#primaryimage"},"thumbnailUrl":"https:\/\/shrimataji.org\/test\/wp-content\/uploads\/2018\/07\/media_originals\/images\/headers-general\/thoughtless-awareness-is-peace-and-joy.jpg","datePublished":"2018-07-10T06:54:54+00:00","dateModified":"2026-04-15T09:26:50+00:00","breadcrumb":{"@id":"https:\/\/shrimataji.org\/test\/pl\/stan-swiadomosci-bez-mysli\/#breadcrumb"},"inLanguage":"en-US","potentialAction":[{"@type":"ReadAction","target":["https:\/\/shrimataji.org\/test\/pl\/stan-swiadomosci-bez-mysli\/"]}]},{"@type":"ImageObject","inLanguage":"en-US","@id":"https:\/\/shrimataji.org\/test\/pl\/stan-swiadomosci-bez-mysli\/#primaryimage","url":"https:\/\/shrimataji.org\/test\/wp-content\/uploads\/2018\/07\/media_originals\/images\/headers-general\/thoughtless-awareness-is-peace-and-joy.jpg","contentUrl":"https:\/\/shrimataji.org\/test\/wp-content\/uploads\/2018\/07\/media_originals\/images\/headers-general\/thoughtless-awareness-is-peace-and-joy.jpg","width":990,"height":350},{"@type":"BreadcrumbList","@id":"https:\/\/shrimataji.org\/test\/pl\/stan-swiadomosci-bez-mysli\/#breadcrumb","itemListElement":[{"@type":"ListItem","position":1,"name":"Home","item":"https:\/\/shrimataji.org\/test\/uk\/home-en\/"},{"@type":"ListItem","position":2,"name":"Stan \u015bwiadomo\u015bci bez my\u015bli"}]},{"@type":"WebSite","@id":"https:\/\/shrimataji.org\/test\/#website","url":"https:\/\/shrimataji.org\/test\/","name":"Shri Mataji Nirmala Devi","description":"A Life Dedicated to Humanity","publisher":{"@id":"https:\/\/shrimataji.org\/test\/#\/schema\/person\/a1b3419c6585f164aa96da1ff85715d1"},"potentialAction":[{"@type":"SearchAction","target":{"@type":"EntryPoint","urlTemplate":"https:\/\/shrimataji.org\/test\/?s={search_term_string}"},"query-input":{"@type":"PropertyValueSpecification","valueRequired":true,"valueName":"search_term_string"}}],"inLanguage":"en-US"},{"@type":["Person","Organization"],"@id":"https:\/\/shrimataji.org\/test\/#\/schema\/person\/a1b3419c6585f164aa96da1ff85715d1","name":"Nirmala Shrivastava","image":{"@type":"ImageObject","inLanguage":"en-US","@id":"https:\/\/shrimataji.org\/test\/wp-content\/uploads\/2023\/02\/SMO_LOGO-03.svg","url":"https:\/\/shrimataji.org\/test\/wp-content\/uploads\/2023\/02\/SMO_LOGO-03.svg","contentUrl":"https:\/\/shrimataji.org\/test\/wp-content\/uploads\/2023\/02\/SMO_LOGO-03.svg","width":"1024","height":"1024","caption":"Nirmala Shrivastava"},"logo":{"@id":"https:\/\/shrimataji.org\/test\/wp-content\/uploads\/2023\/02\/SMO_LOGO-03.svg"},"sameAs":["https:\/\/shrimataji.org\/test","https:\/\/www.facebook.com\/shrimataji","https:\/\/x.com\/shrimataji","https:\/\/www.youtube.com\/@Shri_Mataji_Nirmala_Devi\/featured"]}]}},"lang":"pl","translations":{"pl":38043,"ur":37526,"en":452,"am":18101,"th":20098,"hu":19596,"ar":16997,"sq":18502,"zh":17399,"tr":10225,"pt":10433,"de":10707,"fr":10805,"it":10903,"es":11000,"ja":11298,"ru":11486,"bn":11677,"te":11785,"sw":11908,"he":12056,"el":12348,"sk":12446,"fa":12544,"fi":12642,"bg":13435,"ro":14509,"cs":14702,"nl":16661,"ku":16821,"be":18709,"kn":18983,"mr":20462,"uk":20755,"ml":21050,"ta":22820,"sv":23089,"gu":28924,"pa":29084,"fil":29538,"da":37833,"nn":38385},"pll_sync_post":[],"_links":{"self":[{"href":"https:\/\/shrimataji.org\/test\/wp-json\/wp\/v2\/pages\/38043","targetHints":{"allow":["GET"]}}],"collection":[{"href":"https:\/\/shrimataji.org\/test\/wp-json\/wp\/v2\/pages"}],"about":[{"href":"https:\/\/shrimataji.org\/test\/wp-json\/wp\/v2\/types\/page"}],"author":[{"embeddable":true,"href":"https:\/\/shrimataji.org\/test\/wp-json\/wp\/v2\/users\/1"}],"replies":[{"embeddable":true,"href":"https:\/\/shrimataji.org\/test\/wp-json\/wp\/v2\/comments?post=38043"}],"version-history":[{"count":0,"href":"https:\/\/shrimataji.org\/test\/wp-json\/wp\/v2\/pages\/38043\/revisions"}],"wp:featuredmedia":[{"embeddable":true,"href":"https:\/\/shrimataji.org\/test\/wp-json\/wp\/v2\/media\/38044"}],"wp:attachment":[{"href":"https:\/\/shrimataji.org\/test\/wp-json\/wp\/v2\/media?parent=38043"}],"curies":[{"name":"wp","href":"https:\/\/api.w.org\/{rel}","templated":true}]}}