{"id":38047,"date":"2011-10-05T02:00:00","date_gmt":"2011-10-05T02:00:00","guid":{"rendered":"http:\/\/testwordpress.nirmalnagari.org\/smnd\/index.php\/uniting-the-nations\/"},"modified":"2026-04-15T09:31:03","modified_gmt":"2026-04-15T09:31:03","slug":"zjednoczenie-narodow","status":"publish","type":"page","link":"https:\/\/shrimataji.org\/test\/pl\/zjednoczenie-narodow\/","title":{"rendered":"Zjednoczenie narod\u00f3w"},"content":{"rendered":"\n\n\t<h1>Zjednoczenie narod\u00f3w<\/h1>\n<h2>Globalna przemiana &#8211; ponad granicami<\/h2>\n\t<h4>Publiczno\u015b\u0107 w Audytorium Daga Hammarskj\u00f6lda by\u0142a niewielka. Wczesnym wieczorem oko\u0142o pi\u0119\u0107dziesi\u0119ciu pracownik\u00f3w zgromadzi\u0142o si\u0119 w \u015bredniej wielko\u015bci sali. Zaledwie dwa dni wcze\u015bniej przy ONZ zosta\u0142o oficjalnie utworzone i zatwierdzone nowe Towarzystwo Medytacji Sahad\u017aa Jogi, a teraz jego cz\u0142onkowie zebrali si\u0119, aby wys\u0142ucha\u0107 g\u0142\u00f3wnego wyst\u0105pienia.<\/h4>\n\t<p>By\u0142a to chwila wytchnienia od biurek, spotka\u0144 i globalnych spraw. Okazja, by us\u0142ysze\u0107 s\u0142owa \u015ari Matad\u017ai Nirmali Devi i zwr\u00f3ci\u0107 si\u0119 do w\u0142asnego wn\u0119trza. Tematem by\u0142o duchowe o\u015bwiecenie, pok\u00f3j na \u015bwiecie i lepsza przysz\u0142o\u015b\u0107. By\u0142 6 czerwca 1990 roku. Miejscem &#8211; siedziba Organizacji Narod\u00f3w Zjednoczonych w Nowym Jorku.<\/p>\n<p>By\u0107 mo\u017ce my\u015bli pracownik\u00f3w ONZ kr\u0105\u017cy\u0142y wtedy wok\u00f3\u0142 obietnic redukcji zbroje\u0144 w Europie ze strony Zwi\u0105zku Radzieckiego. A mo\u017ce niekt\u00f3rzy anga\u017cowali si\u0119 w dzia\u0142ania zwi\u0105zane z ewakuacj\u0105 personelu ONZ po wybuchu kolejnej wojny domowej w Liberii.<\/p>\n<p>\u015awiat wydawa\u0142 si\u0119 pe\u0142en napi\u0119\u0107 i przemian. Zaledwie kilka dni wcze\u015bniej obchodzono pierwsz\u0105 rocznic\u0119 demonstracji i masakry na placu Tian&#8217;anmen w Pekinie. Nikt nie by\u0142 w stanie przewidzie\u0107, co przyniesie przysz\u0142o\u015b\u0107.<\/p>\n<figure itemscope itemtype=\"https:\/\/schema.org\/ImageObject\">\n\t\t\t\t<img decoding=\"async\" src=\"https:\/\/shrimataji.org\/test\/wp-content\/uploads\/2018\/07\/media_originals\/images\/shri-mataji-portraits\/shri-mataji-nirmala-devi-portrait-smiling-1024x681.jpg\" alt=\"shri-mataji-nirmala-devi-portrait-smiling\" height=\"681\" width=\"1024\" height=\"681\" width=\"1024\" title=\"shri-mataji-nirmala-devi-portrait-smiling\" onerror=\"this.style.display='none'\" loading=\"lazy\" \/>\n\t<\/figure>\n\t<p>W ci\u0105gu kolejnych dwunastu miesi\u0119cy Zwi\u0105zek Radziecki przesta\u0142 istnie\u0107, a jego miejsce zaj\u0119\u0142a Wsp\u00f3lnota Niepodleg\u0142ych Pa\u0144stw. Po upadku muru berli\u0144skiego odby\u0142y si\u0119 wolne wybory w Rumunii. W ci\u0105gu niespe\u0142na czterech miesi\u0119cy Niemcy Wschodnie i Zachodnie mia\u0142y si\u0119 ponownie zjednoczy\u0107. A w mniej ni\u017c dwa miesi\u0105ce p\u00f3\u017aniej Irak dokona\u0142 inwazji na Kuwejt. Budynek ONZ wkr\u00f3tce sta\u0142 si\u0119 jeszcze bardziej intensywnym miejscem dzia\u0142a\u0144. Tym bardziej by\u0142 to moment, by si\u0119 zatrzyma\u0107 i pos\u0142ucha\u0107.<\/p>\n<p>Tego \u015brodowego wieczoru \u015ari Matad\u017ai przemawia\u0142a spokojnie do zgromadzonych. Jej ton by\u0142 serdeczny i bezpo\u015bredni. Dobiera\u0142a s\u0142owa tak, aby odpowiada\u0142y potrzebom s\u0142uchaczy, m\u00f3wi\u0105c jednocze\u015bnie w spos\u00f3b obejmuj\u0105cy zar\u00f3wno wymiar globalny, jak i osobisty.<\/p>\n\t<div class=\"su-quote su-quote-style-default\"><div class=\"su-quote-inner su-u-clearfix su-u-trim\">Moje przes\u0142anie dla ludzko\u015bci jest takie, \u017ce wszyscy powinni\u015bcie si\u0119 przemieni\u0107 &#8211; powinni\u015bcie sta\u0107 si\u0119 Duchem. W ten spos\u00f3b poznacie samych siebie.<\/div><\/div>\n\t<p>Podczas swojego wyst\u0105pienia \u015ari Matad\u017ai m\u00f3wi\u0142a o prawdzie oraz o potrzebie urzeczywistnienia zbiorowej idei Organizacji Narod\u00f3w Zjednoczonych. Wskazywa\u0142a tak\u017ce na rol\u0119 Kundalini w tym procesie.<\/p>\n<p>\u201eM\u00f3wimy o problemach ekologicznych &#8211; o tym czy tamtym &#8211; ale nie zastanawiamy si\u0119, jak si\u0119 z nich wydosta\u0107. Je\u015bli Organizacja Narod\u00f3w Zjednoczonych ma rzeczywi\u015bcie urzeczywistni\u0107 swoje cele, to jej cz\u0142onkowie powinni najpierw osi\u0105gn\u0105\u0107 samorealizacj\u0119, a wtedy zrozumiej\u0105, kim s\u0105&#8230; Maj\u0105 tak wiele mo\u017cliwo\u015bci i tak wiele mocy, kt\u00f3re mog\u0105 wykorzysta\u0107. A t\u0105 moc\u0105 jest mi\u0142o\u015b\u0107.&#8221;<\/p>\n\t<p>Na zako\u0144czenie swojego wyst\u0105pienia przekaza\u0142a samorealizacj\u0119. Niemal nikt nie opu\u015bci\u0142 sali przed do\u015bwiadczeniem tego stanu i osobistym spotkaniem ze \u015ari Matad\u017ai. Wi\u0119kszo\u015b\u0107 zapisa\u0142a si\u0119 na dalsze spotkania medytacyjne.<\/p>\n<p>W tygodniu poprzedzaj\u0105cym wyst\u0105pienie w ONZ \u015ari Matad\u017ai wyg\u0142osi\u0142a podobne wyk\u0142ady w Miami i San Diego. Na pocz\u0105tku roku przemawia\u0142a w Australii, Indiach, W\u0142oszech, Nowej Zelandii, Rosji, Singapurze i Wielkiej Brytanii. Konferencja medyczna w Moskwie, konferencje prasowe w Kalkucie, Perth, Melbourne, Cairns, Sydney, Bangalore, Hajdarabadzie, D\u017cajpurze, Leningradzie i Auckland &#8211; liczba jej wyst\u0105pie\u0144 w tym roku zbli\u017ca\u0142a si\u0119 ju\u017c do stu, a by\u0142 dopiero czerwiec.<\/p>\n<p>Do ko\u0144ca roku \u015ari Matad\u017ai odwiedzi\u0142a ponad 200 miejsc w 26 krajach na ca\u0142ym \u015bwiecie. \u0141\u0105czny dystans jej podr\u00f3\u017cy w 1990 roku przekroczy\u0142 135 000 kilometr\u00f3w &#8211; by\u0142a to trasa, kt\u00f3ra dla wi\u0119kszo\u015bci ludzi by\u0142aby niezwykle wyczerpuj\u0105ca. A jednak na tym si\u0119 nie ko\u0144czy\u0142o &#8211; opr\u00f3cz zaplanowanych wyst\u0105pie\u0144 odbywa\u0142y si\u0119 liczne spontaniczne spotkania w domach, na lotniskach, w salach i szko\u0142ach. Ka\u017cda rozmowa i ka\u017cde wyst\u0105pienie by\u0142y inne, a zarazem nios\u0142y to samo &#8211; trosk\u0119 i g\u0142\u0119bi\u0119, humor i mi\u0142o\u015b\u0107. Wszystkie s\u0142u\u017cy\u0142y jednemu celowi: wskazaniu drogi duchowego wzniesienia.<\/p>\n<p>Podczas gdy kto\u015b m\u00f3g\u0142by powiedzie\u0107: \u201eB\u0105d\u017a lepsz\u0105 wersj\u0105 siebie&#8221;, \u015ari Matad\u017ai si\u0119ga\u0142a jeszcze wy\u017cej: \u201eSta\u0144 si\u0119 swoim prawdziwym Ja&#8221;.<\/p>\nI nie by\u0142 to wyj\u0105tkowy rok. Od ko\u0144ca lat 70., przez lata 80. i 90., a\u017c po pocz\u0105tek nowego stulecia, jej podr\u00f3\u017ce, dzia\u0142alno\u015b\u0107 i wysi\u0142ki na rzecz stworzenia lepszego \u015bwiata trwa\u0142y nieprzerwanie. Cho\u0107 prasa rzadko je odnotowywa\u0142a, by\u0142y one dostrzegane przez tych, kt\u00f3rzy poszukiwali o\u015bwiecenia w metanowoczesnym \u015bwiecie.\n\n","protected":false},"excerpt":{"rendered":"<p>Zjednoczenie narod\u00f3w Globalna przemiana &#8211; ponad granicami Publiczno\u015b\u0107 w Audytorium Daga Hammarskj\u00f6lda by\u0142a niewielka. Wczesnym wieczorem oko\u0142o pi\u0119\u0107dziesi\u0119ciu pracownik\u00f3w zgromadzi\u0142o si\u0119 w \u015bredniej wielko\u015bci sali. Zaledwie dwa dni wcze\u015bniej przy ONZ zosta\u0142o oficjalnie utworzone i zatwierdzone nowe Towarzystwo Medytacji Sahad\u017aa Jogi, a teraz jego cz\u0142onkowie zebrali si\u0119, aby wys\u0142ucha\u0107 g\u0142\u00f3wnego wyst\u0105pienia. By\u0142a to chwila wytchnienia&hellip; <br \/> <a class=\"read-more\" href=\"https:\/\/shrimataji.org\/test\/pl\/zjednoczenie-narodow\/\">Read more<\/a><\/p>\n","protected":false},"author":1,"featured_media":38048,"parent":0,"menu_order":0,"comment_status":"closed","ping_status":"closed","template":"","meta":{"inline_featured_image":false,"footnotes":""},"class_list":["post-38047","page","type-page","status-publish","has-post-thumbnail","hentry"],"yoast_head":"<!-- This site is optimized with the Yoast SEO plugin v27.4 - https:\/\/yoast.com\/product\/yoast-seo-wordpress\/ -->\n<title>Zjednoczenie narod\u00f3w - TEST - SMND<\/title>\n<meta name=\"robots\" content=\"noindex, follow, max-snippet:-1, max-image-preview:large, max-video-preview:-1\" \/>\n<meta property=\"og:locale\" content=\"en_US\" \/>\n<meta property=\"og:type\" content=\"article\" \/>\n<meta property=\"og:title\" content=\"Zjednoczenie narod\u00f3w - TEST - SMND\" \/>\n<meta property=\"og:description\" content=\"Zjednoczenie narod\u00f3w Globalna przemiana &#8211; ponad granicami Publiczno\u015b\u0107 w Audytorium Daga Hammarskj\u00f6lda by\u0142a niewielka. Wczesnym wieczorem oko\u0142o pi\u0119\u0107dziesi\u0119ciu pracownik\u00f3w zgromadzi\u0142o si\u0119 w \u015bredniej wielko\u015bci sali. Zaledwie dwa dni wcze\u015bniej przy ONZ zosta\u0142o oficjalnie utworzone i zatwierdzone nowe Towarzystwo Medytacji Sahad\u017aa Jogi, a teraz jego cz\u0142onkowie zebrali si\u0119, aby wys\u0142ucha\u0107 g\u0142\u00f3wnego wyst\u0105pienia. By\u0142a to chwila wytchnienia&hellip; Read more\" \/>\n<meta property=\"og:url\" content=\"https:\/\/shrimataji.org\/test\/pl\/zjednoczenie-narodow\/\" \/>\n<meta property=\"og:site_name\" content=\"TEST - SMND\" \/>\n<meta property=\"article:publisher\" content=\"https:\/\/www.facebook.com\/shrimataji\" \/>\n<meta property=\"article:modified_time\" content=\"2026-04-15T09:31:03+00:00\" \/>\n<meta property=\"og:image\" content=\"https:\/\/shrimataji.org\/test\/wp-content\/uploads\/2018\/07\/media_originals\/images\/headers-general\/shri-mataji-nirmala-devi-arrives-near-vienna-austria-2009.jpg\" \/>\n\t<meta property=\"og:image:width\" content=\"990\" \/>\n\t<meta property=\"og:image:height\" content=\"350\" \/>\n\t<meta property=\"og:image:type\" content=\"image\/jpeg\" \/>\n<meta name=\"twitter:card\" content=\"summary_large_image\" \/>\n<meta name=\"twitter:site\" content=\"@shrimataji\" \/>\n<script type=\"application\/ld+json\" class=\"yoast-schema-graph\">{\"@context\":\"https:\\\/\\\/schema.org\",\"@graph\":[{\"@type\":\"WebPage\",\"@id\":\"https:\\\/\\\/shrimataji.org\\\/test\\\/pl\\\/zjednoczenie-narodow\\\/\",\"url\":\"https:\\\/\\\/shrimataji.org\\\/test\\\/pl\\\/zjednoczenie-narodow\\\/\",\"name\":\"Zjednoczenie narod\u00f3w - TEST - SMND\",\"isPartOf\":{\"@id\":\"https:\\\/\\\/shrimataji.org\\\/test\\\/#website\"},\"primaryImageOfPage\":{\"@id\":\"https:\\\/\\\/shrimataji.org\\\/test\\\/pl\\\/zjednoczenie-narodow\\\/#primaryimage\"},\"image\":{\"@id\":\"https:\\\/\\\/shrimataji.org\\\/test\\\/pl\\\/zjednoczenie-narodow\\\/#primaryimage\"},\"thumbnailUrl\":\"https:\\\/\\\/shrimataji.org\\\/test\\\/wp-content\\\/uploads\\\/2018\\\/07\\\/media_originals\\\/images\\\/headers-general\\\/shri-mataji-nirmala-devi-arrives-near-vienna-austria-2009.jpg\",\"datePublished\":\"2011-10-05T02:00:00+00:00\",\"dateModified\":\"2026-04-15T09:31:03+00:00\",\"breadcrumb\":{\"@id\":\"https:\\\/\\\/shrimataji.org\\\/test\\\/pl\\\/zjednoczenie-narodow\\\/#breadcrumb\"},\"inLanguage\":\"en-US\",\"potentialAction\":[{\"@type\":\"ReadAction\",\"target\":[\"https:\\\/\\\/shrimataji.org\\\/test\\\/pl\\\/zjednoczenie-narodow\\\/\"]}]},{\"@type\":\"ImageObject\",\"inLanguage\":\"en-US\",\"@id\":\"https:\\\/\\\/shrimataji.org\\\/test\\\/pl\\\/zjednoczenie-narodow\\\/#primaryimage\",\"url\":\"https:\\\/\\\/shrimataji.org\\\/test\\\/wp-content\\\/uploads\\\/2018\\\/07\\\/media_originals\\\/images\\\/headers-general\\\/shri-mataji-nirmala-devi-arrives-near-vienna-austria-2009.jpg\",\"contentUrl\":\"https:\\\/\\\/shrimataji.org\\\/test\\\/wp-content\\\/uploads\\\/2018\\\/07\\\/media_originals\\\/images\\\/headers-general\\\/shri-mataji-nirmala-devi-arrives-near-vienna-austria-2009.jpg\",\"width\":990,\"height\":350},{\"@type\":\"BreadcrumbList\",\"@id\":\"https:\\\/\\\/shrimataji.org\\\/test\\\/pl\\\/zjednoczenie-narodow\\\/#breadcrumb\",\"itemListElement\":[{\"@type\":\"ListItem\",\"position\":1,\"name\":\"Home\",\"item\":\"https:\\\/\\\/shrimataji.org\\\/test\\\/uk\\\/home-en\\\/\"},{\"@type\":\"ListItem\",\"position\":2,\"name\":\"Zjednoczenie narod\u00f3w\"}]},{\"@type\":\"WebSite\",\"@id\":\"https:\\\/\\\/shrimataji.org\\\/test\\\/#website\",\"url\":\"https:\\\/\\\/shrimataji.org\\\/test\\\/\",\"name\":\"Shri Mataji Nirmala Devi\",\"description\":\"A Life Dedicated to Humanity\",\"publisher\":{\"@id\":\"https:\\\/\\\/shrimataji.org\\\/test\\\/#\\\/schema\\\/person\\\/a1b3419c6585f164aa96da1ff85715d1\"},\"potentialAction\":[{\"@type\":\"SearchAction\",\"target\":{\"@type\":\"EntryPoint\",\"urlTemplate\":\"https:\\\/\\\/shrimataji.org\\\/test\\\/?s={search_term_string}\"},\"query-input\":{\"@type\":\"PropertyValueSpecification\",\"valueRequired\":true,\"valueName\":\"search_term_string\"}}],\"inLanguage\":\"en-US\"},{\"@type\":[\"Person\",\"Organization\"],\"@id\":\"https:\\\/\\\/shrimataji.org\\\/test\\\/#\\\/schema\\\/person\\\/a1b3419c6585f164aa96da1ff85715d1\",\"name\":\"Nirmala Shrivastava\",\"image\":{\"@type\":\"ImageObject\",\"inLanguage\":\"en-US\",\"@id\":\"https:\\\/\\\/shrimataji.org\\\/test\\\/wp-content\\\/uploads\\\/2023\\\/02\\\/SMO_LOGO-03.svg\",\"url\":\"https:\\\/\\\/shrimataji.org\\\/test\\\/wp-content\\\/uploads\\\/2023\\\/02\\\/SMO_LOGO-03.svg\",\"contentUrl\":\"https:\\\/\\\/shrimataji.org\\\/test\\\/wp-content\\\/uploads\\\/2023\\\/02\\\/SMO_LOGO-03.svg\",\"width\":\"1024\",\"height\":\"1024\",\"caption\":\"Nirmala Shrivastava\"},\"logo\":{\"@id\":\"https:\\\/\\\/shrimataji.org\\\/test\\\/wp-content\\\/uploads\\\/2023\\\/02\\\/SMO_LOGO-03.svg\"},\"sameAs\":[\"https:\\\/\\\/shrimataji.org\\\/test\",\"https:\\\/\\\/www.facebook.com\\\/shrimataji\",\"https:\\\/\\\/x.com\\\/shrimataji\",\"https:\\\/\\\/www.youtube.com\\\/@Shri_Mataji_Nirmala_Devi\\\/featured\"]}]}<\/script>\n<!-- \/ Yoast SEO plugin. -->","yoast_head_json":{"title":"Zjednoczenie narod\u00f3w - TEST - SMND","robots":{"index":"noindex","follow":"follow","max-snippet":"max-snippet:-1","max-image-preview":"max-image-preview:large","max-video-preview":"max-video-preview:-1"},"og_locale":"en_US","og_type":"article","og_title":"Zjednoczenie narod\u00f3w - TEST - SMND","og_description":"Zjednoczenie narod\u00f3w Globalna przemiana &#8211; ponad granicami Publiczno\u015b\u0107 w Audytorium Daga Hammarskj\u00f6lda by\u0142a niewielka. Wczesnym wieczorem oko\u0142o pi\u0119\u0107dziesi\u0119ciu pracownik\u00f3w zgromadzi\u0142o si\u0119 w \u015bredniej wielko\u015bci sali. Zaledwie dwa dni wcze\u015bniej przy ONZ zosta\u0142o oficjalnie utworzone i zatwierdzone nowe Towarzystwo Medytacji Sahad\u017aa Jogi, a teraz jego cz\u0142onkowie zebrali si\u0119, aby wys\u0142ucha\u0107 g\u0142\u00f3wnego wyst\u0105pienia. By\u0142a to chwila wytchnienia&hellip; Read more","og_url":"https:\/\/shrimataji.org\/test\/pl\/zjednoczenie-narodow\/","og_site_name":"TEST - SMND","article_publisher":"https:\/\/www.facebook.com\/shrimataji","article_modified_time":"2026-04-15T09:31:03+00:00","og_image":[{"width":990,"height":350,"url":"https:\/\/shrimataji.org\/test\/wp-content\/uploads\/2018\/07\/media_originals\/images\/headers-general\/shri-mataji-nirmala-devi-arrives-near-vienna-austria-2009.jpg","type":"image\/jpeg"}],"twitter_card":"summary_large_image","twitter_site":"@shrimataji","schema":{"@context":"https:\/\/schema.org","@graph":[{"@type":"WebPage","@id":"https:\/\/shrimataji.org\/test\/pl\/zjednoczenie-narodow\/","url":"https:\/\/shrimataji.org\/test\/pl\/zjednoczenie-narodow\/","name":"Zjednoczenie narod\u00f3w - TEST - SMND","isPartOf":{"@id":"https:\/\/shrimataji.org\/test\/#website"},"primaryImageOfPage":{"@id":"https:\/\/shrimataji.org\/test\/pl\/zjednoczenie-narodow\/#primaryimage"},"image":{"@id":"https:\/\/shrimataji.org\/test\/pl\/zjednoczenie-narodow\/#primaryimage"},"thumbnailUrl":"https:\/\/shrimataji.org\/test\/wp-content\/uploads\/2018\/07\/media_originals\/images\/headers-general\/shri-mataji-nirmala-devi-arrives-near-vienna-austria-2009.jpg","datePublished":"2011-10-05T02:00:00+00:00","dateModified":"2026-04-15T09:31:03+00:00","breadcrumb":{"@id":"https:\/\/shrimataji.org\/test\/pl\/zjednoczenie-narodow\/#breadcrumb"},"inLanguage":"en-US","potentialAction":[{"@type":"ReadAction","target":["https:\/\/shrimataji.org\/test\/pl\/zjednoczenie-narodow\/"]}]},{"@type":"ImageObject","inLanguage":"en-US","@id":"https:\/\/shrimataji.org\/test\/pl\/zjednoczenie-narodow\/#primaryimage","url":"https:\/\/shrimataji.org\/test\/wp-content\/uploads\/2018\/07\/media_originals\/images\/headers-general\/shri-mataji-nirmala-devi-arrives-near-vienna-austria-2009.jpg","contentUrl":"https:\/\/shrimataji.org\/test\/wp-content\/uploads\/2018\/07\/media_originals\/images\/headers-general\/shri-mataji-nirmala-devi-arrives-near-vienna-austria-2009.jpg","width":990,"height":350},{"@type":"BreadcrumbList","@id":"https:\/\/shrimataji.org\/test\/pl\/zjednoczenie-narodow\/#breadcrumb","itemListElement":[{"@type":"ListItem","position":1,"name":"Home","item":"https:\/\/shrimataji.org\/test\/uk\/home-en\/"},{"@type":"ListItem","position":2,"name":"Zjednoczenie narod\u00f3w"}]},{"@type":"WebSite","@id":"https:\/\/shrimataji.org\/test\/#website","url":"https:\/\/shrimataji.org\/test\/","name":"Shri Mataji Nirmala Devi","description":"A Life Dedicated to Humanity","publisher":{"@id":"https:\/\/shrimataji.org\/test\/#\/schema\/person\/a1b3419c6585f164aa96da1ff85715d1"},"potentialAction":[{"@type":"SearchAction","target":{"@type":"EntryPoint","urlTemplate":"https:\/\/shrimataji.org\/test\/?s={search_term_string}"},"query-input":{"@type":"PropertyValueSpecification","valueRequired":true,"valueName":"search_term_string"}}],"inLanguage":"en-US"},{"@type":["Person","Organization"],"@id":"https:\/\/shrimataji.org\/test\/#\/schema\/person\/a1b3419c6585f164aa96da1ff85715d1","name":"Nirmala Shrivastava","image":{"@type":"ImageObject","inLanguage":"en-US","@id":"https:\/\/shrimataji.org\/test\/wp-content\/uploads\/2023\/02\/SMO_LOGO-03.svg","url":"https:\/\/shrimataji.org\/test\/wp-content\/uploads\/2023\/02\/SMO_LOGO-03.svg","contentUrl":"https:\/\/shrimataji.org\/test\/wp-content\/uploads\/2023\/02\/SMO_LOGO-03.svg","width":"1024","height":"1024","caption":"Nirmala Shrivastava"},"logo":{"@id":"https:\/\/shrimataji.org\/test\/wp-content\/uploads\/2023\/02\/SMO_LOGO-03.svg"},"sameAs":["https:\/\/shrimataji.org\/test","https:\/\/www.facebook.com\/shrimataji","https:\/\/x.com\/shrimataji","https:\/\/www.youtube.com\/@Shri_Mataji_Nirmala_Devi\/featured"]}]}},"lang":"pl","translations":{"pl":38047,"ur":37530,"en":445,"am":18105,"th":20104,"hu":19602,"ar":17001,"sq":18506,"zh":17403,"tr":10228,"pt":10435,"de":10710,"fr":10808,"it":10906,"es":11002,"ja":11300,"ru":11488,"bn":11680,"te":11788,"sw":11911,"he":12059,"el":12351,"sk":12449,"fa":12547,"fi":12645,"bg":13508,"ro":14583,"cs":14776,"nl":16665,"ku":16825,"be":18713,"kn":18987,"mr":20468,"uk":20761,"ml":21056,"ta":22824,"sv":23093,"gu":28928,"pa":29088,"fil":29542,"da":37837,"nn":38389},"pll_sync_post":[],"_links":{"self":[{"href":"https:\/\/shrimataji.org\/test\/wp-json\/wp\/v2\/pages\/38047","targetHints":{"allow":["GET"]}}],"collection":[{"href":"https:\/\/shrimataji.org\/test\/wp-json\/wp\/v2\/pages"}],"about":[{"href":"https:\/\/shrimataji.org\/test\/wp-json\/wp\/v2\/types\/page"}],"author":[{"embeddable":true,"href":"https:\/\/shrimataji.org\/test\/wp-json\/wp\/v2\/users\/1"}],"replies":[{"embeddable":true,"href":"https:\/\/shrimataji.org\/test\/wp-json\/wp\/v2\/comments?post=38047"}],"version-history":[{"count":0,"href":"https:\/\/shrimataji.org\/test\/wp-json\/wp\/v2\/pages\/38047\/revisions"}],"wp:featuredmedia":[{"embeddable":true,"href":"https:\/\/shrimataji.org\/test\/wp-json\/wp\/v2\/media\/38048"}],"wp:attachment":[{"href":"https:\/\/shrimataji.org\/test\/wp-json\/wp\/v2\/media?parent=38047"}],"curies":[{"name":"wp","href":"https:\/\/api.w.org\/{rel}","templated":true}]}}