{"id":418,"date":"2018-07-10T06:54:46","date_gmt":"2018-07-10T06:54:46","guid":{"rendered":"http:\/\/testwordpress.nirmalnagari.org\/smnd\/index.php\/a-pivotal-moment\/"},"modified":"2025-04-23T16:48:55","modified_gmt":"2025-04-23T16:48:55","slug":"ratkaiseva-hetki","status":"publish","type":"page","link":"https:\/\/shrimataji.org\/test\/fi\/ratkaiseva-hetki\/","title":{"rendered":"Ratkaiseva hetki"},"content":{"rendered":"\n\n\t<h1>Ratkaiseva hetki<\/h1>\n<h2>Puhtaan muodonmuutoksen ikuinen hetki<\/h2>\n\t<h4>Toukokuun 5. p\u00e4iv\u00e4n\u00e4 1970 Intian l\u00e4nsirannikolla Mumbain l\u00e4hell\u00e4 sijaitsevassa Nargolin merenrantakyl\u00e4ss\u00e4 tapahtui ainutlaatuinen tapahtuma: Sahasrara, limbisen alueen energiakeskus, avautui.<\/h4>\n\t<p>T\u00e4m\u00e4n tapahtuman merkityst\u00e4 ei voi liikaa korostaa. Kaikki, mit\u00e4 Shri Matajin henkisess\u00e4 perinn\u00f6ss\u00e4 seurasi, juontaa juurensa tuosta tapahtumasta. Kuten t\u00e4rke\u00e4 tieteellinen l\u00f6yt\u00f6 tai kaunis taideteos, t\u00e4m\u00e4 ennenn\u00e4kem\u00e4t\u00f6n l\u00e4pimurto on heijastunut l\u00e4pi vuosien ja vaikuttanut kaikkiin, jotka ovat joutuneet kosketuksiin H\u00e4nen ty\u00f6ns\u00e4 ja visionsa kanssa.<\/p>\n<p>Shri Matajin l\u00f6yt\u00f6 oli ja on ainutlaatuinen. Sahasraran avautuminen on puhtaan muodonmuutoksen hetki, ja se tarjoaa ihmisolennoille menetelm\u00e4n p\u00e4\u00e4st\u00e4 rajojensa yli ja yhdisty\u00e4 johonkin suurempaan. Tapahtuma ja sen tarjoama tietoisuus oli se, mit\u00e4 H\u00e4n oli odottanut.<\/p>\n<p>&#8220;Etsin tapoja ja menetelmi\u00e4&#8221;, H\u00e4n selitti, &#8220;ty\u00f6stin niit\u00e4 sis\u00e4ll\u00e4ni oman meditaationi kautta siin\u00e4 mieless\u00e4, ett\u00e4 selvitin kaikki mahdolliset muunnelmat ja yhdistelm\u00e4t. Kun tapasin yhden ihmisen, n\u00e4in, mit\u00e4 ongelmia h\u00e4nell\u00e4 oli ja miten h\u00e4n voisi voittaa ne. Yritin tutkia tuota henkil\u00f6\u00e4 sis\u00e4lt\u00e4p\u00e4in.&#8221;<\/p>\n\t\t\t\t<img loading=\"lazy\" decoding=\"async\" src=\"https:\/\/shrimataji.org\/test\/wp-content\/uploads\/2018\/07\/media_originals\/images\/shri-mataji-portraits\/mother-ocean.jpg\" alt=\"mother-ocean\" itemprop=\"image\" height=\"541\" width=\"721\" title=\"mother-ocean\" onerror=\"this.style.display='none'\"  \/>\n\t<p>Shri Mataji tiesi, ett\u00e4 avain inhimillisen ongelman ymm\u00e4rt\u00e4miseen piilee ikivanhassa tiedossa hienojakoisesta kehosta. T\u00e4m\u00e4 fyysisen kehon takana oleva keho on todellinen, ja se koostuu kanavista, energiakeskuksista ja prim\u00e4\u00e4risest\u00e4 energial\u00e4hteest\u00e4, joka tunnetaan nimell\u00e4 Kundaliini. Sen toiminnot ja rakenne heijastavat tieteen tuntemaa fyysist\u00e4 j\u00e4rjestelm\u00e4\u00e4, mutta hienovaraisemmalla tasolla.<\/p>\n<p>&#8220;N\u00e4in kaiken, mit\u00e4 siell\u00e4 tapahtui&#8221;, H\u00e4n muisteli. &#8220;Se oli se p\u00e4iv\u00e4, jolloin sanoin, ett\u00e4 Minun on jotenkin avattava viimeinen chakra.&#8221;<\/p>\n<p>T\u00e4m\u00e4 chakra tai energiakeskus tunnetaan sanskritiksi nimell\u00e4 Sahasrara, ja sen sijaintipaikka on aivojen limbisell\u00e4 alueella. T\u00e4m\u00e4n energiakeskuksen avautuminen oli tekij\u00e4, joka k\u00e4ynnisti kaiken, se oli portti totuuteen.<\/p>\n\t\t\t\t<img loading=\"lazy\" decoding=\"async\" src=\"https:\/\/shrimataji.org\/test\/wp-content\/uploads\/2018\/07\/media_originals\/images\/shri-mataji-portraits\/shri-mataji-looking.jpg\" alt=\"shri-mataji-looking\" itemprop=\"image\" height=\"541\" width=\"721\" title=\"shri-mataji-looking\" onerror=\"this.style.display='none'\"  \/>\n\t<p>&#8220;Olin aivan yksin ja tunsin oloni eritt\u00e4in hyv\u00e4ksi. Kukaan ei ollut siell\u00e4 sanomassa sanaakaan. Sitten meditoidessani tunsin, ett\u00e4 oli tullut aika, jolloin Sahasrara oli avattava. Sill\u00e4 hetkell\u00e4, kun halusin Sahasraran avautumista, huomasin, ett\u00e4 Kundaliini nousi sis\u00e4ll\u00e4ni kuin teleskooppi, avautui kerta toisensa j\u00e4lkeen ja nousi yl\u00f6sp\u00e4in. V\u00e4rilt\u00e4\u00e4n se oli kuin sula, tulikuuma rauta.&#8221;<\/p>\n<p>&#8220;Sitten n\u00e4in Kundaliinin ulkoisen muodon, joka nousi yl\u00f6sp\u00e4in ja synnytti \u00e4\u00e4ni\u00e4 jokaisessa chakrassa. Kundaliini nousi yl\u00f6s ja l\u00e4visti Brahmarandran.&#8221;<\/p>\n<p>Brahmarandra on fontanellin alue p\u00e4\u00e4laella. Shri Matajin kuvaama kokemus oli itseoivallus, tiedon ja tietoisuuden puhkeaminen kukkaan, jota niin monet toivovat. H\u00e4n puhui kohtalosta, jota niin monet tavoittelevat, palkinnosta, johon yleens\u00e4 liittyy vuosien omistautuminen ja ty\u00f6.<\/p>\n\t<p>&#8220;Tunsin sill\u00e4 hetkell\u00e4, ett\u00e4 mik\u00e4 tahansa energia siell\u00e4 ylh\u00e4\u00e4ll\u00e4 olikaan, se tuli yht\u00e4kki\u00e4 sisimp\u00e4\u00e4ni kuin viile\u00e4 tuulahdus joka suunnasta. N\u00e4in, ett\u00e4 koko asia avautui, ja suuri tuulen kaatosade alkoi virrata p\u00e4\u00e4ni l\u00e4pi kaikkialle. Tunsin, ett\u00e4 olin nyt h\u00e4vinnyt, Minua ei en\u00e4\u00e4 ollut. Oli vain armo. N\u00e4in sen tapahtuvan Minulle t\u00e4ydellisesti.&#8221;<\/p>\n\t<p>Shri Mataji tiesi, ett\u00e4 t\u00e4m\u00e4 itseoivalluksen kokemus, t\u00e4m\u00e4 korkeampi tieto, oli jaettava maailman kanssa.<\/p>\n<p>&#8220;Silloin tajusin, ettei ty\u00f6n aloittamiselle ollut mit\u00e4\u00e4n estett\u00e4. H\u00e4mmennys oli ohi. Vihdoinkin oli tullut aika. Ei ollut mit\u00e4\u00e4n pel\u00e4tt\u00e4v\u00e4\u00e4. Viimeinkin t\u00e4m\u00e4 oli teht\u00e4v\u00e4. Olin tullut t\u00e4h\u00e4n maailmaan vain t\u00e4t\u00e4 tarkoitusta varten, her\u00e4tt\u00e4\u00e4kseni ihmisten kollektiivisen tietoisuuden. Ajattelin, ett\u00e4 ennen kuin ihmiset saavat itseoivalluksensa tai ymm\u00e4rt\u00e4v\u00e4t oman Itsens\u00e4, t\u00e4m\u00e4 teht\u00e4v\u00e4 on mahdoton. Jos mit\u00e4 tahansa muuta olisi yritetty tehd\u00e4 t\u00e4ss\u00e4 maailmassa, siit\u00e4 ei olisi ollut mit\u00e4\u00e4n hy\u00f6ty\u00e4.<\/p>\n<p>Shri Mataji kuvaili, miten H\u00e4nen henkinen ty\u00f6ns\u00e4 alkoi. &#8220;Ty\u00f6stin sit\u00e4 er\u00e4\u00e4n vanhan rouvan kanssa, joka tunsi Minut hyvin. Kun h\u00e4n sai oivalluksensa, olin tyytyv\u00e4inen. Tunsin, ett\u00e4 monet muutkin voisivat saada oivalluksensa. Oli helppoa antaa oivallus yhdelle ihmiselle. Oli hyvin helppoa saada yksi ihminen tietoiseksi, mutta sen toteuttaminen kollektiivisella tasolla suurille joukoille vaati lis\u00e4\u00e4 ty\u00f6t\u00e4.<\/p>\n<p>Kaikkien oli saatava hy\u00f6ty yhdell\u00e4 oivalluksella, mutta on totta, ett\u00e4 t\u00e4m\u00e4ntyyppist\u00e4 toimintatapaa ei ollut koskaan aikaisemmin toteutettu kollektiivisella tasolla. Olin saavuttanut kaiken t\u00e4m\u00e4n meditaation avulla.&#8221;<\/p>\n<p>H\u00e4n jatkoi ty\u00f6t\u00e4\u00e4n vaivihkaa monen vuoden ajan ruohonjuuritasolla. &#8220;Kukaan ei koskaan tiennyt voimista, joita Minulla oli sis\u00e4ll\u00e4ni. Kukaan ei tuntenut Minua eik\u00e4 tiennyt Minusta mit\u00e4\u00e4n.&#8221; Useimmat ihmiset eiv\u00e4t my\u00f6sk\u00e4\u00e4n olleet valmistautuneet siihen, mit\u00e4 H\u00e4n sanoi. H\u00e4nen sanomansa, joka oli sek\u00e4 vallankumouksellinen ett\u00e4 rohkea, oli my\u00f6s perustavanlaatuinen haaste useimpien ihmisten k\u00e4sitykselle itsest\u00e4\u00e4n.<\/p>\n\t\t\t\t<img loading=\"lazy\" decoding=\"async\" src=\"https:\/\/shrimataji.org\/test\/wp-content\/uploads\/2018\/07\/media_originals\/images\/shri-mataji-portraits\/shri-mataji-nirmala-devi-831x1080.jpg\" alt=\"shri-mataji-nirmala-devi\" itemprop=\"image\" height=\"1080\" width=\"831\" title=\"shri-mataji-nirmala-devi\" onerror=\"this.style.display='none'\"  \/>\n\t<p>&#8220;Mutta kun Kundaliini her\u00e4si tuossa naisessa&#8221;, Shri Mataji muisteli, &#8220;tunsin, ett\u00e4 jonkinlainen hienojakoinen voima oli mennyt h\u00e4neen. Sitten kaksitoista muuta sai oivalluksensa. He h\u00e4mm\u00e4styiv\u00e4t, kun heid\u00e4n silm\u00e4ns\u00e4 alkoivat loistaa. He alkoivat oivaltaa ja n\u00e4hd\u00e4 kaiken selv\u00e4sti heihin tulleen ainutlaatuisen herkkyyden voimasta, jonka avulla he pystyiv\u00e4t tuntemaan kaiken.&#8221;<\/p>\n\t\t\t\t<img loading=\"lazy\" decoding=\"async\" src=\"https:\/\/shrimataji.org\/test\/wp-content\/uploads\/2018\/07\/media_originals\/images\/shri-mataji-teaching-sahaja-yoga\/shri-mataji-nirmala-devi-teaching-sahaja-yoga-meditation-in-india.jpg\" alt=\"shri-mataji-nirmala-devi-teaching-sahaja-yoga-meditation-in-india\" itemprop=\"image\" height=\"541\" width=\"721\" title=\"shri-mataji-nirmala-devi-teaching-sahaja-yoga-meditation-in-india\" onerror=\"this.style.display='none'\"  \/>\n\t<p>Itseoivalluksen kautta ihmisist\u00e4 tuli heid\u00e4n todellinen Itsens\u00e4. He oivalsivat sen, mit\u00e4 he eiv\u00e4t olleet aiemmin tienneet. He alkoivat n\u00e4hd\u00e4 itsens\u00e4 toisissaan. Ja sen my\u00f6t\u00e4 alkoi todellinen yhdentyminen.<\/p>\n<p>&#8220;Tajusin varmasti yhden asian, ett\u00e4 n\u00e4ill\u00e4 kahdellatoista ihmisell\u00e4 oli kaksitoista erilaista luonnetta, ja jotenkin istumalla heid\u00e4n seurassaan heille olisi kerrottava, miten valon voima, joka hengell\u00e4 on hallussaan, olisi yhdistett\u00e4v\u00e4&#8221;, H\u00e4n kertoi. &#8220;Se on kuin pujotettaisiin kukkia yhdeksi seppeleeksi neulan avulla&#8230; Kun he saivat oivalluksensa, silloin huomasin, ett\u00e4 heid\u00e4n sis\u00e4ll\u00e4\u00e4n, jokaisen sis\u00e4ll\u00e4, se integroitui yhdeksi nauhaksi yksi toisensa j\u00e4lkeen.<\/p>\n\t<div class=\"su-quote su-quote-style-default\"><div class=\"su-quote-inner su-u-clearfix su-u-trim\">Aloitin yhdest\u00e4 naisesta. Sitten v\u00e4hitellen monet muutkin alkoivat saada oivalluksen. V\u00e4hitellen ty\u00f6 kehittyi, ja ihmiset huomasivat, ett\u00e4 t\u00e4ll\u00e4 tavalla voimme muuttaa itse\u00e4mme. Alettiin ymm\u00e4rt\u00e4\u00e4, ett\u00e4 Sahaja Yoga on jotain hyvin t\u00e4rke\u00e4\u00e4.<\/div><\/div>\n\t<iframe loading=\"lazy\" title=\"First Awakenings And Self Realization\" width=\"1920\" height=\"1080\" src=\"https:\/\/www.youtube.com\/embed\/EM8Bip5ObJo?feature=oembed\" frameborder=\"0\" allow=\"accelerometer; autoplay; clipboard-write; encrypted-media; gyroscope; picture-in-picture; web-share\" allowfullscreen><\/iframe>\n\t<iframe loading=\"lazy\" title=\"A Meeting That Gave Understanding\" width=\"1920\" height=\"1080\" src=\"https:\/\/www.youtube.com\/embed\/yKot6Plxn7Y?feature=oembed\" frameborder=\"0\" allow=\"accelerometer; autoplay; clipboard-write; encrypted-media; gyroscope; picture-in-picture; web-share\" allowfullscreen><\/iframe>\n\t<iframe loading=\"lazy\" title=\"Many Are Still Seeking The Truth\" width=\"1920\" height=\"1080\" src=\"https:\/\/www.youtube.com\/embed\/-KffEGsqep8?feature=oembed\" frameborder=\"0\" allow=\"accelerometer; autoplay; clipboard-write; encrypted-media; gyroscope; picture-in-picture; web-share\" allowfullscreen><\/iframe>\n\n","protected":false},"excerpt":{"rendered":"<p>Ratkaiseva hetki Puhtaan muodonmuutoksen ikuinen hetki Toukokuun 5. p\u00e4iv\u00e4n\u00e4 1970 Intian l\u00e4nsirannikolla Mumbain l\u00e4hell\u00e4 sijaitsevassa Nargolin merenrantakyl\u00e4ss\u00e4 tapahtui ainutlaatuinen tapahtuma: Sahasrara, limbisen alueen energiakeskus, avautui. T\u00e4m\u00e4n tapahtuman merkityst\u00e4 ei voi liikaa korostaa. Kaikki, mit\u00e4 Shri Matajin henkisess\u00e4 perinn\u00f6ss\u00e4 seurasi, juontaa juurensa tuosta tapahtumasta. Kuten t\u00e4rke\u00e4 tieteellinen l\u00f6yt\u00f6 tai kaunis taideteos, t\u00e4m\u00e4 ennenn\u00e4kem\u00e4t\u00f6n l\u00e4pimurto on heijastunut&hellip; <br \/> <a class=\"read-more\" href=\"https:\/\/shrimataji.org\/test\/fi\/ratkaiseva-hetki\/\">Read more<\/a><\/p>\n","protected":false},"author":29,"featured_media":9516,"parent":0,"menu_order":0,"comment_status":"closed","ping_status":"closed","template":"","meta":{"inline_featured_image":false,"footnotes":""},"class_list":["post-418","page","type-page","status-publish","has-post-thumbnail","hentry"],"yoast_head":"<!-- This site is optimized with the Yoast SEO plugin v27.4 - https:\/\/yoast.com\/product\/yoast-seo-wordpress\/ -->\n<title>Ratkaiseva hetki - TEST - SMND<\/title>\n<meta name=\"robots\" content=\"noindex, follow, max-snippet:-1, max-image-preview:large, max-video-preview:-1\" \/>\n<meta property=\"og:locale\" content=\"en_US\" \/>\n<meta property=\"og:type\" content=\"article\" \/>\n<meta property=\"og:title\" content=\"Ratkaiseva hetki - TEST - SMND\" \/>\n<meta property=\"og:description\" content=\"Ratkaiseva hetki Puhtaan muodonmuutoksen ikuinen hetki Toukokuun 5. p\u00e4iv\u00e4n\u00e4 1970 Intian l\u00e4nsirannikolla Mumbain l\u00e4hell\u00e4 sijaitsevassa Nargolin merenrantakyl\u00e4ss\u00e4 tapahtui ainutlaatuinen tapahtuma: Sahasrara, limbisen alueen energiakeskus, avautui. T\u00e4m\u00e4n tapahtuman merkityst\u00e4 ei voi liikaa korostaa. Kaikki, mit\u00e4 Shri Matajin henkisess\u00e4 perinn\u00f6ss\u00e4 seurasi, juontaa juurensa tuosta tapahtumasta. Kuten t\u00e4rke\u00e4 tieteellinen l\u00f6yt\u00f6 tai kaunis taideteos, t\u00e4m\u00e4 ennenn\u00e4kem\u00e4t\u00f6n l\u00e4pimurto on heijastunut&hellip; Read more\" \/>\n<meta property=\"og:url\" content=\"https:\/\/shrimataji.org\/test\/fi\/ratkaiseva-hetki\/\" \/>\n<meta property=\"og:site_name\" content=\"TEST - SMND\" \/>\n<meta property=\"article:publisher\" content=\"https:\/\/www.facebook.com\/shrimataji\" \/>\n<meta property=\"article:modified_time\" content=\"2025-04-23T16:48:55+00:00\" \/>\n<meta property=\"og:image\" content=\"https:\/\/shrimataji.org\/test\/wp-content\/uploads\/2023\/03\/11_Banner-PublicLife-PivotalMoment-scaled.jpg\" \/>\n\t<meta property=\"og:image:width\" content=\"2560\" \/>\n\t<meta property=\"og:image:height\" content=\"905\" \/>\n\t<meta property=\"og:image:type\" content=\"image\/jpeg\" \/>\n<meta name=\"twitter:card\" content=\"summary_large_image\" \/>\n<meta name=\"twitter:site\" content=\"@shrimataji\" \/>\n<meta name=\"twitter:label1\" content=\"Est. reading time\" \/>\n\t<meta name=\"twitter:data1\" content=\"5 minutes\" \/>\n<script type=\"application\/ld+json\" class=\"yoast-schema-graph\">{\"@context\":\"https:\\\/\\\/schema.org\",\"@graph\":[{\"@type\":\"WebPage\",\"@id\":\"https:\\\/\\\/shrimataji.org\\\/test\\\/fi\\\/ratkaiseva-hetki\\\/\",\"url\":\"https:\\\/\\\/shrimataji.org\\\/test\\\/fi\\\/ratkaiseva-hetki\\\/\",\"name\":\"Ratkaiseva hetki - TEST - SMND\",\"isPartOf\":{\"@id\":\"https:\\\/\\\/shrimataji.org\\\/test\\\/#website\"},\"primaryImageOfPage\":{\"@id\":\"https:\\\/\\\/shrimataji.org\\\/test\\\/fi\\\/ratkaiseva-hetki\\\/#primaryimage\"},\"image\":{\"@id\":\"https:\\\/\\\/shrimataji.org\\\/test\\\/fi\\\/ratkaiseva-hetki\\\/#primaryimage\"},\"thumbnailUrl\":\"https:\\\/\\\/shrimataji.org\\\/test\\\/wp-content\\\/uploads\\\/2023\\\/03\\\/11_Banner-PublicLife-PivotalMoment-scaled.jpg\",\"datePublished\":\"2018-07-10T06:54:46+00:00\",\"dateModified\":\"2025-04-23T16:48:55+00:00\",\"breadcrumb\":{\"@id\":\"https:\\\/\\\/shrimataji.org\\\/test\\\/fi\\\/ratkaiseva-hetki\\\/#breadcrumb\"},\"inLanguage\":\"en-US\",\"potentialAction\":[{\"@type\":\"ReadAction\",\"target\":[\"https:\\\/\\\/shrimataji.org\\\/test\\\/fi\\\/ratkaiseva-hetki\\\/\"]}]},{\"@type\":\"ImageObject\",\"inLanguage\":\"en-US\",\"@id\":\"https:\\\/\\\/shrimataji.org\\\/test\\\/fi\\\/ratkaiseva-hetki\\\/#primaryimage\",\"url\":\"https:\\\/\\\/shrimataji.org\\\/test\\\/wp-content\\\/uploads\\\/2023\\\/03\\\/11_Banner-PublicLife-PivotalMoment-scaled.jpg\",\"contentUrl\":\"https:\\\/\\\/shrimataji.org\\\/test\\\/wp-content\\\/uploads\\\/2023\\\/03\\\/11_Banner-PublicLife-PivotalMoment-scaled.jpg\",\"width\":2560,\"height\":905},{\"@type\":\"BreadcrumbList\",\"@id\":\"https:\\\/\\\/shrimataji.org\\\/test\\\/fi\\\/ratkaiseva-hetki\\\/#breadcrumb\",\"itemListElement\":[{\"@type\":\"ListItem\",\"position\":1,\"name\":\"Home\",\"item\":\"https:\\\/\\\/shrimataji.org\\\/test\\\/uk\\\/home-en\\\/\"},{\"@type\":\"ListItem\",\"position\":2,\"name\":\"Ratkaiseva hetki\"}]},{\"@type\":\"WebSite\",\"@id\":\"https:\\\/\\\/shrimataji.org\\\/test\\\/#website\",\"url\":\"https:\\\/\\\/shrimataji.org\\\/test\\\/\",\"name\":\"Shri Mataji Nirmala Devi\",\"description\":\"A Life Dedicated to Humanity\",\"publisher\":{\"@id\":\"https:\\\/\\\/shrimataji.org\\\/test\\\/#\\\/schema\\\/person\\\/a1b3419c6585f164aa96da1ff85715d1\"},\"potentialAction\":[{\"@type\":\"SearchAction\",\"target\":{\"@type\":\"EntryPoint\",\"urlTemplate\":\"https:\\\/\\\/shrimataji.org\\\/test\\\/?s={search_term_string}\"},\"query-input\":{\"@type\":\"PropertyValueSpecification\",\"valueRequired\":true,\"valueName\":\"search_term_string\"}}],\"inLanguage\":\"en-US\"},{\"@type\":[\"Person\",\"Organization\"],\"@id\":\"https:\\\/\\\/shrimataji.org\\\/test\\\/#\\\/schema\\\/person\\\/a1b3419c6585f164aa96da1ff85715d1\",\"name\":\"Nirmala Shrivastava\",\"image\":{\"@type\":\"ImageObject\",\"inLanguage\":\"en-US\",\"@id\":\"https:\\\/\\\/shrimataji.org\\\/test\\\/wp-content\\\/uploads\\\/2023\\\/02\\\/SMO_LOGO-03.svg\",\"url\":\"https:\\\/\\\/shrimataji.org\\\/test\\\/wp-content\\\/uploads\\\/2023\\\/02\\\/SMO_LOGO-03.svg\",\"contentUrl\":\"https:\\\/\\\/shrimataji.org\\\/test\\\/wp-content\\\/uploads\\\/2023\\\/02\\\/SMO_LOGO-03.svg\",\"width\":\"1024\",\"height\":\"1024\",\"caption\":\"Nirmala Shrivastava\"},\"logo\":{\"@id\":\"https:\\\/\\\/shrimataji.org\\\/test\\\/wp-content\\\/uploads\\\/2023\\\/02\\\/SMO_LOGO-03.svg\"},\"sameAs\":[\"https:\\\/\\\/shrimataji.org\\\/test\",\"https:\\\/\\\/www.facebook.com\\\/shrimataji\",\"https:\\\/\\\/x.com\\\/shrimataji\",\"https:\\\/\\\/www.youtube.com\\\/@Shri_Mataji_Nirmala_Devi\\\/featured\"]}]}<\/script>\n<!-- \/ Yoast SEO plugin. -->","yoast_head_json":{"title":"Ratkaiseva hetki - TEST - SMND","robots":{"index":"noindex","follow":"follow","max-snippet":"max-snippet:-1","max-image-preview":"max-image-preview:large","max-video-preview":"max-video-preview:-1"},"og_locale":"en_US","og_type":"article","og_title":"Ratkaiseva hetki - TEST - SMND","og_description":"Ratkaiseva hetki Puhtaan muodonmuutoksen ikuinen hetki Toukokuun 5. p\u00e4iv\u00e4n\u00e4 1970 Intian l\u00e4nsirannikolla Mumbain l\u00e4hell\u00e4 sijaitsevassa Nargolin merenrantakyl\u00e4ss\u00e4 tapahtui ainutlaatuinen tapahtuma: Sahasrara, limbisen alueen energiakeskus, avautui. T\u00e4m\u00e4n tapahtuman merkityst\u00e4 ei voi liikaa korostaa. Kaikki, mit\u00e4 Shri Matajin henkisess\u00e4 perinn\u00f6ss\u00e4 seurasi, juontaa juurensa tuosta tapahtumasta. Kuten t\u00e4rke\u00e4 tieteellinen l\u00f6yt\u00f6 tai kaunis taideteos, t\u00e4m\u00e4 ennenn\u00e4kem\u00e4t\u00f6n l\u00e4pimurto on heijastunut&hellip; Read more","og_url":"https:\/\/shrimataji.org\/test\/fi\/ratkaiseva-hetki\/","og_site_name":"TEST - SMND","article_publisher":"https:\/\/www.facebook.com\/shrimataji","article_modified_time":"2025-04-23T16:48:55+00:00","og_image":[{"width":2560,"height":905,"url":"https:\/\/shrimataji.org\/test\/wp-content\/uploads\/2023\/03\/11_Banner-PublicLife-PivotalMoment-scaled.jpg","type":"image\/jpeg"}],"twitter_card":"summary_large_image","twitter_site":"@shrimataji","twitter_misc":{"Est. reading time":"5 minutes"},"schema":{"@context":"https:\/\/schema.org","@graph":[{"@type":"WebPage","@id":"https:\/\/shrimataji.org\/test\/fi\/ratkaiseva-hetki\/","url":"https:\/\/shrimataji.org\/test\/fi\/ratkaiseva-hetki\/","name":"Ratkaiseva hetki - TEST - SMND","isPartOf":{"@id":"https:\/\/shrimataji.org\/test\/#website"},"primaryImageOfPage":{"@id":"https:\/\/shrimataji.org\/test\/fi\/ratkaiseva-hetki\/#primaryimage"},"image":{"@id":"https:\/\/shrimataji.org\/test\/fi\/ratkaiseva-hetki\/#primaryimage"},"thumbnailUrl":"https:\/\/shrimataji.org\/test\/wp-content\/uploads\/2023\/03\/11_Banner-PublicLife-PivotalMoment-scaled.jpg","datePublished":"2018-07-10T06:54:46+00:00","dateModified":"2025-04-23T16:48:55+00:00","breadcrumb":{"@id":"https:\/\/shrimataji.org\/test\/fi\/ratkaiseva-hetki\/#breadcrumb"},"inLanguage":"en-US","potentialAction":[{"@type":"ReadAction","target":["https:\/\/shrimataji.org\/test\/fi\/ratkaiseva-hetki\/"]}]},{"@type":"ImageObject","inLanguage":"en-US","@id":"https:\/\/shrimataji.org\/test\/fi\/ratkaiseva-hetki\/#primaryimage","url":"https:\/\/shrimataji.org\/test\/wp-content\/uploads\/2023\/03\/11_Banner-PublicLife-PivotalMoment-scaled.jpg","contentUrl":"https:\/\/shrimataji.org\/test\/wp-content\/uploads\/2023\/03\/11_Banner-PublicLife-PivotalMoment-scaled.jpg","width":2560,"height":905},{"@type":"BreadcrumbList","@id":"https:\/\/shrimataji.org\/test\/fi\/ratkaiseva-hetki\/#breadcrumb","itemListElement":[{"@type":"ListItem","position":1,"name":"Home","item":"https:\/\/shrimataji.org\/test\/uk\/home-en\/"},{"@type":"ListItem","position":2,"name":"Ratkaiseva hetki"}]},{"@type":"WebSite","@id":"https:\/\/shrimataji.org\/test\/#website","url":"https:\/\/shrimataji.org\/test\/","name":"Shri Mataji Nirmala Devi","description":"A Life Dedicated to Humanity","publisher":{"@id":"https:\/\/shrimataji.org\/test\/#\/schema\/person\/a1b3419c6585f164aa96da1ff85715d1"},"potentialAction":[{"@type":"SearchAction","target":{"@type":"EntryPoint","urlTemplate":"https:\/\/shrimataji.org\/test\/?s={search_term_string}"},"query-input":{"@type":"PropertyValueSpecification","valueRequired":true,"valueName":"search_term_string"}}],"inLanguage":"en-US"},{"@type":["Person","Organization"],"@id":"https:\/\/shrimataji.org\/test\/#\/schema\/person\/a1b3419c6585f164aa96da1ff85715d1","name":"Nirmala Shrivastava","image":{"@type":"ImageObject","inLanguage":"en-US","@id":"https:\/\/shrimataji.org\/test\/wp-content\/uploads\/2023\/02\/SMO_LOGO-03.svg","url":"https:\/\/shrimataji.org\/test\/wp-content\/uploads\/2023\/02\/SMO_LOGO-03.svg","contentUrl":"https:\/\/shrimataji.org\/test\/wp-content\/uploads\/2023\/02\/SMO_LOGO-03.svg","width":"1024","height":"1024","caption":"Nirmala Shrivastava"},"logo":{"@id":"https:\/\/shrimataji.org\/test\/wp-content\/uploads\/2023\/02\/SMO_LOGO-03.svg"},"sameAs":["https:\/\/shrimataji.org\/test","https:\/\/www.facebook.com\/shrimataji","https:\/\/x.com\/shrimataji","https:\/\/www.youtube.com\/@Shri_Mataji_Nirmala_Devi\/featured"]}]}},"lang":"fi","translations":{"fi":418},"pll_sync_post":[],"_links":{"self":[{"href":"https:\/\/shrimataji.org\/test\/wp-json\/wp\/v2\/pages\/418","targetHints":{"allow":["GET"]}}],"collection":[{"href":"https:\/\/shrimataji.org\/test\/wp-json\/wp\/v2\/pages"}],"about":[{"href":"https:\/\/shrimataji.org\/test\/wp-json\/wp\/v2\/types\/page"}],"author":[{"embeddable":true,"href":"https:\/\/shrimataji.org\/test\/wp-json\/wp\/v2\/users\/29"}],"replies":[{"embeddable":true,"href":"https:\/\/shrimataji.org\/test\/wp-json\/wp\/v2\/comments?post=418"}],"version-history":[{"count":0,"href":"https:\/\/shrimataji.org\/test\/wp-json\/wp\/v2\/pages\/418\/revisions"}],"wp:featuredmedia":[{"embeddable":true,"href":"https:\/\/shrimataji.org\/test\/wp-json\/wp\/v2\/media\/9516"}],"wp:attachment":[{"href":"https:\/\/shrimataji.org\/test\/wp-json\/wp\/v2\/media?parent=418"}],"curies":[{"name":"wp","href":"https:\/\/api.w.org\/{rel}","templated":true}]}}